{"id":13217,"date":"2024-10-18T10:29:16","date_gmt":"2024-10-18T08:29:16","guid":{"rendered":"https:\/\/agora.xtec.cat\/iestremp\/?page_id=13217"},"modified":"2026-03-06T13:34:51","modified_gmt":"2026-03-06T12:34:51","slug":"mobilitat-fp","status":"publish","type":"page","link":"https:\/\/agora.xtec.cat\/iestremp\/mobilitat-fp\/","title":{"rendered":"Mobilitat FP"},"content":{"rendered":"\n<p><strong>NOVETAT!  RESOLUCI\u00d3 D&#8217;ALUMNAT SELECCIONAT PER A LA MOBILITAT ERASMUS+: <\/strong><a href=\"https:\/\/agora.xtec.cat\/iestremp\/general\/resolucio-dalumnat-seleccionat-per-erasmus-25-26\/\" data-type=\"link\" data-id=\"https:\/\/agora.xtec.cat\/iestremp\/general\/resolucio-dalumnat-seleccionat-per-erasmus-25-26\/\">https:\/\/agora.xtec.cat\/iestremp\/general\/resolucio-dalumnat-seleccionat-per-erasmus-25-26\/<\/a><\/p>\n\n\n\n<p>L&#8217;Institut de Tremp est\u00e0 inscrit al programa de\u00a0Mobilitat FP amb l&#8217;objectiu de promoure intercanvis internacionals tant de cooperaci\u00f3 transnacional, projectes d\u2019iniciativa i programes comunitaris, estades en empresa internacionals\u00a0i estades formatives per alumnes i professors tant a nivell local, nacional com internacional.<\/p>\n\n\n\n<p>Podeu enlla\u00e7ar els v\u00eddeos promocionals de la web oficial&nbsp;<a href=\"https:\/\/projectes.xtec.cat\/mobilitatfp\/internacionalitzacio\/\" target=\"_blank\" rel=\"noreferrer noopener\">https:\/\/projectes.xtec.cat\/mobilitatfp\/internacionalitzacio\/<\/a><\/p>\n\n\n\n<p>El nostre centre participa, tamb\u00e9, en l&#8217;acci\u00f3 eTwinning. Aquesta \u00e9s una iniciativa de la Comissi\u00f3 Europea que permet col\u00b7laborar entre instituts d&#8217;Europa utilitzant les Tecnologies de la Informaci\u00f3 i la Comunicaci\u00f3 proporcionant la infraestructura necess\u00e0ria.<\/p>\n\n\n\n<p>Disposem d&#8217;una adre\u00e7a electr\u00f2nica de contacte per a totes les consultes relacionades amb la mobilitat en l&#8217;\u00e0mbit dels cicles formatius:&nbsp;<a href=\"mailto:mobilitatfp@iestremp.cat\" target=\"_blank\" rel=\"noreferrer noopener\">mobilitatfp@iestremp.cat<\/a><\/p>\n\n\n\n<p>Pel que fa a la convocat\u00f2ria per a la selecci\u00f3 d&#8217;alumnes interessats a realitzar pr\u00e0ctiques professionals a l&#8217;estranger dins del marc del programa Erasmus+ 2021-2027 teniu les bases i tota la informaci\u00f3 de la convocat\u00f2ria a la not\u00edcia de m\u00e9s avall &#8220;Convocat\u00f2ria 2025-26 ERASMUS+FP&#8221;<\/p>\n\n\n\n<hr class=\"wp-block-separator has-alpha-channel-opacity\"\/>\n\n\n\n<h2 class=\"wp-block-heading\"><strong>Not\u00edcies de Mobilitat FP<\/strong><\/h2>\n\n\n\n\t\t<div class=\"wp-block-getwid-recent-posts has-layout-grid has-cropped-images\">\n\t\t\t<div class=\"wp-block-getwid-recent-posts__wrapper getwid-columns getwid-columns-3\">\n\t\t\t\t\n<article id=\"post-14193\" class=\"wp-block-getwid-recent-posts__post\">\n    <div class=\"wp-block-getwid-recent-posts__post-wrapper\">\n                    <div class=\"wp-block-getwid-recent-posts__post-thumbnail\">\n                <a href=\"https:\/\/agora.xtec.cat\/iestremp\/general\/resolucio-dalumnat-seleccionat-per-erasmus-25-26\/\"><img loading=\"lazy\" decoding=\"async\" width=\"708\" height=\"393\" src=\"https:\/\/agora.xtec.cat\/iestremp\/wp-content\/uploads\/usu1880\/2025\/03\/58-e1741004856667.webp\" class=\"attachment-large size-large wp-post-image\" alt=\"Resoluci\u00f3 d\u2019alumnat seleccionat per Erasmus+ (25\/26)\" srcset=\"https:\/\/agora.xtec.cat\/iestremp\/wp-content\/uploads\/usu1880\/2025\/03\/58-e1741004856667.webp 708w, https:\/\/agora.xtec.cat\/iestremp\/wp-content\/uploads\/usu1880\/2025\/03\/58-e1741004856667-300x167.webp 300w\" sizes=\"auto, (max-width: 708px) 100vw, 708px\" \/><\/a>\n            <\/div>\n                            <div class=\"wp-block-getwid-recent-posts__content-wrapper\">\n                                    <header class=\"wp-block-getwid-recent-posts__entry-header\">\n                                                    <h3 class=\"wp-block-getwid-recent-posts__post-title\"><a href=\"https:\/\/agora.xtec.cat\/iestremp\/general\/resolucio-dalumnat-seleccionat-per-erasmus-25-26\/\">Resoluci\u00f3 d\u2019alumnat seleccionat per Erasmus+ (25\/26)<\/a><\/h3>                                                                            <div class=\"wp-block-getwid-recent-posts__entry-meta\">\n                                                                    <span class=\"wp-block-getwid-recent-posts__post-date\">\n                                        <time datetime=\"2026-03-06T13:26:07+01:00\"><a href=\"https:\/\/agora.xtec.cat\/iestremp\/2026\/03\/06\/\">06\/03\/2026<\/a><\/time>\n                                    <\/span>\n                                                            <\/div>\n                                            <\/header>\n                                \n                            <\/div>\n            <\/div>\n<\/article>\n\n<article id=\"post-13668\" class=\"wp-block-getwid-recent-posts__post\">\n    <div class=\"wp-block-getwid-recent-posts__post-wrapper\">\n                    <div class=\"wp-block-getwid-recent-posts__post-thumbnail\">\n                <a href=\"https:\/\/agora.xtec.cat\/iestremp\/general\/convocatoria-24-25-erasmus-fp\/\"><img loading=\"lazy\" decoding=\"async\" width=\"708\" height=\"393\" src=\"https:\/\/agora.xtec.cat\/iestremp\/wp-content\/uploads\/usu1880\/2025\/03\/58-e1741004856667.webp\" class=\"attachment-large size-large wp-post-image\" alt=\"Convocat\u00f2ria 2025-26 ERASMUS + FP\" srcset=\"https:\/\/agora.xtec.cat\/iestremp\/wp-content\/uploads\/usu1880\/2025\/03\/58-e1741004856667.webp 708w, https:\/\/agora.xtec.cat\/iestremp\/wp-content\/uploads\/usu1880\/2025\/03\/58-e1741004856667-300x167.webp 300w\" sizes=\"auto, (max-width: 708px) 100vw, 708px\" \/><\/a>\n            <\/div>\n                            <div class=\"wp-block-getwid-recent-posts__content-wrapper\">\n                                    <header class=\"wp-block-getwid-recent-posts__entry-header\">\n                                                    <h3 class=\"wp-block-getwid-recent-posts__post-title\"><a href=\"https:\/\/agora.xtec.cat\/iestremp\/general\/convocatoria-24-25-erasmus-fp\/\">Convocat\u00f2ria 2025-26 ERASMUS + FP<\/a><\/h3>                                                                            <div class=\"wp-block-getwid-recent-posts__entry-meta\">\n                                                                    <span class=\"wp-block-getwid-recent-posts__post-date\">\n                                        <time datetime=\"2025-11-18T12:42:10+01:00\"><a href=\"https:\/\/agora.xtec.cat\/iestremp\/2025\/11\/18\/\">18\/11\/2025<\/a><\/time>\n                                    <\/span>\n                                                            <\/div>\n                                            <\/header>\n                                \n                            <\/div>\n            <\/div>\n<\/article>\n\n<article id=\"post-13884\" class=\"wp-block-getwid-recent-posts__post\">\n    <div class=\"wp-block-getwid-recent-posts__post-wrapper\">\n                    <div class=\"wp-block-getwid-recent-posts__post-thumbnail\">\n                <a href=\"https:\/\/agora.xtec.cat\/iestremp\/mobilitat-fp\/visita-de-professors-erasmus\/\"><img loading=\"lazy\" decoding=\"async\" width=\"768\" height=\"1024\" src=\"https:\/\/agora.xtec.cat\/iestremp\/wp-content\/uploads\/usu1880\/2025\/05\/IMG_5820-768x1024.jpeg\" class=\"attachment-large size-large wp-post-image\" alt=\"Visita de professors Erasmus+\" srcset=\"https:\/\/agora.xtec.cat\/iestremp\/wp-content\/uploads\/usu1880\/2025\/05\/IMG_5820-768x1024.jpeg 768w, https:\/\/agora.xtec.cat\/iestremp\/wp-content\/uploads\/usu1880\/2025\/05\/IMG_5820-225x300.jpeg 225w, https:\/\/agora.xtec.cat\/iestremp\/wp-content\/uploads\/usu1880\/2025\/05\/IMG_5820-1152x1536.jpeg 1152w, https:\/\/agora.xtec.cat\/iestremp\/wp-content\/uploads\/usu1880\/2025\/05\/IMG_5820-1536x2048.jpeg 1536w, https:\/\/agora.xtec.cat\/iestremp\/wp-content\/uploads\/usu1880\/2025\/05\/IMG_5820-scaled.jpeg 1920w\" sizes=\"auto, (max-width: 768px) 100vw, 768px\" \/><\/a>\n            <\/div>\n                            <div class=\"wp-block-getwid-recent-posts__content-wrapper\">\n                                    <header class=\"wp-block-getwid-recent-posts__entry-header\">\n                                                    <h3 class=\"wp-block-getwid-recent-posts__post-title\"><a href=\"https:\/\/agora.xtec.cat\/iestremp\/mobilitat-fp\/visita-de-professors-erasmus\/\">Visita de professors Erasmus+<\/a><\/h3>                                                                            <div class=\"wp-block-getwid-recent-posts__entry-meta\">\n                                                                    <span class=\"wp-block-getwid-recent-posts__post-date\">\n                                        <time datetime=\"2025-05-26T19:03:24+02:00\"><a href=\"https:\/\/agora.xtec.cat\/iestremp\/2025\/05\/26\/\">26\/05\/2025<\/a><\/time>\n                                    <\/span>\n                                                            <\/div>\n                                            <\/header>\n                                \n                            <\/div>\n            <\/div>\n<\/article>\n\n<article id=\"post-13876\" class=\"wp-block-getwid-recent-posts__post\">\n    <div class=\"wp-block-getwid-recent-posts__post-wrapper\">\n                    <div class=\"wp-block-getwid-recent-posts__post-thumbnail\">\n                <a href=\"https:\/\/agora.xtec.cat\/iestremp\/mobilitat-fp\/novetats-en-mobilitat-fp\/\"><img loading=\"lazy\" decoding=\"async\" width=\"768\" height=\"1024\" src=\"https:\/\/agora.xtec.cat\/iestremp\/wp-content\/uploads\/usu1880\/2025\/05\/IMG_5252-768x1024.jpg\" class=\"attachment-large size-large wp-post-image\" alt=\"Novetats en Mobilitat FP\" srcset=\"https:\/\/agora.xtec.cat\/iestremp\/wp-content\/uploads\/usu1880\/2025\/05\/IMG_5252-768x1024.jpg 768w, https:\/\/agora.xtec.cat\/iestremp\/wp-content\/uploads\/usu1880\/2025\/05\/IMG_5252-225x300.jpg 225w, https:\/\/agora.xtec.cat\/iestremp\/wp-content\/uploads\/usu1880\/2025\/05\/IMG_5252-1152x1536.jpg 1152w, https:\/\/agora.xtec.cat\/iestremp\/wp-content\/uploads\/usu1880\/2025\/05\/IMG_5252-1536x2048.jpg 1536w, https:\/\/agora.xtec.cat\/iestremp\/wp-content\/uploads\/usu1880\/2025\/05\/IMG_5252-scaled.jpg 1920w\" sizes=\"auto, (max-width: 768px) 100vw, 768px\" \/><\/a>\n            <\/div>\n                            <div class=\"wp-block-getwid-recent-posts__content-wrapper\">\n                                    <header class=\"wp-block-getwid-recent-posts__entry-header\">\n                                                    <h3 class=\"wp-block-getwid-recent-posts__post-title\"><a href=\"https:\/\/agora.xtec.cat\/iestremp\/mobilitat-fp\/novetats-en-mobilitat-fp\/\">Novetats en Mobilitat FP<\/a><\/h3>                                                                            <div class=\"wp-block-getwid-recent-posts__entry-meta\">\n                                                                    <span class=\"wp-block-getwid-recent-posts__post-date\">\n                                        <time datetime=\"2025-05-26T18:54:59+02:00\"><a href=\"https:\/\/agora.xtec.cat\/iestremp\/2025\/05\/26\/\">26\/05\/2025<\/a><\/time>\n                                    <\/span>\n                                                            <\/div>\n                                            <\/header>\n                                \n                            <\/div>\n            <\/div>\n<\/article>\n\n<article id=\"post-13721\" class=\"wp-block-getwid-recent-posts__post\">\n    <div class=\"wp-block-getwid-recent-posts__post-wrapper\">\n                    <div class=\"wp-block-getwid-recent-posts__post-thumbnail\">\n                <a href=\"https:\/\/agora.xtec.cat\/iestremp\/mobilitat-fp\/resolucio-dalumnat-seleccionat-per-erasmus\/\"><img loading=\"lazy\" decoding=\"async\" width=\"708\" height=\"393\" src=\"https:\/\/agora.xtec.cat\/iestremp\/wp-content\/uploads\/usu1880\/2025\/03\/58-e1741004856667.webp\" class=\"attachment-large size-large wp-post-image\" alt=\"Resoluci\u00f3 d&#8217;alumnat seleccionat per Erasmus+\" srcset=\"https:\/\/agora.xtec.cat\/iestremp\/wp-content\/uploads\/usu1880\/2025\/03\/58-e1741004856667.webp 708w, https:\/\/agora.xtec.cat\/iestremp\/wp-content\/uploads\/usu1880\/2025\/03\/58-e1741004856667-300x167.webp 300w\" sizes=\"auto, (max-width: 708px) 100vw, 708px\" \/><\/a>\n            <\/div>\n                            <div class=\"wp-block-getwid-recent-posts__content-wrapper\">\n                                    <header class=\"wp-block-getwid-recent-posts__entry-header\">\n                                                    <h3 class=\"wp-block-getwid-recent-posts__post-title\"><a href=\"https:\/\/agora.xtec.cat\/iestremp\/mobilitat-fp\/resolucio-dalumnat-seleccionat-per-erasmus\/\">Resoluci\u00f3 d&#8217;alumnat seleccionat per Erasmus+<\/a><\/h3>                                                                            <div class=\"wp-block-getwid-recent-posts__entry-meta\">\n                                                                    <span class=\"wp-block-getwid-recent-posts__post-date\">\n                                        <time datetime=\"2025-03-24T10:59:49+01:00\"><a href=\"https:\/\/agora.xtec.cat\/iestremp\/2025\/03\/24\/\">24\/03\/2025<\/a><\/time>\n                                    <\/span>\n                                                            <\/div>\n                                            <\/header>\n                                \n                            <\/div>\n            <\/div>\n<\/article>\n\t\t\t<\/div>\n\t\t<\/div>\n\t\t","protected":false},"excerpt":{"rendered":"<p>NOVETAT! RESOLUCI\u00d3 D&#8217;ALUMNAT SELECCIONAT PER A LA MOBILITAT ERASMUS+: https:\/\/agora.xtec.cat\/iestremp\/general\/resolucio-dalumnat-seleccionat-per-erasmus-25-26\/ L&#8217;Institut de Tremp est\u00e0 inscrit al programa de\u00a0Mobilitat FP amb l&#8217;objectiu de promoure intercanvis internacionals tant de cooperaci\u00f3 transnacional, projectes d\u2019iniciativa i programes comunitaris, estades en empresa internacionals\u00a0i estades formatives per alumnes i professors tant a nivell local, nacional com internacional. Podeu enlla\u00e7ar els v\u00eddeos [&hellip;]<\/p>\n","protected":false},"author":5,"featured_media":0,"parent":0,"menu_order":5,"comment_status":"closed","ping_status":"close","template":"","meta":{"_bbp_topic_count":0,"_bbp_reply_count":0,"_bbp_total_topic_count":0,"_bbp_total_reply_count":0,"_bbp_voice_count":0,"_bbp_anonymous_reply_count":0,"_bbp_topic_count_hidden":0,"_bbp_reply_count_hidden":0,"_bbp_forum_subforum_count":0,"site-sidebar-layout":"default","site-content-layout":"","ast-site-content-layout":"default","site-content-style":"default","site-sidebar-style":"default","ast-global-header-display":"","ast-banner-title-visibility":"","ast-main-header-display":"","ast-hfb-above-header-display":"","ast-hfb-below-header-display":"","ast-hfb-mobile-header-display":"","site-post-title":"","ast-breadcrumbs-content":"","ast-featured-img":"","footer-sml-layout":"","theme-transparent-header-meta":"","adv-header-id-meta":"","stick-header-meta":"","header-above-stick-meta":"","header-main-stick-meta":"","header-below-stick-meta":"","astra-migrate-meta-layouts":"set","ast-page-background-enabled":"default","ast-page-background-meta":{"desktop":{"background-color":"var(--ast-global-color-4)","background-image":"","background-repeat":"repeat","background-position":"center center","background-size":"auto","background-attachment":"scroll","background-type":"","background-media":"","overlay-type":"","overlay-color":"","overlay-opacity":"","overlay-gradient":""},"tablet":{"background-color":"","background-image":"","background-repeat":"repeat","background-position":"center center","background-size":"auto","background-attachment":"scroll","background-type":"","background-media":"","overlay-type":"","overlay-color":"","overlay-opacity":"","overlay-gradient":""},"mobile":{"background-color":"","background-image":"","background-repeat":"repeat","background-position":"center center","background-size":"auto","background-attachment":"scroll","background-type":"","background-media":"","overlay-type":"","overlay-color":"","overlay-opacity":"","overlay-gradient":""}},"ast-content-background-meta":{"desktop":{"background-color":"var(--ast-global-color-5)","background-image":"","background-repeat":"repeat","background-position":"center center","background-size":"auto","background-attachment":"scroll","background-type":"","background-media":"","overlay-type":"","overlay-color":"","overlay-opacity":"","overlay-gradient":""},"tablet":{"background-color":"var(--ast-global-color-5)","background-image":"","background-repeat":"repeat","background-position":"center center","background-size":"auto","background-attachment":"scroll","background-type":"","background-media":"","overlay-type":"","overlay-color":"","overlay-opacity":"","overlay-gradient":""},"mobile":{"background-color":"var(--ast-global-color-5)","background-image":"","background-repeat":"repeat","background-position":"center center","background-size":"auto","background-attachment":"scroll","background-type":"","background-media":"","overlay-type":"","overlay-color":"","overlay-opacity":"","overlay-gradient":""}},"footnotes":""},"class_list":["post-13217","page","type-page","status-publish","hentry"],"post_mailing_queue_ids":[],"_links":{"self":[{"href":"https:\/\/agora.xtec.cat\/iestremp\/wp-json\/wp\/v2\/pages\/13217","targetHints":{"allow":["GET"]}}],"collection":[{"href":"https:\/\/agora.xtec.cat\/iestremp\/wp-json\/wp\/v2\/pages"}],"about":[{"href":"https:\/\/agora.xtec.cat\/iestremp\/wp-json\/wp\/v2\/types\/page"}],"author":[{"embeddable":true,"href":"https:\/\/agora.xtec.cat\/iestremp\/wp-json\/wp\/v2\/users\/5"}],"replies":[{"embeddable":true,"href":"https:\/\/agora.xtec.cat\/iestremp\/wp-json\/wp\/v2\/comments?post=13217"}],"version-history":[{"count":6,"href":"https:\/\/agora.xtec.cat\/iestremp\/wp-json\/wp\/v2\/pages\/13217\/revisions"}],"predecessor-version":[{"id":14196,"href":"https:\/\/agora.xtec.cat\/iestremp\/wp-json\/wp\/v2\/pages\/13217\/revisions\/14196"}],"wp:attachment":[{"href":"https:\/\/agora.xtec.cat\/iestremp\/wp-json\/wp\/v2\/media?parent=13217"}],"curies":[{"name":"wp","href":"https:\/\/api.w.org\/{rel}","templated":true}]}}