{"id":13214,"date":"2024-10-18T10:22:26","date_gmt":"2024-10-18T08:22:26","guid":{"rendered":"https:\/\/agora.xtec.cat\/iestremp\/?page_id=13214"},"modified":"2024-10-18T10:36:18","modified_gmt":"2024-10-18T08:36:18","slug":"integra-fp","status":"publish","type":"page","link":"https:\/\/agora.xtec.cat\/iestremp\/projecte-educatiu\/programes-innovadors-fp\/integra-fp\/","title":{"rendered":"Integra FP"},"content":{"rendered":"\n<p>Aquest curs 2024-2025 executarem un m\u00f2dul del certificat professional\u00a0<strong>ENAE 108 &#8211; Muntatge mec\u00e0nic en instal\u00b7lacions solars fotovoltaiques.<\/strong><\/p>\n\n\n\n<p>Amb aquest m\u00f2dul els alumnes que ja hagin cursat\u00a0 o b\u00e9 que l&#8217;estiguin cursant el\u00a0<strong>CFGM<\/strong>\u00a0Instal\u00b7lacions el\u00e8ctriques i autom\u00e0tiques podr\u00e0 obtenir un certificat complet en\u00a0<strong>Muntatge mec\u00e0nic en instal\u00b7lacions solars fotovoltaiques<\/strong>.<\/p>\n\n\n\n<p>Concretament el m\u00f2dul que executarem \u00e9s:<\/p>\n\n\n\n<figure class=\"wp-block-table\"><table><tbody><tr><td>MF0835_2: Replantejament d\u2019instal\u00b7lacions solars fotovoltaiques&nbsp; &nbsp;<\/td><td>150<\/td><td>2<\/td><\/tr><tr><td>UF UF0149: Electrot\u00e8cnia<\/td><td>90<\/td><td>2<\/td><\/tr><tr><td>UF UF0150: Replantejament i funcionament de les instal\u00b7lacions solars fotovoltaiques<\/td><td>60<\/td><td>2<\/td><\/tr><\/tbody><\/table><\/figure>\n\n\n\n<p>Aquest m\u00f2dul s&#8217;iniciar\u00e0 al febrer del 2025 a l&#8217;Institut de Tremp en horari de tarda. <\/p>\n\n\n\n<p><\/p>\n","protected":false},"excerpt":{"rendered":"<p>Aquest curs 2024-2025 executarem un m\u00f2dul del certificat professional\u00a0ENAE 108 &#8211; Muntatge mec\u00e0nic en instal\u00b7lacions solars fotovoltaiques. Amb aquest m\u00f2dul els alumnes que ja hagin cursat\u00a0 o b\u00e9 que l&#8217;estiguin cursant el\u00a0CFGM\u00a0Instal\u00b7lacions el\u00e8ctriques i autom\u00e0tiques podr\u00e0 obtenir un certificat complet en\u00a0Muntatge mec\u00e0nic en instal\u00b7lacions solars fotovoltaiques. Concretament el m\u00f2dul que executarem \u00e9s: MF0835_2: Replantejament d\u2019instal\u00b7lacions [&hellip;]<\/p>\n","protected":false},"author":5,"featured_media":0,"parent":13122,"menu_order":2,"comment_status":"closed","ping_status":"closed","template":"page-templates\/side-menu.php","meta":{"_bbp_topic_count":0,"_bbp_reply_count":0,"_bbp_total_topic_count":0,"_bbp_total_reply_count":0,"_bbp_voice_count":0,"_bbp_anonymous_reply_count":0,"_bbp_topic_count_hidden":0,"_bbp_reply_count_hidden":0,"_bbp_forum_subforum_count":0,"site-sidebar-layout":"default","site-content-layout":"","ast-site-content-layout":"","site-content-style":"default","site-sidebar-style":"default","ast-global-header-display":"","ast-banner-title-visibility":"","ast-main-header-display":"","ast-hfb-above-header-display":"","ast-hfb-below-header-display":"","ast-hfb-mobile-header-display":"","site-post-title":"","ast-breadcrumbs-content":"","ast-featured-img":"","footer-sml-layout":"","theme-transparent-header-meta":"","adv-header-id-meta":"","stick-header-meta":"","header-above-stick-meta":"","header-main-stick-meta":"","header-below-stick-meta":"","astra-migrate-meta-layouts":"default","ast-page-background-enabled":"default","ast-page-background-meta":{"desktop":{"background-color":"var(--ast-global-color-4)","background-image":"","background-repeat":"repeat","background-position":"center center","background-size":"auto","background-attachment":"scroll","background-type":"","background-media":"","overlay-type":"","overlay-color":"","overlay-opacity":"","overlay-gradient":""},"tablet":{"background-color":"","background-image":"","background-repeat":"repeat","background-position":"center center","background-size":"auto","background-attachment":"scroll","background-type":"","background-media":"","overlay-type":"","overlay-color":"","overlay-opacity":"","overlay-gradient":""},"mobile":{"background-color":"","background-image":"","background-repeat":"repeat","background-position":"center center","background-size":"auto","background-attachment":"scroll","background-type":"","background-media":"","overlay-type":"","overlay-color":"","overlay-opacity":"","overlay-gradient":""}},"ast-content-background-meta":{"desktop":{"background-color":"var(--ast-global-color-5)","background-image":"","background-repeat":"repeat","background-position":"center center","background-size":"auto","background-attachment":"scroll","background-type":"","background-media":"","overlay-type":"","overlay-color":"","overlay-opacity":"","overlay-gradient":""},"tablet":{"background-color":"var(--ast-global-color-5)","background-image":"","background-repeat":"repeat","background-position":"center center","background-size":"auto","background-attachment":"scroll","background-type":"","background-media":"","overlay-type":"","overlay-color":"","overlay-opacity":"","overlay-gradient":""},"mobile":{"background-color":"var(--ast-global-color-5)","background-image":"","background-repeat":"repeat","background-position":"center center","background-size":"auto","background-attachment":"scroll","background-type":"","background-media":"","overlay-type":"","overlay-color":"","overlay-opacity":"","overlay-gradient":""}},"footnotes":""},"class_list":["post-13214","page","type-page","status-publish","hentry"],"post_mailing_queue_ids":[],"_links":{"self":[{"href":"https:\/\/agora.xtec.cat\/iestremp\/wp-json\/wp\/v2\/pages\/13214","targetHints":{"allow":["GET"]}}],"collection":[{"href":"https:\/\/agora.xtec.cat\/iestremp\/wp-json\/wp\/v2\/pages"}],"about":[{"href":"https:\/\/agora.xtec.cat\/iestremp\/wp-json\/wp\/v2\/types\/page"}],"author":[{"embeddable":true,"href":"https:\/\/agora.xtec.cat\/iestremp\/wp-json\/wp\/v2\/users\/5"}],"replies":[{"embeddable":true,"href":"https:\/\/agora.xtec.cat\/iestremp\/wp-json\/wp\/v2\/comments?post=13214"}],"version-history":[{"count":3,"href":"https:\/\/agora.xtec.cat\/iestremp\/wp-json\/wp\/v2\/pages\/13214\/revisions"}],"predecessor-version":[{"id":13222,"href":"https:\/\/agora.xtec.cat\/iestremp\/wp-json\/wp\/v2\/pages\/13214\/revisions\/13222"}],"up":[{"embeddable":true,"href":"https:\/\/agora.xtec.cat\/iestremp\/wp-json\/wp\/v2\/pages\/13122"}],"wp:attachment":[{"href":"https:\/\/agora.xtec.cat\/iestremp\/wp-json\/wp\/v2\/media?parent=13214"}],"curies":[{"name":"wp","href":"https:\/\/api.w.org\/{rel}","templated":true}]}}