{"id":12630,"date":"2024-02-02T12:52:15","date_gmt":"2024-02-02T11:52:15","guid":{"rendered":"https:\/\/agora.xtec.cat\/iestremp\/?page_id=12630"},"modified":"2024-10-04T10:04:08","modified_gmt":"2024-10-04T08:04:08","slug":"generacio-plurilingue-gep","status":"publish","type":"page","link":"https:\/\/agora.xtec.cat\/iestremp\/projecte-educatiu\/generacio-plurilingue-gep\/","title":{"rendered":"Generaci\u00f3 Pluriling\u00fce (GEP)"},"content":{"rendered":"<p><span style=\"font-weight: 400;\">Generaci\u00f3 Pluriling\u00fce (GEP) \u00e9s un programa d\u2019innovaci\u00f3 pedag\u00f2gica del Departament d\u2019Educaci\u00f3. La finalitat d\u2019aquest programa \u00e9s millorar la compet\u00e8ncia en lleng\u00fces estrangeres de l\u2019alumnat, afavorint el seu creixement acad\u00e8mic i posterior inserci\u00f3 laboral, i capacitant-lo per interactuar amb el m\u00f3n en diverses lleng\u00fces i de manera cr\u00edtica.<\/span><\/p>\n<p><span style=\"font-weight: 400;\">L\u2019institut de Tremp va entrar en aquest projecte el curs 2023-24. En el nostre cas, el projecte est\u00e0 centrat en la llengua anglesa i l\u2019alumnat d\u2019ESO i Batxillerat amb la projecci\u00f3 d\u2019incloure\u2019l a la resta d\u2019ensenyaments del centre (Cicles formatius i PFI) els propers cursos.\u00a0<\/span><\/p>\n<p><span style=\"font-weight: 400;\">El programa t\u00e9 una durada de 3 cursos acad\u00e8mics amb la finalitat que un cop acabat el programa aquesta metodologia de treball formi part de la l\u00ednia pedag\u00f2gica de centre.<\/span><\/p>\n<p><a href=\"https:\/\/projectes.xtec.cat\/gep\/?_ga=2.239635968.2069177969.1707999522-1930543363.1637225393\"><span style=\"font-weight: 400;\">Nodes GEP<\/span><\/a><\/p>\n<p><span style=\"font-weight: 400;\">Des del curs 2023-24 el grup impulsor est\u00e0 elaborant un pla d\u2019acci\u00f3 que t\u00e9 com a objectius:<\/span><\/p>\n<ul>\n<li style=\"font-weight: 400;\" aria-level=\"1\"><span style=\"font-weight: 400;\">millorar la compet\u00e8ncia comunicativa en llengua estrangera del l\u2019alumnat<\/span><\/li>\n<li style=\"font-weight: 400;\" aria-level=\"1\"><span style=\"font-weight: 400;\">incorporar en la doc\u00e8ncia estrat\u00e8gies AICLE (Aprenentatge Integrat de Continguts i Lleng\u00fces Estrangeres) i d\u2019aprenentatge basat en projectes<\/span><\/li>\n<li style=\"font-weight: 400;\" aria-level=\"1\"><span style=\"font-weight: 400;\">ampliar el n\u00famero de docents que implementen activitats AICLE a la seva mat\u00e8ria<\/span><\/li>\n<li style=\"font-weight: 400;\" aria-level=\"1\"><span style=\"font-weight: 400;\">crear un banc de recursos AICLE<\/span><\/li>\n<li style=\"font-weight: 400;\" aria-level=\"1\"><span style=\"font-weight: 400;\">difondre les actuacions i els resultats a tota la comunitat educativa<\/span><\/li>\n<\/ul>\n<p><span style=\"font-weight: 400;\">Alguns membres del grup impulsor estan cursant una formaci\u00f3 AICLE que finalitzaran durant aquest curs. Paral\u00b7lelament, ja s\u2019estan implementant algunes activitats i projectes centrats en la introducci\u00f3 de l\u2019angl\u00e8s a l\u2019aula com a llengua d\u2019aprenentatge.<\/span><\/p>\n<p><span style=\"font-weight: 400;\">Durant el curs 2023-24 es va desenvolupar el <\/span><b>Projecte: &#8220;Performing a sustainable menu<\/b><span style=\"font-weight: 400;\">&#8221; de forma interdisciplin\u00e0ria des de les mat\u00e8ries de ci\u00e8ncies socials, matem\u00e0tiques i m\u00fasica. El projecte va consistir en:<\/span><\/p>\n<ol>\n<li style=\"font-weight: 400;\" aria-level=\"1\"><span style=\"font-weight: 400;\">L\u2019elaboraci\u00f3 de la recepta d\u2019un men\u00fa sostenible i saludable.<\/span><\/li>\n<li style=\"font-weight: 400;\" aria-level=\"1\"><span style=\"font-weight: 400;\">Enregistrament d\u2019un v\u00eddeo en angl\u00e8s sobre el proc\u00e9s culinari de la recepta.<\/span><\/li>\n<li style=\"font-weight: 400;\" aria-level=\"1\"><span style=\"font-weight: 400;\">Treball de l\u2019estad\u00edstica en el malbaratament alimentari.<\/span><\/li>\n<li style=\"font-weight: 400;\" aria-level=\"1\"><span style=\"font-weight: 400;\">Creaci\u00f3 musical aleat\u00f2ria i interpretaci\u00f3 basada en el plat preparat.<\/span><\/li>\n<\/ol>\n<p><span style=\"font-weight: 400;\">Evid\u00e8ncies:\u00a0<\/span><\/p>\n<div style=\"width: 640px;\" class=\"wp-video\"><!--[if lt IE 9]><script>document.createElement('video');<\/script><![endif]-->\n<video class=\"wp-video-shortcode\" id=\"video-12630-1\" width=\"640\" height=\"480\" preload=\"metadata\" controls=\"controls\"><source type=\"video\/mp4\" src=\"https:\/\/agora.xtec.cat\/iestremp\/wp-content\/uploads\/usu1880\/2024\/09\/VID-20240313-WA00372-1.mp4?_=1\" \/><a href=\"https:\/\/agora.xtec.cat\/iestremp\/wp-content\/uploads\/usu1880\/2024\/09\/VID-20240313-WA00372-1.mp4\">https:\/\/agora.xtec.cat\/iestremp\/wp-content\/uploads\/usu1880\/2024\/09\/VID-20240313-WA00372-1.mp4<\/a><\/video><\/div>\n<p><a href=\"https:\/\/agora.xtec.cat\/iestremp\/generacio-plurilingue-gep\/attachment\/imatge-1-2\/\" rel=\"attachment wp-att-13067\"><img loading=\"lazy\" decoding=\"async\" class=\"alignnone size-full wp-image-13067\" src=\"https:\/\/agora.xtec.cat\/iestremp\/wp-content\/uploads\/usu1880\/2024\/09\/Imatge-1.png\" alt=\"\" width=\"898\" height=\"900\" srcset=\"https:\/\/agora.xtec.cat\/iestremp\/wp-content\/uploads\/usu1880\/2024\/09\/Imatge-1.png 898w, https:\/\/agora.xtec.cat\/iestremp\/wp-content\/uploads\/usu1880\/2024\/09\/Imatge-1-300x300.png 300w, https:\/\/agora.xtec.cat\/iestremp\/wp-content\/uploads\/usu1880\/2024\/09\/Imatge-1-150x150.png 150w, https:\/\/agora.xtec.cat\/iestremp\/wp-content\/uploads\/usu1880\/2024\/09\/Imatge-1-768x770.png 768w\" sizes=\"auto, (max-width: 898px) 100vw, 898px\" \/><\/a><\/p>\n<p><a href=\"https:\/\/agora.xtec.cat\/iestremp\/generacio-plurilingue-gep\/attachment\/imatge-2-2\/\" rel=\"attachment wp-att-13068\"><img loading=\"lazy\" decoding=\"async\" class=\"alignnone size-full wp-image-13068\" src=\"https:\/\/agora.xtec.cat\/iestremp\/wp-content\/uploads\/usu1880\/2024\/09\/Imatge-2.png\" alt=\"\" width=\"900\" height=\"897\" srcset=\"https:\/\/agora.xtec.cat\/iestremp\/wp-content\/uploads\/usu1880\/2024\/09\/Imatge-2.png 900w, https:\/\/agora.xtec.cat\/iestremp\/wp-content\/uploads\/usu1880\/2024\/09\/Imatge-2-300x300.png 300w, https:\/\/agora.xtec.cat\/iestremp\/wp-content\/uploads\/usu1880\/2024\/09\/Imatge-2-150x150.png 150w, https:\/\/agora.xtec.cat\/iestremp\/wp-content\/uploads\/usu1880\/2024\/09\/Imatge-2-768x765.png 768w\" sizes=\"auto, (max-width: 900px) 100vw, 900px\" \/><\/a><\/p>\n<p><a href=\"https:\/\/agora.xtec.cat\/iestremp\/generacio-plurilingue-gep\/attachment\/imatge-5\/\" rel=\"attachment wp-att-13069\"><img loading=\"lazy\" decoding=\"async\" class=\"alignnone size-full wp-image-13069\" src=\"https:\/\/agora.xtec.cat\/iestremp\/wp-content\/uploads\/usu1880\/2024\/09\/Imatge-5.jpg\" alt=\"\" width=\"621\" height=\"874\" srcset=\"https:\/\/agora.xtec.cat\/iestremp\/wp-content\/uploads\/usu1880\/2024\/09\/Imatge-5.jpg 621w, https:\/\/agora.xtec.cat\/iestremp\/wp-content\/uploads\/usu1880\/2024\/09\/Imatge-5-213x300.jpg 213w\" sizes=\"auto, (max-width: 621px) 100vw, 621px\" \/><\/a><\/p>\n<p><a href=\"https:\/\/agora.xtec.cat\/iestremp\/generacio-plurilingue-gep\/attachment\/imatge-6\/\" rel=\"attachment wp-att-13070\"><img loading=\"lazy\" decoding=\"async\" class=\"alignnone size-full wp-image-13070\" src=\"https:\/\/agora.xtec.cat\/iestremp\/wp-content\/uploads\/usu1880\/2024\/09\/Imatge-6.jpg\" alt=\"\" width=\"621\" height=\"874\" srcset=\"https:\/\/agora.xtec.cat\/iestremp\/wp-content\/uploads\/usu1880\/2024\/09\/Imatge-6.jpg 621w, https:\/\/agora.xtec.cat\/iestremp\/wp-content\/uploads\/usu1880\/2024\/09\/Imatge-6-213x300.jpg 213w\" sizes=\"auto, (max-width: 621px) 100vw, 621px\" \/><\/a><\/p>\n<p><a href=\"https:\/\/agora.xtec.cat\/iestremp\/generacio-plurilingue-gep\/attachment\/imatge-7\/\" rel=\"attachment wp-att-13071\"><img loading=\"lazy\" decoding=\"async\" class=\"alignnone size-full wp-image-13071\" src=\"https:\/\/agora.xtec.cat\/iestremp\/wp-content\/uploads\/usu1880\/2024\/09\/Imatge-7.jpg\" alt=\"\" width=\"621\" height=\"874\" srcset=\"https:\/\/agora.xtec.cat\/iestremp\/wp-content\/uploads\/usu1880\/2024\/09\/Imatge-7.jpg 621w, https:\/\/agora.xtec.cat\/iestremp\/wp-content\/uploads\/usu1880\/2024\/09\/Imatge-7-213x300.jpg 213w\" sizes=\"auto, (max-width: 621px) 100vw, 621px\" \/><\/a><\/p>\n<p><a href=\"https:\/\/agora.xtec.cat\/iestremp\/generacio-plurilingue-gep\/attachment\/imatge-8\/\" rel=\"attachment wp-att-13072\"><img loading=\"lazy\" decoding=\"async\" class=\"alignnone size-full wp-image-13072\" src=\"https:\/\/agora.xtec.cat\/iestremp\/wp-content\/uploads\/usu1880\/2024\/09\/Imatge-8.jpg\" alt=\"\" width=\"621\" height=\"874\" srcset=\"https:\/\/agora.xtec.cat\/iestremp\/wp-content\/uploads\/usu1880\/2024\/09\/Imatge-8.jpg 621w, https:\/\/agora.xtec.cat\/iestremp\/wp-content\/uploads\/usu1880\/2024\/09\/Imatge-8-213x300.jpg 213w\" sizes=\"auto, (max-width: 621px) 100vw, 621px\" \/><\/a><\/p>\n<p><a href=\"https:\/\/agora.xtec.cat\/iestremp\/generacio-plurilingue-gep\/attachment\/imatge-11\/\" rel=\"attachment wp-att-13073\"><img loading=\"lazy\" decoding=\"async\" class=\"alignnone size-full wp-image-13073\" src=\"https:\/\/agora.xtec.cat\/iestremp\/wp-content\/uploads\/usu1880\/2024\/09\/IMatge-11.png\" alt=\"\" width=\"1535\" height=\"905\" srcset=\"https:\/\/agora.xtec.cat\/iestremp\/wp-content\/uploads\/usu1880\/2024\/09\/IMatge-11.png 1535w, https:\/\/agora.xtec.cat\/iestremp\/wp-content\/uploads\/usu1880\/2024\/09\/IMatge-11-300x177.png 300w, https:\/\/agora.xtec.cat\/iestremp\/wp-content\/uploads\/usu1880\/2024\/09\/IMatge-11-1024x604.png 1024w, https:\/\/agora.xtec.cat\/iestremp\/wp-content\/uploads\/usu1880\/2024\/09\/IMatge-11-768x453.png 768w\" sizes=\"auto, (max-width: 1535px) 100vw, 1535px\" \/><\/a><\/p>\n","protected":false},"excerpt":{"rendered":"<p>Generaci\u00f3 Pluriling\u00fce (GEP) \u00e9s un programa d\u2019innovaci\u00f3 pedag\u00f2gica del Departament d\u2019Educaci\u00f3. La finalitat d\u2019aquest programa \u00e9s millorar la compet\u00e8ncia en lleng\u00fces estrangeres de l\u2019alumnat, afavorint el seu creixement acad\u00e8mic i posterior inserci\u00f3 laboral, i capacitant-lo per interactuar amb el m\u00f3n en diverses lleng\u00fces i de manera cr\u00edtica. L\u2019institut de Tremp va entrar en aquest projecte [&hellip;]<\/p>\n","protected":false},"author":4,"featured_media":0,"parent":57,"menu_order":1,"comment_status":"closed","ping_status":"closed","template":"page-templates\/side-menu.php","meta":{"_bbp_topic_count":0,"_bbp_reply_count":0,"_bbp_total_topic_count":0,"_bbp_total_reply_count":0,"_bbp_voice_count":0,"_bbp_anonymous_reply_count":0,"_bbp_topic_count_hidden":0,"_bbp_reply_count_hidden":0,"_bbp_forum_subforum_count":0,"site-sidebar-layout":"default","site-content-layout":"","ast-site-content-layout":"","site-content-style":"default","site-sidebar-style":"default","ast-global-header-display":"","ast-banner-title-visibility":"","ast-main-header-display":"","ast-hfb-above-header-display":"","ast-hfb-below-header-display":"","ast-hfb-mobile-header-display":"","site-post-title":"","ast-breadcrumbs-content":"","ast-featured-img":"","footer-sml-layout":"","theme-transparent-header-meta":"","adv-header-id-meta":"","stick-header-meta":"","header-above-stick-meta":"","header-main-stick-meta":"","header-below-stick-meta":"","astra-migrate-meta-layouts":"default","ast-page-background-enabled":"default","ast-page-background-meta":{"desktop":{"background-color":"var(--ast-global-color-4)","background-image":"","background-repeat":"repeat","background-position":"center center","background-size":"auto","background-attachment":"scroll","background-type":"","background-media":"","overlay-type":"","overlay-color":"","overlay-opacity":"","overlay-gradient":""},"tablet":{"background-color":"","background-image":"","background-repeat":"repeat","background-position":"center center","background-size":"auto","background-attachment":"scroll","background-type":"","background-media":"","overlay-type":"","overlay-color":"","overlay-opacity":"","overlay-gradient":""},"mobile":{"background-color":"","background-image":"","background-repeat":"repeat","background-position":"center center","background-size":"auto","background-attachment":"scroll","background-type":"","background-media":"","overlay-type":"","overlay-color":"","overlay-opacity":"","overlay-gradient":""}},"ast-content-background-meta":{"desktop":{"background-color":"var(--ast-global-color-5)","background-image":"","background-repeat":"repeat","background-position":"center center","background-size":"auto","background-attachment":"scroll","background-type":"","background-media":"","overlay-type":"","overlay-color":"","overlay-opacity":"","overlay-gradient":""},"tablet":{"background-color":"var(--ast-global-color-5)","background-image":"","background-repeat":"repeat","background-position":"center center","background-size":"auto","background-attachment":"scroll","background-type":"","background-media":"","overlay-type":"","overlay-color":"","overlay-opacity":"","overlay-gradient":""},"mobile":{"background-color":"var(--ast-global-color-5)","background-image":"","background-repeat":"repeat","background-position":"center center","background-size":"auto","background-attachment":"scroll","background-type":"","background-media":"","overlay-type":"","overlay-color":"","overlay-opacity":"","overlay-gradient":""}},"footnotes":""},"class_list":["post-12630","page","type-page","status-publish","hentry"],"post_mailing_queue_ids":[],"_links":{"self":[{"href":"https:\/\/agora.xtec.cat\/iestremp\/wp-json\/wp\/v2\/pages\/12630","targetHints":{"allow":["GET"]}}],"collection":[{"href":"https:\/\/agora.xtec.cat\/iestremp\/wp-json\/wp\/v2\/pages"}],"about":[{"href":"https:\/\/agora.xtec.cat\/iestremp\/wp-json\/wp\/v2\/types\/page"}],"author":[{"embeddable":true,"href":"https:\/\/agora.xtec.cat\/iestremp\/wp-json\/wp\/v2\/users\/4"}],"replies":[{"embeddable":true,"href":"https:\/\/agora.xtec.cat\/iestremp\/wp-json\/wp\/v2\/comments?post=12630"}],"version-history":[{"count":6,"href":"https:\/\/agora.xtec.cat\/iestremp\/wp-json\/wp\/v2\/pages\/12630\/revisions"}],"predecessor-version":[{"id":13080,"href":"https:\/\/agora.xtec.cat\/iestremp\/wp-json\/wp\/v2\/pages\/12630\/revisions\/13080"}],"up":[{"embeddable":true,"href":"https:\/\/agora.xtec.cat\/iestremp\/wp-json\/wp\/v2\/pages\/57"}],"wp:attachment":[{"href":"https:\/\/agora.xtec.cat\/iestremp\/wp-json\/wp\/v2\/media?parent=12630"}],"curies":[{"name":"wp","href":"https:\/\/api.w.org\/{rel}","templated":true}]}}