{"id":9031,"date":"2023-02-25T08:16:01","date_gmt":"2023-02-25T07:16:01","guid":{"rendered":"https:\/\/agora.xtec.cat\/iestorreroja\/?page_id=9031"},"modified":"2025-05-07T15:28:11","modified_gmt":"2025-05-07T13:28:11","slug":"cfgs-marqueting-i-publicitat","status":"publish","type":"page","link":"https:\/\/agora.xtec.cat\/iestorreroja\/estudis\/fp\/cicles-formatius-de-grau-superior-cfgs\/cfgs-marqueting-i-publicitat\/","title":{"rendered":"CFGS M\u00e0rqueting i Publicitat"},"content":{"rendered":"<p>La compet\u00e8ncia general d&#8217;aquest t\u00edtol consisteix en definir i efectuar el seguiment de les pol\u00edtiques de m\u00e0rqueting basades en estudis comercials i en promocionar i fer publicitat dels productes i\/o serveis en els mitjans i suports de comunicaci\u00f3 adequats, elaborant els materials publipromocionals necessaris.<\/p>\n<p><strong><u>Informaci\u00f3 general:<\/u><\/strong><\/p>\n<ul class=\"A\">\n<li>Durada del Cicle Formatiu:. Dos cursos<\/li>\n<li>Formaci\u00f3 en Centres de Treball: 416 hores. (pr\u00e0ctiques en empreses que t&#8217;ajudaran\u00a0 a accedir al m\u00f3n laboral)<\/li>\n<li>Horari: tardes de 14:45h a 21:10h i divendres de 14:45 a 17:45h<\/li>\n<li><strong>Modalitat DUAL<\/strong><\/li>\n<\/ul>\n<p style=\"font-size: 125%;\"><strong><u>Compet\u00e8ncies professionals:<\/u><\/strong><\/p>\n<ul>\n<li>Realitzar les gestions necess\u00e0ries per a la constituci\u00f3 i posada en marxa d\u2019una empresa comercial, planificant i gestionant l\u2019obtenci\u00f3 dels recursos financers necessaris que procurin la rendibilitat econ\u00f2mica i financera de l\u2019empresa.<\/li>\n<li>Assistir en l\u2019elaboraci\u00f3 i seguiment de les pol\u00edtiques i plans de m\u00e0rqueting, analitzant les variables del m\u00e0rqueting mix per aconseguir els objectius comercials definits per l\u2019empresa.<\/li>\n<li>Planificar i desenvolupar accions de m\u00e0rqueting digital, gestionant p\u00e0gines web i sistemes de comunicaci\u00f3 a trav\u00e9s d\u2019internet, per assolir els objectius de m\u00e0rqueting de la pol\u00edtica de comer\u00e7 electr\u00f2nic de l\u2019empresa.<\/li>\n<li>Obtenir, analitzar i organitzar informaci\u00f3 fiable dels mercats, aplicant t\u00e8cniques estad\u00edstiques i establir un sistema d\u2019informaci\u00f3 de mercats (SIM) efica\u00e7, que serveixi de suport en la definici\u00f3 d\u2019estrat\u00e8gies comercials i en la presa de decisions de m\u00e0rqueting.<\/li>\n<li>Organitzar grups d\u2019enquestadors i\/o entrevistadors i realitzar enquestes i\/o entrevistes, planificant el treball de camp i utilitzant les t\u00e8cniques i procediments establerts, per acomplir els objectius fixats en el pla d\u2019investigaci\u00f3 comercial.<\/li>\n<li>Dissenyar la pol\u00edtica de relacions p\u00fabliques de l\u2019empresa i organitzar i gestionar esdeveniments de m\u00e0rqueting i comunicaci\u00f3, interpretant el br\u00edfing, contractant prove\u00efdors, actors i agents, assistint, dirigint i supervisant els esdeveniments, per acomplir amb l\u2019establert en la pol\u00edtica de comunicaci\u00f3 del pla de m\u00e0rqueting.<\/li>\n<li>Gestionar els serveis d\u2019atenci\u00f3 i informaci\u00f3 al client i de queixes i reclamacions del client, consumidor i usuari, donant un servei de qualitat per assolir la satisfacci\u00f3 plena del client i la transmissi\u00f3 d\u2019una bona imatge de l\u2019empresa i l\u2019organitzaci\u00f3.<\/li>\n<li>Elaborar el pla de mitjans publicitaris de l\u2019empresa, combinant-los adequadament, i realitzar-ne el control per assolir-ne l\u2019execuci\u00f3 i efic\u00e0cia.<\/li>\n<li>Gestionar el llan\u00e7ament i implantaci\u00f3 de productes i\/o serveis en el mercat, aplicant les estrat\u00e8gies de m\u00e0rqueting i les accions promocionals adequades, d\u2019acord amb l\u2019establert en el pla de m\u00e0rqueting de l\u2019empresa o organitzaci\u00f3.<\/li>\n<li>Elaborar materials publipromocionals i informatius, respectant la normativa vigent en mat\u00e8ria de publicitat i utilitzant t\u00e8cniques i aplicacions inform\u00e0tiques d\u2019edici\u00f3 i disseny en diversos suports, per difondre\u2019ls segons els plans programats.<\/li>\n<li>Comunicar-se en angl\u00e8s amb flu\u00efdesa, tant de paraula com per escrit, amb tots els operadors i organismes que intervenen en les operacions comercials.<\/li>\n<li>Adaptar-se a les noves situacions laborals, mantenint actualitzats els coneixements cient\u00edfics, t\u00e8cnics i tecnol\u00f2gics relatius al seu entorn professional, gestionant la seva formaci\u00f3 i els recursos existents en l\u2019aprenentatge al llarg de la vida i utilitzant les tecnologies de la informaci\u00f3 i la comunicaci\u00f3.<\/li>\n<li>Resoldre situacions, problemes i conting\u00e8ncies amb iniciativa i autonomia en l\u2019\u00e0mbit de la seva compet\u00e8ncia, amb creativitat, innovaci\u00f3 i esperit de millora en el treball personal i en el dels membres de l\u2019equip.<\/li>\n<li>Organitzar i coordinar equips de treball amb responsabilitat, supervisant-ne el desenvolupament, mantenint relacions flu\u00efdes i assumint el lideratge, aix\u00ed com aportant solucions als conflictes grupals que es presentin.<\/li>\n<li>Comunicar-se amb els iguals, els superiors, els clients i les persones que estan sota la seva responsabilitat, utilitzant vies de comunicaci\u00f3 eficaces, transmetent la informaci\u00f3 o coneixements adequats i respectant l\u2019autonomia i la compet\u00e8ncia de les persones que intervenen en l\u2019\u00e0mbit del seu treball.<\/li>\n<li>Generar entorns segurs en el desenvolupament del seu treball i el del seu equip, supervisant i aplicant els procediments de prevenci\u00f3 de riscos laborals i ambientals, d\u2019acord amb l\u2019establert per la normativa i els objectius de l\u2019empresa.<\/li>\n<li>Supervisar i aplicar procediments de gesti\u00f3 de la qualitat, d\u2019accessibilitat universal i de \u201cdisseny per a tothom\u201d, en les activitats professionals incloses en els processos de producci\u00f3 o prestaci\u00f3 de serveis.<\/li>\n<li>Realitzar la gesti\u00f3 b\u00e0sica per la creaci\u00f3 i el funcionament d\u2019una petita empresa i tenir iniciativa en la seva activitat professional amb sentit de la responsabilitat social.<\/li>\n<li>Exercir els seus drets i complir amb les obligacions derivades de la seva activitat professional, d\u2019acord amb l\u2019establert en la legislaci\u00f3 vigent, participant activament en la vida econ\u00f2mica, social i cultural<\/li>\n<\/ul>\n<p style=\"font-size: 125%;\"><strong><u>De qu\u00e8 treballar\u00e0s?<\/u><\/strong><\/p>\n<ul>\n<li><span dir=\"ltr\" role=\"presentation\">Personal assistent del cap de producte.<\/span><\/li>\n<li><span dir=\"ltr\" role=\"presentation\">Personal t\u00e8cnic de m\u00e0rqueting.<\/span><\/li>\n<li><span dir=\"ltr\" role=\"presentation\">Personal t\u00e8cnic en publicitat.<\/span><\/li>\n<li><span dir=\"ltr\" role=\"presentation\">Personal t\u00e8cnic en relacions p\u00fabliques.<\/span><\/li>\n<li><span dir=\"ltr\" role=\"presentation\">Personal organitzador d&#8217;esdeveniments de m\u00e0rqueting i comunicaci\u00f3.<\/span><\/li>\n<li><span dir=\"ltr\" role=\"presentation\">Personal auxiliar de mitjans en empreses de publicitat.<\/span><\/li>\n<li><span dir=\"ltr\" role=\"presentation\">Personal controlador de curs o emissi\u00f3 en mitjans de comunicaci\u00f3.<\/span><\/li>\n<li><span dir=\"ltr\" role=\"presentation\">Personal t\u00e8cnic en estudis de mercat i opini\u00f3 p\u00fablica.<\/span><\/li>\n<li><span dir=\"ltr\" role=\"presentation\">Personal t\u00e8cnic en treballs de camp.<\/span><\/li>\n<li><span dir=\"ltr\" role=\"presentation\">Personal inspector d&#8217;enquestadors.<\/span><\/li>\n<li><span dir=\"ltr\" role=\"presentation\">Personal agent d&#8217;enquestes i censos.<\/span><\/li>\n<li><span dir=\"ltr\" role=\"presentation\">Personal codificador de dades per a recerques de mercats<\/span><\/li>\n<\/ul>\n<p style=\"font-size: 125%;\"><strong><u>O continuar amb la teva formaci\u00f3 a la universitat&#8230;<\/u><\/strong><\/p>\n<ul class=\"A\">\n<li>Permet accedir a qualsevol estudi universitari oficial de grau.<\/li>\n<li>Poden obtenir la convalidaci\u00f3 de cr\u00e8dits universitaris ECTS.<\/li>\n<\/ul>\n<p style=\"font-size: 125%;\"><strong><u>Relaci\u00f3 de m\u00f2duls profession<\/u><\/strong><strong><u>als:<\/u><\/strong><\/p>\n<p><span style=\"font-family: Arial, serif;\">0623. Gesti\u00f3 econ\u00f2mica i financera de l&#8217;empresa.<\/span><\/p>\n<p><span style=\"font-family: Arial, serif;\">0930. Pol\u00edtiques de m\u00e0rqueting.<\/span><\/p>\n<p><span style=\"font-family: Arial, serif;\">0931. M\u00e0rqueting digital.<\/span><\/p>\n<p><span style=\"font-family: Arial, serif;\">1007. Disseny i elaboraci\u00f3 de material de comunicaci\u00f3.<\/span><\/p>\n<p><span style=\"font-family: Arial, serif;\">1008. Mitjans i suports de comunicaci\u00f3.<\/span><\/p>\n<p><span style=\"font-family: Arial, serif;\">1009. Relacions p\u00fabliques i organitzaci\u00f3 d&#8217;esdeveniments de m\u00e0rqueting.<\/span><\/p>\n<p><span style=\"font-family: Arial, serif;\">1010. Investigaci\u00f3 comercial.<\/span><\/p>\n<p><span style=\"font-family: Arial, serif;\">1011. Treball de camp en la investigaci\u00f3 comercial.<\/span><\/p>\n<p><span style=\"font-family: Arial, serif;\">1109 Llan\u00e7ament de productes i serveis.<\/span><\/p>\n<p><span style=\"color: #000000; font-family: Arial, serif;\">1110. Atenci\u00f3 al client, consumidor i usuari.<\/span><\/p>\n<p><span style=\"color: #000000;\"><span style=\"font-family: Arial, serif;\">C076. Catal\u00e0 \/ Aran\u00e8s professional.<\/span><\/span><\/p>\n<p><span style=\"color: #000000;\"><span style=\"font-family: Arial, serif;\">0179. Angl\u00e8s professional.<\/span><\/span><\/p>\n<p><span style=\"font-family: Arial, serif;\">1665. Digitalitzaci\u00f3 aplicada als sectors productius.<\/span><\/p>\n<p><span style=\"font-family: Arial, serif;\">1708. Sostenibilitat aplicada al sistema productiu.<\/span><\/p>\n<p><span style=\"font-family: Arial, serif;\">1709. Itinerari personal per a l&#8217;ocupabilitat I.<\/span><\/p>\n<p><span style=\"color: #000000;\"><span style=\"font-family: Arial, serif;\">1710. Itinerari personal per a l&#8217;ocupabilitat II<\/span><\/span><\/p>\n<p><span style=\"font-family: Arial, serif;\">1012<span style=\"color: #000000;\">. Projecte intermodular.<\/span><\/span><\/p>\n<p><span style=\"color: #000000;\"><span style=\"font-family: Arial, serif;\">M\u00f2dul professional\u00a0<b>optatiu<\/b>:\u00a0<\/span><\/span>APLICACIONS INFORM\u00c0TIQUES PER AL M\u00c0RQUETING<\/p>\n","protected":false},"excerpt":{"rendered":"<p>La compet\u00e8ncia general d&#8217;aquest t\u00edtol consisteix en definir i efectuar el seguiment de les pol\u00edtiques de m\u00e0rqueting basades en estudis comercials i en promocionar i fer publicitat dels productes i\/o serveis en els mitjans i suports de comunicaci\u00f3 adequats, elaborant els materials publipromocionals necessaris. Informaci\u00f3 general: Durada del Cicle Formatiu:. Dos cursos Formaci\u00f3 en Centres [&hellip;]<\/p>\n","protected":false},"author":1,"featured_media":0,"parent":8963,"menu_order":0,"comment_status":"closed","ping_status":"closed","template":"page-templates\/side-menu.php","meta":{"_bbp_topic_count":0,"_bbp_reply_count":0,"_bbp_total_topic_count":0,"_bbp_total_reply_count":0,"_bbp_voice_count":0,"_bbp_anonymous_reply_count":0,"_bbp_topic_count_hidden":0,"_bbp_reply_count_hidden":0,"_bbp_forum_subforum_count":0,"site-sidebar-layout":"default","site-content-layout":"","ast-site-content-layout":"","site-content-style":"default","site-sidebar-style":"default","ast-global-header-display":"","ast-banner-title-visibility":"","ast-main-header-display":"","ast-hfb-above-header-display":"","ast-hfb-below-header-display":"","ast-hfb-mobile-header-display":"","site-post-title":"","ast-breadcrumbs-content":"","ast-featured-img":"","footer-sml-layout":"","theme-transparent-header-meta":"","adv-header-id-meta":"","stick-header-meta":"","header-above-stick-meta":"","header-main-stick-meta":"","header-below-stick-meta":"","astra-migrate-meta-layouts":"default","ast-page-background-enabled":"default","ast-page-background-meta":{"desktop":{"background-color":"var(--ast-global-color-4)","background-image":"","background-repeat":"repeat","background-position":"center center","background-size":"auto","background-attachment":"scroll","background-type":"","background-media":"","overlay-type":"","overlay-color":"","overlay-opacity":"","overlay-gradient":""},"tablet":{"background-color":"","background-image":"","background-repeat":"repeat","background-position":"center center","background-size":"auto","background-attachment":"scroll","background-type":"","background-media":"","overlay-type":"","overlay-color":"","overlay-opacity":"","overlay-gradient":""},"mobile":{"background-color":"","background-image":"","background-repeat":"repeat","background-position":"center center","background-size":"auto","background-attachment":"scroll","background-type":"","background-media":"","overlay-type":"","overlay-color":"","overlay-opacity":"","overlay-gradient":""}},"ast-content-background-meta":{"desktop":{"background-color":"var(--ast-global-color-5)","background-image":"","background-repeat":"repeat","background-position":"center center","background-size":"auto","background-attachment":"scroll","background-type":"","background-media":"","overlay-type":"","overlay-color":"","overlay-opacity":"","overlay-gradient":""},"tablet":{"background-color":"var(--ast-global-color-5)","background-image":"","background-repeat":"repeat","background-position":"center center","background-size":"auto","background-attachment":"scroll","background-type":"","background-media":"","overlay-type":"","overlay-color":"","overlay-opacity":"","overlay-gradient":""},"mobile":{"background-color":"var(--ast-global-color-5)","background-image":"","background-repeat":"repeat","background-position":"center center","background-size":"auto","background-attachment":"scroll","background-type":"","background-media":"","overlay-type":"","overlay-color":"","overlay-opacity":"","overlay-gradient":""}},"footnotes":""},"class_list":["post-9031","page","type-page","status-publish","hentry"],"post_mailing_queue_ids":[],"_links":{"self":[{"href":"https:\/\/agora.xtec.cat\/iestorreroja\/wp-json\/wp\/v2\/pages\/9031","targetHints":{"allow":["GET"]}}],"collection":[{"href":"https:\/\/agora.xtec.cat\/iestorreroja\/wp-json\/wp\/v2\/pages"}],"about":[{"href":"https:\/\/agora.xtec.cat\/iestorreroja\/wp-json\/wp\/v2\/types\/page"}],"author":[{"embeddable":true,"href":"https:\/\/agora.xtec.cat\/iestorreroja\/wp-json\/wp\/v2\/users\/1"}],"replies":[{"embeddable":true,"href":"https:\/\/agora.xtec.cat\/iestorreroja\/wp-json\/wp\/v2\/comments?post=9031"}],"version-history":[{"count":7,"href":"https:\/\/agora.xtec.cat\/iestorreroja\/wp-json\/wp\/v2\/pages\/9031\/revisions"}],"predecessor-version":[{"id":11503,"href":"https:\/\/agora.xtec.cat\/iestorreroja\/wp-json\/wp\/v2\/pages\/9031\/revisions\/11503"}],"up":[{"embeddable":true,"href":"https:\/\/agora.xtec.cat\/iestorreroja\/wp-json\/wp\/v2\/pages\/8963"}],"wp:attachment":[{"href":"https:\/\/agora.xtec.cat\/iestorreroja\/wp-json\/wp\/v2\/media?parent=9031"}],"curies":[{"name":"wp","href":"https:\/\/api.w.org\/{rel}","templated":true}]}}

CFGS Màrqueting i Publicitat

<p>La competència general d&#8217;aquest títol consisteix en definir i efectuar el seguiment de les polítiques de màrqueting basades en estudis comercials i en promocionar i fer publicitat dels productes i/o serveis en els mitjans i suports de comunicació adequats, elaborant els materials publipromocionals necessaris.</p>
<p><strong><u>Informació general:</u></strong></p>
<ul class="A">
<li>Durada del Cicle Formatiu:. Dos cursos</li>
<li>Formació en Centres de Treball: 416 hores. (pràctiques en empreses que t&#8217;ajudaran  a accedir al món laboral)</li>
<li>Horari: tardes de 14:45h a 21:10h i divendres de 14:45 a 17:45h</li>
<li><strong>Modalitat DUAL</strong></li>
</ul>
<p style="font-size: 125%;"><strong><u>Competències professionals:</u></strong></p>
<ul>
<li>Realitzar les gestions necessàries per a la constitució i posada en marxa d’una empresa comercial, planificant i gestionant l’obtenció dels recursos financers necessaris que procurin la rendibilitat econòmica i financera de l’empresa.</li>
<li>Assistir en l’elaboració i seguiment de les polítiques i plans de màrqueting, analitzant les variables del màrqueting mix per aconseguir els objectius comercials definits per l’empresa.</li>
<li>Planificar i desenvolupar accions de màrqueting digital, gestionant pàgines web i sistemes de comunicació a través d’internet, per assolir els objectius de màrqueting de la política de comerç electrònic de l’empresa.</li>
<li>Obtenir, analitzar i organitzar informació fiable dels mercats, aplicant tècniques estadístiques i establir un sistema d’informació de mercats (SIM) eficaç, que serveixi de suport en la definició d’estratègies comercials i en la presa de decisions de màrqueting.</li>
<li>Organitzar grups d’enquestadors i/o entrevistadors i realitzar enquestes i/o entrevistes, planificant el treball de camp i utilitzant les tècniques i procediments establerts, per acomplir els objectius fixats en el pla d’investigació comercial.</li>
<li>Dissenyar la política de relacions públiques de l’empresa i organitzar i gestionar esdeveniments de màrqueting i comunicació, interpretant el brífing, contractant proveïdors, actors i agents, assistint, dirigint i supervisant els esdeveniments, per acomplir amb l’establert en la política de comunicació del pla de màrqueting.</li>
<li>Gestionar els serveis d’atenció i informació al client i de queixes i reclamacions del client, consumidor i usuari, donant un servei de qualitat per assolir la satisfacció plena del client i la transmissió d’una bona imatge de l’empresa i l’organització.</li>
<li>Elaborar el pla de mitjans publicitaris de l’empresa, combinant-los adequadament, i realitzar-ne el control per assolir-ne l’execució i eficàcia.</li>
<li>Gestionar el llançament i implantació de productes i/o serveis en el mercat, aplicant les estratègies de màrqueting i les accions promocionals adequades, d’acord amb l’establert en el pla de màrqueting de l’empresa o organització.</li>
<li>Elaborar materials publipromocionals i informatius, respectant la normativa vigent en matèria de publicitat i utilitzant tècniques i aplicacions informàtiques d’edició i disseny en diversos suports, per difondre’ls segons els plans programats.</li>
<li>Comunicar-se en anglès amb fluïdesa, tant de paraula com per escrit, amb tots els operadors i organismes que intervenen en les operacions comercials.</li>
<li>Adaptar-se a les noves situacions laborals, mantenint actualitzats els coneixements científics, tècnics i tecnològics relatius al seu entorn professional, gestionant la seva formació i els recursos existents en l’aprenentatge al llarg de la vida i utilitzant les tecnologies de la informació i la comunicació.</li>
<li>Resoldre situacions, problemes i contingències amb iniciativa i autonomia en l’àmbit de la seva competència, amb creativitat, innovació i esperit de millora en el treball personal i en el dels membres de l’equip.</li>
<li>Organitzar i coordinar equips de treball amb responsabilitat, supervisant-ne el desenvolupament, mantenint relacions fluïdes i assumint el lideratge, així com aportant solucions als conflictes grupals que es presentin.</li>
<li>Comunicar-se amb els iguals, els superiors, els clients i les persones que estan sota la seva responsabilitat, utilitzant vies de comunicació eficaces, transmetent la informació o coneixements adequats i respectant l’autonomia i la competència de les persones que intervenen en l’àmbit del seu treball.</li>
<li>Generar entorns segurs en el desenvolupament del seu treball i el del seu equip, supervisant i aplicant els procediments de prevenció de riscos laborals i ambientals, d’acord amb l’establert per la normativa i els objectius de l’empresa.</li>
<li>Supervisar i aplicar procediments de gestió de la qualitat, d’accessibilitat universal i de “disseny per a tothom”, en les activitats professionals incloses en els processos de producció o prestació de serveis.</li>
<li>Realitzar la gestió bàsica per la creació i el funcionament d’una petita empresa i tenir iniciativa en la seva activitat professional amb sentit de la responsabilitat social.</li>
<li>Exercir els seus drets i complir amb les obligacions derivades de la seva activitat professional, d’acord amb l’establert en la legislació vigent, participant activament en la vida econòmica, social i cultural</li>
</ul>
<p style="font-size: 125%;"><strong><u>De què treballaràs?</u></strong></p>
<ul>
<li><span dir="ltr" role="presentation">Personal assistent del cap de producte.</span></li>
<li><span dir="ltr" role="presentation">Personal tècnic de màrqueting.</span></li>
<li><span dir="ltr" role="presentation">Personal tècnic en publicitat.</span></li>
<li><span dir="ltr" role="presentation">Personal tècnic en relacions públiques.</span></li>
<li><span dir="ltr" role="presentation">Personal organitzador d&#8217;esdeveniments de màrqueting i comunicació.</span></li>
<li><span dir="ltr" role="presentation">Personal auxiliar de mitjans en empreses de publicitat.</span></li>
<li><span dir="ltr" role="presentation">Personal controlador de curs o emissió en mitjans de comunicació.</span></li>
<li><span dir="ltr" role="presentation">Personal tècnic en estudis de mercat i opinió pública.</span></li>
<li><span dir="ltr" role="presentation">Personal tècnic en treballs de camp.</span></li>
<li><span dir="ltr" role="presentation">Personal inspector d&#8217;enquestadors.</span></li>
<li><span dir="ltr" role="presentation">Personal agent d&#8217;enquestes i censos.</span></li>
<li><span dir="ltr" role="presentation">Personal codificador de dades per a recerques de mercats</span></li>
</ul>
<p style="font-size: 125%;"><strong><u>O continuar amb la teva formació a la universitat&#8230;</u></strong></p>
<ul class="A">
<li>Permet accedir a qualsevol estudi universitari oficial de grau.</li>
<li>Poden obtenir la convalidació de crèdits universitaris ECTS.</li>
</ul>
<p style="font-size: 125%;"><strong><u>Relació de mòduls profession</u></strong><strong><u>als:</u></strong></p>
<p><span style="font-family: Arial, serif;">0623. Gestió econòmica i financera de l&#8217;empresa.</span></p>
<p><span style="font-family: Arial, serif;">0930. Polítiques de màrqueting.</span></p>
<p><span style="font-family: Arial, serif;">0931. Màrqueting digital.</span></p>
<p><span style="font-family: Arial, serif;">1007. Disseny i elaboració de material de comunicació.</span></p>
<p><span style="font-family: Arial, serif;">1008. Mitjans i suports de comunicació.</span></p>
<p><span style="font-family: Arial, serif;">1009. Relacions públiques i organització d&#8217;esdeveniments de màrqueting.</span></p>
<p><span style="font-family: Arial, serif;">1010. Investigació comercial.</span></p>
<p><span style="font-family: Arial, serif;">1011. Treball de camp en la investigació comercial.</span></p>
<p><span style="font-family: Arial, serif;">1109 Llançament de productes i serveis.</span></p>
<p><span style="color: #000000; font-family: Arial, serif;">1110. Atenció al client, consumidor i usuari.</span></p>
<p><span style="color: #000000;"><span style="font-family: Arial, serif;">C076. Català / Aranès professional.</span></span></p>
<p><span style="color: #000000;"><span style="font-family: Arial, serif;">0179. Anglès professional.</span></span></p>
<p><span style="font-family: Arial, serif;">1665. Digitalització aplicada als sectors productius.</span></p>
<p><span style="font-family: Arial, serif;">1708. Sostenibilitat aplicada al sistema productiu.</span></p>
<p><span style="font-family: Arial, serif;">1709. Itinerari personal per a l&#8217;ocupabilitat I.</span></p>
<p><span style="color: #000000;"><span style="font-family: Arial, serif;">1710. Itinerari personal per a l&#8217;ocupabilitat II</span></span></p>
<p><span style="font-family: Arial, serif;">1012<span style="color: #000000;">. Projecte intermodular.</span></span></p>
<p><span style="color: #000000;"><span style="font-family: Arial, serif;">Mòdul professional <b>optatiu</b>: </span></span>APLICACIONS INFORMÀTIQUES PER AL MÀRQUETING</p>

<p>La competència general d&#8217;aquest títol consisteix en definir i efectuar el seguiment de les polítiques de màrqueting basades en estudis comercials i en promocionar i fer publicitat dels productes i/o serveis en els mitjans i suports de comunicació adequats, elaborant els materials publipromocionals necessaris. Informació general: Durada del Cicle Formatiu:. Dos cursos Formació en Centres [&hellip;]</p>
