{"id":5478,"date":"2022-03-20T11:22:17","date_gmt":"2022-03-20T10:22:17","guid":{"rendered":"http:\/\/agora.xtec.cat\/iestorreroja\/?page_id=5478"},"modified":"2026-03-25T23:02:25","modified_gmt":"2026-03-25T22:02:25","slug":"preinscripcio-i-matricula","status":"publish","type":"page","link":"https:\/\/agora.xtec.cat\/iestorreroja\/secretaria\/preinscripcio-i-matricula\/","title":{"rendered":"Preinscripci\u00f3 i matr\u00edcula"},"content":{"rendered":"<p>&nbsp;<\/p>\n<table style=\"width: 100%; border-collapse: collapse; border-style: solid; border-color: #eb1515; background-color: #edd5d5;\" border=\"2\">\n<tbody>\n<tr>\n<td style=\"width: 16.6667%;\"><strong><a href=\"https:\/\/agora.xtec.cat\/iestorreroja\/secretaria\/preinscripcio-i-matricula\/educacio-secundaria-obligatoria-eso\/\" target=\"_blank\" rel=\"noopener\">\u00a0ESO<\/a><\/strong><\/td>\n<td style=\"width: 16.6667%;\"><a href=\"https:\/\/agora.xtec.cat\/iestorreroja\/secretaria\/preinscripcio-i-matricula\/batxillerat-2\/\"><strong>Batxillerat<\/strong><\/a><\/td>\n<td style=\"width: 16.6667%;\"><a href=\"https:\/\/agora.xtec.cat\/iestorreroja\/secretaria\/preinscripcio-i-matricula\/cicles-formatius-grau-mitja\/\"><strong>CFGM<\/strong><\/a><\/td>\n<td style=\"width: 16.6667%;\"><a href=\"https:\/\/agora.xtec.cat\/iestorreroja\/secretaria\/preinscripcio-i-matricula\/cicles-formatius-grau-superior\/\"><strong>CFGS<\/strong><\/a><\/td>\n<td style=\"width: 16.6667%;\"><a href=\"https:\/\/agora.xtec.cat\/iestorreroja\/secretaria\/preinscripcio-i-matricula\/pfi\/\"><strong>PFI i PTT<\/strong><\/a><\/td>\n<td style=\"width: 16.6667%;\"><a href=\"https:\/\/agora.xtec.cat\/iestorreroja\/ife\/\"><strong>IFE<\/strong><\/a><\/td>\n<\/tr>\n<\/tbody>\n<\/table>\n<p style=\"font-size: 16px; font-style: normal; font-weight: 400;\"><b>INDICACIONS PER FER LES PREINSCRIPCIONS EN L\u00cdNIA<\/b><\/p>\n<p><span style=\"font-weight: 400;\"><span style=\"font-size: 16px; font-style: normal; font-weight: 400;\">Instruccions per omplir la preinscripci\u00f3 del curs 2026-2027 pas a pas:<\/span><\/span><\/p>\n<p><span style=\"font-weight: 400;\">El proc\u00e9s de preinscripci\u00f3 per al curs 2026-2027 es far\u00e0 exclusivament de forma telem\u00e0tica a trav\u00e9s d\u2019un enlla\u00e7 que el trobareu a l\u2019estudi triat, on tamb\u00e9 hi trobareu tota la informaci\u00f3 necess\u00e0ria per fer els tr\u00e0mits.<\/span><\/p>\n<p><span style=\"font-weight: 400;\">Si disposeu d\u2019algun mitj\u00e0 d\u2019identificaci\u00f3 digital (idCat M\u00f2bil, DNI electr\u00f2nic, T-CAT, Cl@ve, etc.), podeu utilitzar el formulari amb autenticaci\u00f3 electr\u00f2nica, sin\u00f3 haureu d\u2019utilitzar el formulari en suport inform\u00e0tic, on caldr\u00e0 que adjunteu el vostre DNI o NIF pr\u00e8viament escanejat o fotografiat per acreditar la vostra identitat. Si acrediteu la vostra identitat amb passaport o document d\u2019identitat d\u2019un pa\u00eds membre de la UE, caldr\u00e0 que l\u2019adjunteu escanejat o fotografiat en ambd\u00f3s casos.\u00a0<\/span><\/p>\n<p><b>Aquest curs la documentaci\u00f3 \u00fanicament es pot enviar a trav\u00e9s de la preinscripci\u00f3 telem\u00e0tica, no s\u2019acceptaran altres canals (mails, paper, etc&#8230;.)<\/b> <span style=\"font-weight: 400;\">per aix\u00f2 tamb\u00e9 trobareu d\u2019ajuda un v\u00eddeo explicant com digitalitzar els documents.<\/span><\/p>\n<p><span style=\"font-weight: 400;\">Les fam\u00edlies que no disposin de mitjans inform\u00e0tics o necessitin ajuda per realitzar els tr\u00e0mits, poden demanar cita pr\u00e8via als <strong>punts de suport <\/strong>descrits a cadascuna de les p\u00e0gines del nivell corresponent. L\u2019enlla\u00e7 el trobareu a l\u2019ensenyament corresponent del men\u00fa de l\u2019esquerra.<\/span><\/p>\n<p><span style=\"font-weight: 400;\">Per poder dur a terme la preinscripci\u00f3 haureu d\u2019accedir al nou web:<\/span><\/p>\n<p><a href=\"https:\/\/preinscripcio.gencat.cat\/\" target=\"_blank\" rel=\"noopener\"><span style=\"font-weight: 400;\">https:\/\/preinscripcio.gencat.cat\/<\/span><\/a><\/p>\n<p><span style=\"font-weight: 400;\">Aquest web incorpora podcasts, v\u00eddeos i preguntes freq\u00fcents per a fer-la m\u00e9s f\u00e0cil.\u00a0<\/span><\/p>\n<p>&nbsp;<\/p>\n<p>&nbsp;<\/p>\n<p>&nbsp;<\/p>\n<p>&nbsp;<\/p>\n<p>&nbsp;<\/p>\n<p>&nbsp;<\/p>\n<p>&nbsp;<\/p>\n<p>&nbsp;<\/p>\n","protected":false},"excerpt":{"rendered":"<p>&nbsp; \u00a0ESO Batxillerat CFGM CFGS PFI i PTT IFE INDICACIONS PER FER LES PREINSCRIPCIONS EN L\u00cdNIA Instruccions per omplir la preinscripci\u00f3 del curs 2026-2027 pas a pas: El proc\u00e9s de preinscripci\u00f3 per al curs 2026-2027 es far\u00e0 exclusivament de forma telem\u00e0tica a trav\u00e9s d\u2019un enlla\u00e7 que el trobareu a l\u2019estudi triat, on tamb\u00e9 hi trobareu [&hellip;]<\/p>\n","protected":false},"author":9,"featured_media":0,"parent":81,"menu_order":0,"comment_status":"closed","ping_status":"closed","template":"","meta":{"_bbp_topic_count":0,"_bbp_reply_count":0,"_bbp_total_topic_count":0,"_bbp_total_reply_count":0,"_bbp_voice_count":0,"_bbp_anonymous_reply_count":0,"_bbp_topic_count_hidden":0,"_bbp_reply_count_hidden":0,"_bbp_forum_subforum_count":0,"site-sidebar-layout":"default","site-content-layout":"","ast-site-content-layout":"default","site-content-style":"default","site-sidebar-style":"default","ast-global-header-display":"","ast-banner-title-visibility":"","ast-main-header-display":"","ast-hfb-above-header-display":"","ast-hfb-below-header-display":"","ast-hfb-mobile-header-display":"","site-post-title":"","ast-breadcrumbs-content":"","ast-featured-img":"","footer-sml-layout":"","theme-transparent-header-meta":"default","adv-header-id-meta":"","stick-header-meta":"","header-above-stick-meta":"","header-main-stick-meta":"","header-below-stick-meta":"","astra-migrate-meta-layouts":"set","ast-page-background-enabled":"default","ast-page-background-meta":{"desktop":{"background-color":"var(--ast-global-color-4)","background-image":"","background-repeat":"repeat","background-position":"center center","background-size":"auto","background-attachment":"scroll","background-type":"","background-media":"","overlay-type":"","overlay-color":"","overlay-opacity":"","overlay-gradient":""},"tablet":{"background-color":"","background-image":"","background-repeat":"repeat","background-position":"center center","background-size":"auto","background-attachment":"scroll","background-type":"","background-media":"","overlay-type":"","overlay-color":"","overlay-opacity":"","overlay-gradient":""},"mobile":{"background-color":"","background-image":"","background-repeat":"repeat","background-position":"center center","background-size":"auto","background-attachment":"scroll","background-type":"","background-media":"","overlay-type":"","overlay-color":"","overlay-opacity":"","overlay-gradient":""}},"ast-content-background-meta":{"desktop":{"background-color":"var(--ast-global-color-5)","background-image":"","background-repeat":"repeat","background-position":"center center","background-size":"auto","background-attachment":"scroll","background-type":"","background-media":"","overlay-type":"","overlay-color":"","overlay-opacity":"","overlay-gradient":""},"tablet":{"background-color":"var(--ast-global-color-5)","background-image":"","background-repeat":"repeat","background-position":"center center","background-size":"auto","background-attachment":"scroll","background-type":"","background-media":"","overlay-type":"","overlay-color":"","overlay-opacity":"","overlay-gradient":""},"mobile":{"background-color":"var(--ast-global-color-5)","background-image":"","background-repeat":"repeat","background-position":"center center","background-size":"auto","background-attachment":"scroll","background-type":"","background-media":"","overlay-type":"","overlay-color":"","overlay-opacity":"","overlay-gradient":""}},"footnotes":""},"class_list":["post-5478","page","type-page","status-publish","hentry"],"post_mailing_queue_ids":[],"_links":{"self":[{"href":"https:\/\/agora.xtec.cat\/iestorreroja\/wp-json\/wp\/v2\/pages\/5478","targetHints":{"allow":["GET"]}}],"collection":[{"href":"https:\/\/agora.xtec.cat\/iestorreroja\/wp-json\/wp\/v2\/pages"}],"about":[{"href":"https:\/\/agora.xtec.cat\/iestorreroja\/wp-json\/wp\/v2\/types\/page"}],"author":[{"embeddable":true,"href":"https:\/\/agora.xtec.cat\/iestorreroja\/wp-json\/wp\/v2\/users\/9"}],"replies":[{"embeddable":true,"href":"https:\/\/agora.xtec.cat\/iestorreroja\/wp-json\/wp\/v2\/comments?post=5478"}],"version-history":[{"count":9,"href":"https:\/\/agora.xtec.cat\/iestorreroja\/wp-json\/wp\/v2\/pages\/5478\/revisions"}],"predecessor-version":[{"id":12479,"href":"https:\/\/agora.xtec.cat\/iestorreroja\/wp-json\/wp\/v2\/pages\/5478\/revisions\/12479"}],"up":[{"embeddable":true,"href":"https:\/\/agora.xtec.cat\/iestorreroja\/wp-json\/wp\/v2\/pages\/81"}],"wp:attachment":[{"href":"https:\/\/agora.xtec.cat\/iestorreroja\/wp-json\/wp\/v2\/media?parent=5478"}],"curies":[{"name":"wp","href":"https:\/\/api.w.org\/{rel}","templated":true}]}}