{"id":2469,"date":"2019-05-03T11:01:12","date_gmt":"2019-05-03T09:01:12","guid":{"rendered":"http:\/\/agora.xtec.cat\/iestorreroja\/?page_id=2469"},"modified":"2026-02-26T17:32:26","modified_gmt":"2026-02-26T16:32:26","slug":"erasmus","status":"publish","type":"page","link":"https:\/\/agora.xtec.cat\/iestorreroja\/estudis\/fp\/erasmus\/","title":{"rendered":"Erasmus +"},"content":{"rendered":"<p><strong>Erasmus+<\/strong>\u00a0\u00e9s un programa europeu que ofereix la possibilitat de fer el m\u00f2dul o\u00a0part del m\u00f2dul de la\u00a0<strong>FCT<\/strong>\u00a0(Formaci\u00f3 en Centres de Treball)\u00a0<strong>a l\u2019estranger<\/strong>. Es tracta d\u2019estades formatives en empreses o institucions de la UE.<\/p>\n<p><a href=\"https:\/\/agora.xtec.cat\/iestorreroja\/categoria\/cicles-formatius\/erasmus\/\" target=\"_blank\" rel=\"noopener\">Clicka a la imatge per a m\u00e9s informaci\u00f3:<\/a><\/p>\n<p><a href=\"https:\/\/agora.xtec.cat\/iestorreroja\/categoria\/cicles-formatius\/erasmus\/\" target=\"_blank\" rel=\"noopener\"><img loading=\"lazy\" decoding=\"async\" class=\"alignnone wp-image-6231 size-full\" src=\"https:\/\/agora.xtec.cat\/iestorreroja\/wp-content\/uploads\/usu1423\/2021\/06\/ERASMUS-1.jpg\" alt=\"\" width=\"512\" height=\"275\" srcset=\"https:\/\/agora.xtec.cat\/iestorreroja\/wp-content\/uploads\/usu1423\/2021\/06\/ERASMUS-1.jpg 512w, https:\/\/agora.xtec.cat\/iestorreroja\/wp-content\/uploads\/usu1423\/2021\/06\/ERASMUS-1-300x161.jpg 300w\" sizes=\"auto, (max-width: 512px) 100vw, 512px\" \/><\/a><\/p>\n<p><b>Convocat\u00f2ria curs 2025-2026<br \/>\n<\/b><\/p>\n<ul class=\"docs\">\n<li style=\"list-style-type: none;\">\n<ul class=\"docs\">\n<li><a href=\"https:\/\/agora.xtec.cat\/iestorreroja\/wp-content\/uploads\/usu1423\/2021\/01\/Sol.licitud-Beca-Erasmus-2021-2022-1.pdf\" target=\"_blank\" rel=\"noopener\">Sol\u00b7licitud Beca Erasmus 25-26<\/a><\/li>\n<li><a href=\"https:\/\/agora.xtec.cat\/iestorreroja\/wp-content\/uploads\/usu1423\/2021\/01\/Bases-convocat\u00f2ria-beca-Erasmus2-2021-2022.pdf\" target=\"_blank\" rel=\"noopener\">Bases convocat\u00f2ria beca Erasmus<\/a><\/li>\n<li><a href=\"https:\/\/agora.xtec.cat\/iestorreroja\/wp-content\/uploads\/usu1423\/2021\/01\/DECLARACI\u00d3-POL\u00cdTICA-ERASMUS-TORRE-ROJA-2021-22.pdf\" target=\"_blank\" rel=\"noopener\">Declaraci\u00f3 pol\u00edtica Erasmus<\/a><\/li>\n<\/ul>\n<\/li>\n<\/ul>\n<p>&nbsp;<\/p>\n<p><a href=\"https:\/\/europa.eu\/europass\/en\" target=\"_blank\" rel=\"noopener\">Plantilla curr\u00edculum format europass<\/a><\/p>\n<p>Contactes Gesti\u00f3 internacional Institut Torre Roja:<\/p>\n<ul>\n<li><span lang=\"ca\">\ud83d\udc64 Coordinadora de Mobilitat &#8211; Gesti\u00f3 general &#8211; Montse Guin\u00f3<\/span><\/li>\n<li><span lang=\"ca\">\ud83d\udc64 Cap d&#8217;estudis adjunt &#8211; Responsable de la gesti\u00f3 econ\u00f2mica dels programes Erasmus &#8211; Nat\u00e0lia Garcia<\/span><\/li>\n<li><span lang=\"ca\">\ud83d\udc64 Responsable de la formaci\u00f3 ling\u00fc\u00edstica dels participants en els Programes Erasmus &#8211; Marina Fern\u00e1ndez<\/span><\/li>\n<\/ul>\n<p><a href=\"mailto:mobilitatfp@torreroja.cat\">mobilitatfp@torreroja.cat<\/a><\/p>\n<p>&nbsp;<\/p>\n","protected":false},"excerpt":{"rendered":"<p>Erasmus+\u00a0\u00e9s un programa europeu que ofereix la possibilitat de fer el m\u00f2dul o\u00a0part del m\u00f2dul de la\u00a0FCT\u00a0(Formaci\u00f3 en Centres de Treball)\u00a0a l\u2019estranger. Es tracta d\u2019estades formatives en empreses o institucions de la UE. Clicka a la imatge per a m\u00e9s informaci\u00f3: Convocat\u00f2ria curs 2025-2026 Sol\u00b7licitud Beca Erasmus 25-26 Bases convocat\u00f2ria beca Erasmus Declaraci\u00f3 pol\u00edtica Erasmus [&hellip;]<\/p>\n","protected":false},"author":1,"featured_media":0,"parent":489,"menu_order":4,"comment_status":"closed","ping_status":"closed","template":"","meta":{"_bbp_topic_count":0,"_bbp_reply_count":0,"_bbp_total_topic_count":0,"_bbp_total_reply_count":0,"_bbp_voice_count":0,"_bbp_anonymous_reply_count":0,"_bbp_topic_count_hidden":0,"_bbp_reply_count_hidden":0,"_bbp_forum_subforum_count":0,"site-sidebar-layout":"default","site-content-layout":"","ast-site-content-layout":"default","site-content-style":"default","site-sidebar-style":"default","ast-global-header-display":"","ast-banner-title-visibility":"","ast-main-header-display":"","ast-hfb-above-header-display":"","ast-hfb-below-header-display":"","ast-hfb-mobile-header-display":"","site-post-title":"","ast-breadcrumbs-content":"","ast-featured-img":"","footer-sml-layout":"","theme-transparent-header-meta":"default","adv-header-id-meta":"","stick-header-meta":"","header-above-stick-meta":"","header-main-stick-meta":"","header-below-stick-meta":"","astra-migrate-meta-layouts":"set","ast-page-background-enabled":"default","ast-page-background-meta":{"desktop":{"background-color":"var(--ast-global-color-4)","background-image":"","background-repeat":"repeat","background-position":"center center","background-size":"auto","background-attachment":"scroll","background-type":"","background-media":"","overlay-type":"","overlay-color":"","overlay-opacity":"","overlay-gradient":""},"tablet":{"background-color":"","background-image":"","background-repeat":"repeat","background-position":"center center","background-size":"auto","background-attachment":"scroll","background-type":"","background-media":"","overlay-type":"","overlay-color":"","overlay-opacity":"","overlay-gradient":""},"mobile":{"background-color":"","background-image":"","background-repeat":"repeat","background-position":"center center","background-size":"auto","background-attachment":"scroll","background-type":"","background-media":"","overlay-type":"","overlay-color":"","overlay-opacity":"","overlay-gradient":""}},"ast-content-background-meta":{"desktop":{"background-color":"var(--ast-global-color-5)","background-image":"","background-repeat":"repeat","background-position":"center center","background-size":"auto","background-attachment":"scroll","background-type":"","background-media":"","overlay-type":"","overlay-color":"","overlay-opacity":"","overlay-gradient":""},"tablet":{"background-color":"var(--ast-global-color-5)","background-image":"","background-repeat":"repeat","background-position":"center center","background-size":"auto","background-attachment":"scroll","background-type":"","background-media":"","overlay-type":"","overlay-color":"","overlay-opacity":"","overlay-gradient":""},"mobile":{"background-color":"var(--ast-global-color-5)","background-image":"","background-repeat":"repeat","background-position":"center center","background-size":"auto","background-attachment":"scroll","background-type":"","background-media":"","overlay-type":"","overlay-color":"","overlay-opacity":"","overlay-gradient":""}},"footnotes":""},"class_list":["post-2469","page","type-page","status-publish","hentry"],"post_mailing_queue_ids":[],"_links":{"self":[{"href":"https:\/\/agora.xtec.cat\/iestorreroja\/wp-json\/wp\/v2\/pages\/2469","targetHints":{"allow":["GET"]}}],"collection":[{"href":"https:\/\/agora.xtec.cat\/iestorreroja\/wp-json\/wp\/v2\/pages"}],"about":[{"href":"https:\/\/agora.xtec.cat\/iestorreroja\/wp-json\/wp\/v2\/types\/page"}],"author":[{"embeddable":true,"href":"https:\/\/agora.xtec.cat\/iestorreroja\/wp-json\/wp\/v2\/users\/1"}],"replies":[{"embeddable":true,"href":"https:\/\/agora.xtec.cat\/iestorreroja\/wp-json\/wp\/v2\/comments?post=2469"}],"version-history":[{"count":7,"href":"https:\/\/agora.xtec.cat\/iestorreroja\/wp-json\/wp\/v2\/pages\/2469\/revisions"}],"predecessor-version":[{"id":12180,"href":"https:\/\/agora.xtec.cat\/iestorreroja\/wp-json\/wp\/v2\/pages\/2469\/revisions\/12180"}],"up":[{"embeddable":true,"href":"https:\/\/agora.xtec.cat\/iestorreroja\/wp-json\/wp\/v2\/pages\/489"}],"wp:attachment":[{"href":"https:\/\/agora.xtec.cat\/iestorreroja\/wp-json\/wp\/v2\/media?parent=2469"}],"curies":[{"name":"wp","href":"https:\/\/api.w.org\/{rel}","templated":true}]}}