{"id":569,"date":"2017-09-11T19:58:00","date_gmt":"2017-09-11T17:58:00","guid":{"rendered":"http:\/\/agora.xtec.cat\/iestorredembarra\/?page_id=569"},"modified":"2025-10-24T11:14:15","modified_gmt":"2025-10-24T09:14:15","slug":"llengues-estrangeres","status":"publish","type":"page","link":"https:\/\/agora.xtec.cat\/iestorredembarra\/departaments\/llengues-estrangeres\/","title":{"rendered":"Lleng\u00fces estrangeres"},"content":{"rendered":"<p><a href=\"https:\/\/sites.google.com\/instorredembarra.cat\/idiomes\/\">Lloc web del Departament de Lleng\u00fces Estrangeres<\/a><\/p>\n<table style=\"border-collapse: collapse; width: 42.6426%; height: 216px;\">\n<tbody>\n<tr>\n<td style=\"width: 100%; text-align: center;\"><strong>Professorat curs 2025\/26<\/strong><\/td>\n<\/tr>\n<tr>\n<td style=\"width: 100%;\">Cristina Cort\u00e9s Moran (Cap de departament)<\/td>\n<\/tr>\n<tr>\n<td style=\"width: 100%;\">Lola Chica Salas<\/td>\n<\/tr>\n<tr>\n<td style=\"width: 100%;\">Cedric Leiglat (Coordinador de biblioteca\/Erasmus)<\/td>\n<\/tr>\n<tr>\n<td style=\"width: 100%;\">Ant\u00f2nia Macias Marquez (Tutora de 2n ESO E)<\/td>\n<\/tr>\n<tr>\n<td style=\"width: 100%;\">Javier N\u00fa\u00f1ez Dig\u00f3n (Tutor de 1r ESO B)<\/td>\n<\/tr>\n<tr>\n<td style=\"width: 100%;\">Patr\u00edcia Orcajo Jimenez (Directora)<\/td>\n<\/tr>\n<tr>\n<td style=\"width: 100%;\">Isabel Quir\u00f3s Labella (Coordinadora 2n cicle d&#8217;ESO)<\/td>\n<\/tr>\n<tr>\n<td style=\"width: 100%;\">Ant\u00eda Ca\u00f1izo Lado<\/td>\n<\/tr>\n<tr>\n<td style=\"width: 100%;\">Sergi Roura Planas<\/td>\n<\/tr>\n<tr>\n<td style=\"width: 100%;\">M\u00aa Carmen Mu\u00f1oz Gardo (Tutora de 4t ESO B)<\/td>\n<\/tr>\n<\/tbody>\n<\/table>\n<p>&nbsp;<\/p>\n","protected":false},"excerpt":{"rendered":"<p><a href=\"https:\/\/sites.google.com\/instorredembarra.cat\/idiomes\/\">Lloc web del Departament de Lleng\u00fces Estrangeres<\/a><\/p>\n<p>Professorat curs 2025\/26<\/p>\n<p>Cristina Cort\u00e9s Moran (Cap de departament)<\/p>\n<p>Lola Chica Salas<\/p>\n<p>Cedric Leiglat (Coordinador de biblioteca\/Erasmus)<\/p>\n<p>Ant\u00f2nia Macias Marquez (Tutora de 2n ESO E)<\/p>\n<p>Javier N\u00fa\u00f1ez Dig\u00f3n (Tutor de 1r ESO B)<\/p>\n<p>Patr\u00edcia Orcajo Jimenez (Directora)<\/p>\n<p>Isabel Quir\u00f3s Labella (Coordinadora 2n cicle d&#8217;ESO)<\/p>\n<p>Ant\u00eda Ca\u00f1izo&hellip;  <a href=\"https:\/\/agora.xtec.cat\/iestorredembarra\/departaments\/llengues-estrangeres\/\" title=\"Read Lleng\u00fces estrangeres\">Llegeix m\u00e9s\u00bb<\/a><\/p>\n","protected":false},"author":1,"featured_media":0,"parent":595,"menu_order":50,"comment_status":"closed","ping_status":"closed","template":"page-templates\/side-menu.php","meta":{"_bbp_topic_count":0,"_bbp_reply_count":0,"_bbp_total_topic_count":0,"_bbp_total_reply_count":0,"_bbp_voice_count":0,"_bbp_anonymous_reply_count":0,"_bbp_topic_count_hidden":0,"_bbp_reply_count_hidden":0,"_bbp_forum_subforum_count":0,"footnotes":""},"class_list":["post-569","page","type-page","status-publish","hentry"],"post_mailing_queue_ids":[],"_links":{"self":[{"href":"https:\/\/agora.xtec.cat\/iestorredembarra\/wp-json\/wp\/v2\/pages\/569","targetHints":{"allow":["GET"]}}],"collection":[{"href":"https:\/\/agora.xtec.cat\/iestorredembarra\/wp-json\/wp\/v2\/pages"}],"about":[{"href":"https:\/\/agora.xtec.cat\/iestorredembarra\/wp-json\/wp\/v2\/types\/page"}],"author":[{"embeddable":true,"href":"https:\/\/agora.xtec.cat\/iestorredembarra\/wp-json\/wp\/v2\/users\/1"}],"replies":[{"embeddable":true,"href":"https:\/\/agora.xtec.cat\/iestorredembarra\/wp-json\/wp\/v2\/comments?post=569"}],"version-history":[{"count":6,"href":"https:\/\/agora.xtec.cat\/iestorredembarra\/wp-json\/wp\/v2\/pages\/569\/revisions"}],"predecessor-version":[{"id":23045,"href":"https:\/\/agora.xtec.cat\/iestorredembarra\/wp-json\/wp\/v2\/pages\/569\/revisions\/23045"}],"up":[{"embeddable":true,"href":"https:\/\/agora.xtec.cat\/iestorredembarra\/wp-json\/wp\/v2\/pages\/595"}],"wp:attachment":[{"href":"https:\/\/agora.xtec.cat\/iestorredembarra\/wp-json\/wp\/v2\/media?parent=569"}],"curies":[{"name":"wp","href":"https:\/\/api.w.org\/{rel}","templated":true}]}}