{"id":23410,"date":"2026-02-24T10:44:24","date_gmt":"2026-02-24T09:44:24","guid":{"rendered":"https:\/\/agora.xtec.cat\/iestorredembarra\/?page_id=23410"},"modified":"2026-02-24T10:44:24","modified_gmt":"2026-02-24T09:44:24","slug":"aportacio-voluntaria-de-les-families-eso-i-batxillerat","status":"publish","type":"page","link":"https:\/\/agora.xtec.cat\/iestorredembarra\/linstitut\/transparencia\/aportacio-voluntaria-de-les-families-eso-i-batxillerat\/","title":{"rendered":"Aportaci\u00f3 volunt\u00e0ria de les fam\u00edlies ESO i Batxillerat"},"content":{"rendered":"<p>S\u2019estableix una contribuci\u00f3 econ\u00f2mica de car\u00e0cter voluntari per part de les fam\u00edlies, fixada en 40 \u20ac per alumne\/a i curs acad\u00e8mic, en concepte de participaci\u00f3 en les despeses generals vinculades a l\u2019activitat acad\u00e8mica.<\/p>\n<p>Aquest import es fa efectiu en el moment de la matr\u00edcula o de la confirmaci\u00f3 de pla\u00e7a.<\/p>\n","protected":false},"excerpt":{"rendered":"<p>S\u2019estableix una contribuci\u00f3 econ\u00f2mica de car\u00e0cter voluntari per part de les fam\u00edlies, fixada en 40 \u20ac per alumne\/a i curs acad\u00e8mic, en concepte de participaci\u00f3 en les despeses generals vinculades a l\u2019activitat acad\u00e8mica.<br \/>\nAquest import es fa efectiu en el moment de la matr\u00edcula o de&hellip;  <a href=\"https:\/\/agora.xtec.cat\/iestorredembarra\/linstitut\/transparencia\/aportacio-voluntaria-de-les-families-eso-i-batxillerat\/\" title=\"Read Aportaci\u00f3 volunt\u00e0ria de les fam\u00edlies ESO i Batxillerat\">Llegeix m\u00e9s\u00bb<\/a><\/p>\n","protected":false},"author":1,"featured_media":0,"parent":23389,"menu_order":0,"comment_status":"closed","ping_status":"closed","template":"","meta":{"_bbp_topic_count":0,"_bbp_reply_count":0,"_bbp_total_topic_count":0,"_bbp_total_reply_count":0,"_bbp_voice_count":0,"_bbp_anonymous_reply_count":0,"_bbp_topic_count_hidden":0,"_bbp_reply_count_hidden":0,"_bbp_forum_subforum_count":0,"footnotes":""},"class_list":["post-23410","page","type-page","status-publish","hentry"],"post_mailing_queue_ids":[],"_links":{"self":[{"href":"https:\/\/agora.xtec.cat\/iestorredembarra\/wp-json\/wp\/v2\/pages\/23410","targetHints":{"allow":["GET"]}}],"collection":[{"href":"https:\/\/agora.xtec.cat\/iestorredembarra\/wp-json\/wp\/v2\/pages"}],"about":[{"href":"https:\/\/agora.xtec.cat\/iestorredembarra\/wp-json\/wp\/v2\/types\/page"}],"author":[{"embeddable":true,"href":"https:\/\/agora.xtec.cat\/iestorredembarra\/wp-json\/wp\/v2\/users\/1"}],"replies":[{"embeddable":true,"href":"https:\/\/agora.xtec.cat\/iestorredembarra\/wp-json\/wp\/v2\/comments?post=23410"}],"version-history":[{"count":1,"href":"https:\/\/agora.xtec.cat\/iestorredembarra\/wp-json\/wp\/v2\/pages\/23410\/revisions"}],"predecessor-version":[{"id":23411,"href":"https:\/\/agora.xtec.cat\/iestorredembarra\/wp-json\/wp\/v2\/pages\/23410\/revisions\/23411"}],"up":[{"embeddable":true,"href":"https:\/\/agora.xtec.cat\/iestorredembarra\/wp-json\/wp\/v2\/pages\/23389"}],"wp:attachment":[{"href":"https:\/\/agora.xtec.cat\/iestorredembarra\/wp-json\/wp\/v2\/media?parent=23410"}],"curies":[{"name":"wp","href":"https:\/\/api.w.org\/{rel}","templated":true}]}}