{"id":18491,"date":"2022-03-30T11:08:19","date_gmt":"2022-03-30T09:08:19","guid":{"rendered":"https:\/\/agora.xtec.cat\/iestorredembarra\/?page_id=18491"},"modified":"2022-09-28T09:42:09","modified_gmt":"2022-09-28T07:42:09","slug":"diagnosi","status":"publish","type":"page","link":"https:\/\/agora.xtec.cat\/iestorredembarra\/projecte-educatiu\/edc\/diagnosi\/","title":{"rendered":"Diagnosi"},"content":{"rendered":"<p>Per realizar la diagnosi del nostre centre hem utilitzat l&#8217;eina SELFIE. Aquesta eina reuneix les opinions de l&#8217;equip directiu, el professorat i l&#8217;alumnat i les compara proporcionant una imatge del centre respecte a la estrat\u00e8gia i la pr\u00e0ctica en l&#8217;\u00fas de tecnologies digitals d&#8217;aprenentatge.<\/p>\n<p>Aix\u00ed doncs, un cop feta la diagnosi del nostre centre els resultats van ser els seg\u00fcents.<\/p>\n<p><a href=\"https:\/\/agora.xtec.cat\/iestorredembarra\/wp-content\/uploads\/usu487\/2022\/06\/selfie.jpg\"><img loading=\"lazy\" decoding=\"async\" class=\"alignnone size-full wp-image-18778\" src=\"https:\/\/agora.xtec.cat\/iestorredembarra\/wp-content\/uploads\/usu487\/2022\/06\/selfie.jpg\" alt=\"\" width=\"620\" height=\"798\" srcset=\"https:\/\/agora.xtec.cat\/iestorredembarra\/wp-content\/uploads\/usu487\/2022\/06\/selfie.jpg 620w, https:\/\/agora.xtec.cat\/iestorredembarra\/wp-content\/uploads\/usu487\/2022\/06\/selfie-233x300.jpg 233w\" sizes=\"auto, (max-width: 620px) 100vw, 620px\" \/><\/a><\/p>\n<p>&nbsp;<\/p>\n<p>En base a aquesta diagnosi hem pogut determinar els seg\u00fcents punts forts i febles de cadascuna de les categories analitzades.<\/p>\n<p style=\"text-align: left;\"><strong><span style=\"color: #993366;\">ESTRAT\u00c8GIA LIDERATGE I GESTI\u00d3<\/span><\/strong><\/p>\n<table style=\"border-collapse: collapse; width: 66.1349%; height: 93px;\">\n<tbody>\n<tr>\n<td style=\"width: 50%; text-align: center;\"><strong>PUNTS FORTS<\/strong><\/td>\n<td style=\"width: 50%; text-align: center;\"><strong>PUNTS FEBLES<\/strong><\/td>\n<\/tr>\n<tr>\n<td style=\"width: 50%;\">Estrat\u00e8gia digital<\/td>\n<td style=\"width: 50%;\">Desenvolupament de la estrat\u00e8gia amb el professorat<\/td>\n<\/tr>\n<tr>\n<td style=\"width: 50%;\">Noves modalitats d&#8217;ensenyament<\/td>\n<td style=\"width: 50%;\"><\/td>\n<\/tr>\n<\/tbody>\n<\/table>\n<p>&nbsp;<\/p>\n<p><strong><span style=\"color: #993366;\">COL\u00b7LABORACI\u00d3 I XARXES<br \/>\n<\/span><\/strong><\/p>\n<table style=\"border-collapse: collapse; width: 66.2799%; height: 66px;\">\n<tbody>\n<tr>\n<td style=\"width: 50%; text-align: center;\"><strong>PUNTS FORTS<\/strong><\/td>\n<td style=\"width: 50%; text-align: center;\"><strong>PUNTS FEBLES<\/strong><\/td>\n<\/tr>\n<tr>\n<td style=\"width: 50%;\">Col\u00b7laboracions<\/td>\n<td style=\"width: 50%;\">Avaluaci\u00f3 del progr\u00e9s<\/td>\n<\/tr>\n<tr>\n<td style=\"width: 50%;\"><\/td>\n<td style=\"width: 50%;\">Debat sobre l&#8217;\u00fas de la tecnologia<\/td>\n<\/tr>\n<\/tbody>\n<\/table>\n<p><strong><span style=\"color: #993366;\">INFRAESTRUCTURES I SERVEIS<\/span><\/strong><\/p>\n<table style=\"width: 66.6717%; height: 99px;\">\n<tbody>\n<tr style=\"height: 33px;\">\n<td style=\"height: 33px; width: 49.62%; text-align: center;\"><strong>PUNTS FORTS<\/strong><\/td>\n<td style=\"height: 33px; width: 49.2942%; text-align: center;\"><strong>PUNTS FEBLES<\/strong><\/td>\n<\/tr>\n<tr style=\"height: 33px;\">\n<td style=\"height: 33px; width: 49.62%;\">Infraestructura<\/td>\n<td style=\"height: 33px; width: 49.2942%;\"><\/td>\n<\/tr>\n<tr style=\"height: 33px;\">\n<td style=\"height: 33px; width: 49.62%;\">Dispositius digitals per l&#8217;ensenyament<\/td>\n<td style=\"height: 33px; width: 49.2942%;\"><\/td>\n<\/tr>\n<tr>\n<td style=\"width: 49.62%;\">Acc\u00e9s a internet<\/td>\n<td style=\"width: 49.2942%;\"><\/td>\n<\/tr>\n<tr>\n<td style=\"width: 49.62%;\">Assist\u00e8ncia t\u00e8cnica<\/td>\n<td style=\"width: 49.2942%;\"><\/td>\n<\/tr>\n<tr>\n<td style=\"width: 49.62%;\">Protecci\u00f3 de dades<\/td>\n<td style=\"width: 49.2942%;\"><\/td>\n<\/tr>\n<tr>\n<td style=\"width: 49.62%;\">Dispositius digitals per l&#8217;aprenentatge<\/td>\n<td style=\"width: 49.2942%;\"><\/td>\n<\/tr>\n<\/tbody>\n<\/table>\n<p><strong><span style=\"color: #993366;\">DESENVOLUPAMENT PROFESSIONAL<\/span><\/strong><\/p>\n<table style=\"height: 147px; width: 66.9101%;\">\n<tbody>\n<tr style=\"height: 37px;\">\n<td style=\"height: 37px; width: 49.6767%; text-align: center;\"><strong>PUNTS FORTS<\/strong><\/td>\n<td style=\"height: 37px; width: 48.8146%; text-align: center;\"><strong>PUNTS FEBLES<\/strong><\/td>\n<\/tr>\n<tr style=\"height: 35px;\">\n<td style=\"height: 35px; width: 49.6767%;\"><\/td>\n<td style=\"height: 35px; width: 48.8146%;\">Necessitats de DPC<\/td>\n<\/tr>\n<tr style=\"height: 34px;\">\n<td style=\"height: 34px; width: 49.6767%;\">Participaci\u00f3 en el DPC<\/td>\n<td style=\"height: 34px; width: 48.8146%;\"><\/td>\n<\/tr>\n<tr style=\"height: 41px;\">\n<td style=\"height: 41px; width: 49.6767%;\"><\/td>\n<td style=\"height: 41px; width: 48.8146%;\">Intercanvi d&#8217;experi\u00e8ncies<\/td>\n<\/tr>\n<\/tbody>\n<\/table>\n<p><strong><span style=\"color: #993366;\">PEDAGOGIA: IMPLEMENTACI\u00d3 A L&#8217;AULA<\/span><\/strong><\/p>\n<table style=\"width: 67.1969%; height: 114px;\">\n<tbody>\n<tr>\n<td style=\"width: 49.4692%; text-align: center;\"><strong>PUNTS FORTS<\/strong><\/td>\n<td style=\"width: 48.085%; text-align: center;\"><strong>PUNTS FEBLES<\/strong><\/td>\n<\/tr>\n<tr>\n<td style=\"width: 49.4692%;\">Adaptaci\u00f3 de les necessitats de l&#8217;alumnat<\/td>\n<td style=\"width: 48.085%;\"><\/td>\n<\/tr>\n<tr>\n<td style=\"width: 49.4692%;\">Foment de la creativitat<\/td>\n<td style=\"width: 48.085%;\"><\/td>\n<\/tr>\n<tr>\n<td style=\"width: 49.4692%;\">Implicaci\u00f3 de l&#8217;alumnat<\/td>\n<td style=\"width: 48.085%;\"><\/td>\n<\/tr>\n<tr>\n<td style=\"width: 49.4692%;\">Col\u00b7laboraci\u00f3 de l&#8217;alumnat<\/td>\n<td style=\"width: 48.085%;\"><\/td>\n<\/tr>\n<tr>\n<td style=\"width: 49.4692%;\">Projectes interdisciplinars<\/td>\n<td style=\"width: 48.085%;\"><\/td>\n<\/tr>\n<\/tbody>\n<\/table>\n<p><strong><span style=\"color: #993366;\">PR\u00c0CTICA D&#8217;AVALUACI\u00d3<\/span><\/strong><\/p>\n<table style=\"width: 67.5537%; height: 87px;\">\n<tbody>\n<tr>\n<td style=\"width: 49.5781%; text-align: center;\"><strong>PUNTS FORTS<\/strong><\/td>\n<td style=\"width: 47.8903%; text-align: center;\"><strong>PUNTS FEBLES<\/strong><\/td>\n<\/tr>\n<tr>\n<td style=\"width: 49.5781%;\"><\/td>\n<td style=\"width: 47.8903%;\">Avaluaci\u00f3 de les capacitats<\/td>\n<\/tr>\n<tr>\n<td style=\"width: 49.5781%;\"><\/td>\n<td style=\"width: 47.8903%;\">Retroalimentaci\u00f3 adequada<\/td>\n<\/tr>\n<tr>\n<td style=\"width: 49.5781%;\"><\/td>\n<td style=\"width: 47.8903%;\">Autoreflexi\u00f3 sobre l&#8217;aprenentatge<\/td>\n<\/tr>\n<tr>\n<td style=\"width: 49.5781%;\"><\/td>\n<td style=\"width: 47.8903%;\">Comentaris a la resta d&#8217;alumnes sobre la seva feina<\/td>\n<\/tr>\n<\/tbody>\n<\/table>\n<p><strong><span style=\"color: #993366;\">COMPET\u00c8NCIA DIGITAL DE L&#8217;ALUMNAT<\/span><\/strong><\/p>\n<table style=\"width: 68.2302%; height: 214px;\">\n<tbody>\n<tr>\n<td style=\"width: 49.635%; text-align: center;\"><strong>PUNTS FORTS<\/strong><\/td>\n<td style=\"width: 47.6538%; text-align: center;\"><strong>PUNTS FEBLES<\/strong><\/td>\n<\/tr>\n<tr>\n<td style=\"width: 49.635%;\">Comportament segur<\/td>\n<td style=\"width: 47.6538%;\"><\/td>\n<\/tr>\n<tr>\n<td style=\"width: 49.635%;\">Comportament responsable<\/td>\n<td style=\"width: 47.6538%;\"><\/td>\n<\/tr>\n<tr>\n<td style=\"width: 49.635%;\">Verificar la qualitat de la informaci\u00f3<\/td>\n<td style=\"width: 47.6538%;\"><\/td>\n<\/tr>\n<tr>\n<td style=\"width: 49.635%;\">Otorgar reconeixement al treball de la resta<\/td>\n<td style=\"width: 47.6538%;\"><\/td>\n<\/tr>\n<tr>\n<td style=\"width: 49.635%;\">Creaci\u00f3 de continguts digitals<\/td>\n<td style=\"width: 47.6538%;\"><\/td>\n<\/tr>\n<tr>\n<td style=\"width: 49.635%;\">Apendre a comunicar-se<\/td>\n<td style=\"width: 47.6538%;\"><\/td>\n<\/tr>\n<\/tbody>\n<\/table>\n<p>&nbsp;<\/p>\n","protected":false},"excerpt":{"rendered":"<p>Per realizar la diagnosi del nostre centre hem utilitzat l&#8217;eina SELFIE. Aquesta eina reuneix les opinions de l&#8217;equip directiu, el professorat i l&#8217;alumnat i les compara proporcionant una imatge del centre respecte a la estrat\u00e8gia i la pr\u00e0ctica en l&#8217;\u00fas de tecnologies digitals d&#8217;aprenentatge.<br \/>\nAix\u00ed doncs,&hellip;  <a href=\"https:\/\/agora.xtec.cat\/iestorredembarra\/projecte-educatiu\/edc\/diagnosi\/\" title=\"Read Diagnosi\">Llegeix m\u00e9s\u00bb<\/a><\/p>\n","protected":false},"author":1,"featured_media":0,"parent":18481,"menu_order":0,"comment_status":"closed","ping_status":"closed","template":"page-templates\/side-menu.php","meta":{"_bbp_topic_count":0,"_bbp_reply_count":0,"_bbp_total_topic_count":0,"_bbp_total_reply_count":0,"_bbp_voice_count":0,"_bbp_anonymous_reply_count":0,"_bbp_topic_count_hidden":0,"_bbp_reply_count_hidden":0,"_bbp_forum_subforum_count":0,"footnotes":""},"class_list":["post-18491","page","type-page","status-publish","hentry"],"post_mailing_queue_ids":[],"_links":{"self":[{"href":"https:\/\/agora.xtec.cat\/iestorredembarra\/wp-json\/wp\/v2\/pages\/18491","targetHints":{"allow":["GET"]}}],"collection":[{"href":"https:\/\/agora.xtec.cat\/iestorredembarra\/wp-json\/wp\/v2\/pages"}],"about":[{"href":"https:\/\/agora.xtec.cat\/iestorredembarra\/wp-json\/wp\/v2\/types\/page"}],"author":[{"embeddable":true,"href":"https:\/\/agora.xtec.cat\/iestorredembarra\/wp-json\/wp\/v2\/users\/1"}],"replies":[{"embeddable":true,"href":"https:\/\/agora.xtec.cat\/iestorredembarra\/wp-json\/wp\/v2\/comments?post=18491"}],"version-history":[{"count":4,"href":"https:\/\/agora.xtec.cat\/iestorredembarra\/wp-json\/wp\/v2\/pages\/18491\/revisions"}],"predecessor-version":[{"id":18978,"href":"https:\/\/agora.xtec.cat\/iestorredembarra\/wp-json\/wp\/v2\/pages\/18491\/revisions\/18978"}],"up":[{"embeddable":true,"href":"https:\/\/agora.xtec.cat\/iestorredembarra\/wp-json\/wp\/v2\/pages\/18481"}],"wp:attachment":[{"href":"https:\/\/agora.xtec.cat\/iestorredembarra\/wp-json\/wp\/v2\/media?parent=18491"}],"curies":[{"name":"wp","href":"https:\/\/api.w.org\/{rel}","templated":true}]}}