{"id":8850,"date":"2024-03-05T12:52:36","date_gmt":"2024-03-05T11:52:36","guid":{"rendered":"https:\/\/agora.xtec.cat\/iestorredelpalau\/?page_id=8850"},"modified":"2026-05-04T10:42:33","modified_gmt":"2026-05-04T08:42:33","slug":"preinscripcions-eso-2024-25","status":"publish","type":"page","link":"https:\/\/agora.xtec.cat\/iestorredelpalau\/preinscripcio-eso-2025-26\/preinscripcions-eso-2024-25\/","title":{"rendered":"Preinscripcions ESO 2026-27"},"content":{"rendered":"<div style=\"font-family: 'Segoe UI', Roboto, sans-serif; max-width: 1000px; margin: 0 auto; color: #3b82f6; padding: 20px;\">\n<div style=\"text-align: center; margin-bottom: 40px;\">\n<h1 style=\"font-size: 28px; font-weight: 800; color: #3b82f6; text-transform: uppercase; margin-bottom: 10px; border-bottom: 3px solid #3B82F6; display: inline-block; padding-bottom: 10px;\">Documents per a la Preinscripci\u00f3 ESO<\/h1>\n<\/div>\n<div style=\"display: grid; grid-template-columns: repeat(auto-fit, minmax(340px, 1fr)); gap: 25px;\">\n<div style=\"border: 2px solid #3B82F6; border-radius: 15px; overflow: hidden; background: white; display: flex; flex-direction: column;\">\n<div style=\"background: #3B82F6; color: white; padding: 15px; font-weight: bold; text-align: center; font-size: 13px; text-transform: uppercase; min-height: 45px; display: flex; align-items: center; justify-content: center;\">ESO_INFORME_OFERTA_OME_INICIAL<\/div>\n<div style=\"padding: 15px; text-align: center; background: #f0f7ff; flex-grow: 1;\"><iframe style=\"border: 1px solid #3B82F6; border-radius: 10px; width: 100%; max-width: 340px;\" src=\"https:\/\/drive.google.com\/file\/d\/18YX4Q-yCPUz8_61-yNPCH31NEf3fCDjN\/preview\" height=\"280\"><\/iframe><\/div>\n<\/div>\n<div style=\"border: 2px solid #3B82F6; border-radius: 15px; overflow: hidden; background: white; display: flex; flex-direction: column;\">\n<div style=\"background: #3B82F6; color: white; padding: 15px; font-weight: bold; text-align: center; font-size: 13px; text-transform: uppercase; min-height: 45px; display: flex; align-items: center; justify-content: center;\">ESO_LLISTA_SOL\u00b7LICITUDS_PUNTUACI\u00d3_PROVISIONAL<\/div>\n<div style=\"padding: 15px; text-align: center; background: #f0f7ff; flex-grow: 1;\"><iframe style=\"border: 1px solid #3B82F6; border-radius: 10px; width: 100%; max-width: 340px;\" src=\"https:\/\/drive.google.com\/file\/d\/1FG5N1gO2sRRSti8y69UVUpjF_4SX-OL0\/preview\" height=\"280\"><\/iframe><\/div>\n<\/div>\n<div style=\"border: 2px solid #3B82F6; border-radius: 15px; overflow: hidden; background: white; display: flex; flex-direction: column;\">\n<div style=\"background: #3B82F6; color: white; padding: 15px; font-weight: bold; text-align: center; font-size: 13px; text-transform: uppercase; min-height: 45px; display: flex; align-items: center; justify-content: center;\">INFORME_BAREM_RESOLTES_RECLAMACIONS<\/div>\n<div style=\"padding: 15px; text-align: center; background: #f0f7ff; flex-grow: 1;\"><iframe style=\"border: 1px solid #3B82F6; border-radius: 10px; width: 100%; max-width: 340px;\" src=\"https:\/\/drive.google.com\/file\/d\/1tae0YMzUMBzDtTh6LPhdiSkFxyng0Hza\/preview\" height=\"280\"><\/iframe><\/div>\n<\/div>\n<div style=\"border: 2px solid #3B82F6; border-radius: 15px; overflow: hidden; background: white; display: flex; flex-direction: column;\">\n<div style=\"background: #3B82F6; color: white; padding: 15px; font-weight: bold; text-align: center; font-size: 13px; text-transform: uppercase; min-height: 45px; display: flex; align-items: center; justify-content: center;\">INFORME_BAREM_DEFINITIU_ESO<\/div>\n<div style=\"padding: 15px; text-align: center; background: #f0f7ff; flex-grow: 1;\"><iframe style=\"border: 1px solid #3B82F6; border-radius: 10px; width: 100%; max-width: 340px;\" src=\"https:\/\/drive.google.com\/file\/d\/1bNUvnjtkclThPAQepknRJrY1jHgYKMYY\/preview\" height=\"280\"><\/iframe><\/div>\n<\/div>\n<div style=\"border: 2px solid #3B82F6; border-radius: 15px; overflow: hidden; background: white; display: flex; flex-direction: column;\">\n<div style=\"background: #3B82F6; color: white; padding: 15px; font-weight: bold; text-align: center; font-size: 13px; text-transform: uppercase; min-height: 45px; display: flex; align-items: center; justify-content: center;\">N\u00daMERO DE SORTEIG<\/div>\n<div style=\"padding: 15px; text-align: center; background: #f0f7ff; flex-grow: 1;\"><iframe style=\"border: 1px solid #3B82F6; border-radius: 10px; width: 100%; max-width: 340px;\" src=\"https:\/\/drive.google.com\/file\/d\/1dLJRKhbxxlJaCsN_yDboTJzg9z-9Paov\/preview\" height=\"280\"><\/iframe><\/div>\n<\/div>\n<div style=\"border: 2px solid #3B82F6; border-radius: 15px; overflow: hidden; background: white; display: flex; flex-direction: column;\">\n<div style=\"background: #3B82F6; color: white; padding: 15px; font-weight: bold; text-align: center; font-size: 13px; text-transform: uppercase; min-height: 45px; display: flex; align-items: center; justify-content: center;\">RESOLUCI\u00d3 EDF2932026 DE 6 DE FEBRER<\/div>\n<div style=\"padding: 15px; text-align: center; background: #f0f7ff; flex-grow: 1;\"><iframe style=\"border: 1px solid #3B82F6; border-radius: 10px; width: 100%; max-width: 340px;\" src=\"https:\/\/drive.google.com\/file\/d\/1x1c7nBUBaEgZ0xjPA1Xj8dSnT2arE254\/preview\" height=\"280\"><\/iframe><\/div>\n<\/div>\n<div style=\"border: 2px solid #3B82F6; border-radius: 15px; overflow: hidden; background: white; display: flex; flex-direction: column;\">\n<div style=\"background: #3B82F6; color: white; padding: 15px; font-weight: bold; text-align: center; font-size: 13px; text-transform: uppercase; min-height: 45px; display: flex; align-items: center; justify-content: center;\">PREINSCRIPCI\u00d3 ESO 26-27_CALENDARI_CRITERIS I DOCUMENTS<\/div>\n<div style=\"padding: 15px; text-align: center; background: #f0f7ff; flex-grow: 1;\"><iframe style=\"border: 1px solid #3B82F6; border-radius: 10px; width: 100%; max-width: 340px;\" src=\"https:\/\/drive.google.com\/file\/d\/1Usbp-F_uMFitOeBOQMLf-TGttdlzg6T1\/preview\" height=\"280\"><\/iframe><\/div>\n<\/div>\n<div style=\"border: 2px solid #3B82F6; border-radius: 15px; overflow: hidden; background: white; display: flex; flex-direction: column;\">\n<div style=\"background: #3B82F6; color: white; padding: 15px; font-weight: bold; text-align: center; font-size: 13px; text-transform: uppercase; min-height: 45px; display: flex; align-items: center; justify-content: center;\">DECLARACI\u00d3 JURADA &#8211; RENOVACI\u00d3 NIF \/ NIE (ADRE\u00c7A)<\/div>\n<div style=\"padding: 15px; text-align: center; background: #f0f7ff; flex-grow: 1;\"><iframe style=\"border: 1px solid #3B82F6; border-radius: 10px; width: 100%; max-width: 340px;\" src=\"https:\/\/drive.google.com\/file\/d\/1IHzzswmMqE7HP0BVNfWUkK5SRsu3OHtJ\/preview\" height=\"280\"><\/iframe><\/div>\n<\/div>\n<div style=\"border: 2px solid #3B82F6; border-radius: 15px; overflow: hidden; background: white; display: flex; flex-direction: column;\">\n<div style=\"background: #3B82F6; color: white; padding: 15px; font-weight: bold; text-align: center; font-size: 13px; text-transform: uppercase; min-height: 45px; display: flex; align-items: center; justify-content: center;\">DUBTES I ERRORS FREQ\u00dcENTS DE LES FAM\u00cdLIES<\/div>\n<div style=\"padding: 15px; text-align: center; background: #f0f7ff; flex-grow: 1;\"><iframe style=\"border: 1px solid #3B82F6; border-radius: 10px; width: 100%; max-width: 340px;\" src=\"https:\/\/drive.google.com\/file\/d\/1Ku2KXBpxdD9AeEIIL96Wbf-ykxuibxX7\/preview\" height=\"280\"><\/iframe><\/div>\n<\/div>\n<div style=\"border: 2px solid #3B82F6; border-radius: 15px; overflow: hidden; background: white; display: flex; flex-direction: column;\">\n<div style=\"background: #3B82F6; color: white; padding: 15px; font-weight: bold; text-align: center; font-size: 13px; text-transform: uppercase; min-height: 45px; display: flex; align-items: center; justify-content: center;\">DECLARACI\u00d3 JURADA &#8211; SIMULTANEITAT M\u00daSICA ACC\u00c9S A 1GP<\/div>\n<div style=\"padding: 15px; text-align: center; background: #f0f7ff; flex-grow: 1;\"><iframe style=\"border: 1px solid #3B82F6; border-radius: 10px; width: 100%; max-width: 340px;\" src=\"https:\/\/drive.google.com\/file\/d\/1qM6-jgtYDtRQj1xJZ3oybVTgr3Yi1tsf\/preview\" height=\"280\"><\/iframe><\/div>\n<\/div>\n<div style=\"border: 2px solid #3B82F6; border-radius: 15px; overflow: hidden; background: white; display: flex; flex-direction: column;\">\n<div style=\"background: #3B82F6; color: white; padding: 15px; font-weight: bold; text-align: center; font-size: 13px; text-transform: uppercase; min-height: 45px; display: flex; align-items: center; justify-content: center;\">DECLARACI\u00d3 JURADA &#8211; SIMULTANEITAT M\u00daSICA CURSANT GP<\/div>\n<div style=\"padding: 15px; text-align: center; background: #f0f7ff; flex-grow: 1;\"><iframe style=\"border: 1px solid #3B82F6; border-radius: 10px; width: 100%; max-width: 340px;\" src=\"https:\/\/drive.google.com\/file\/d\/1ss31vdLPAXHNWnzcuQDk47E0T_a-vIez\/preview\" height=\"280\"><\/iframe><\/div>\n<\/div>\n<div style=\"border: 2px solid #3B82F6; border-radius: 15px; overflow: hidden; background: white; display: flex; flex-direction: column;\">\n<div style=\"background: #3B82F6; color: white; padding: 15px; font-weight: bold; text-align: center; font-size: 13px; text-transform: uppercase; min-height: 45px; display: flex; align-items: center; justify-content: center;\">ESO_CENTRES_REFER\u00c8NCIA_ESPORT_ALT_NIVELL<\/div>\n<div style=\"padding: 15px; text-align: center; background: #f0f7ff; flex-grow: 1;\"><iframe style=\"border: 1px solid #3B82F6; border-radius: 10px; width: 100%; max-width: 340px;\" src=\"https:\/\/drive.google.com\/file\/d\/1iaIre34d-gYNtZpicazr1elprcmj2462\/preview\" height=\"280\"><\/iframe><\/div>\n<\/div>\n<div style=\"border: 2px solid #3B82F6; border-radius: 15px; overflow: hidden; background: white; display: flex; flex-direction: column;\">\n<div style=\"background: #3B82F6; color: white; padding: 15px; font-weight: bold; text-align: center; font-size: 13px; text-transform: uppercase; min-height: 45px; display: flex; align-items: center; justify-content: center;\">ESO_CENTRES_REFER\u00c8NCIA_M\u00daSICA_DANSA<\/div>\n<div style=\"padding: 15px; text-align: center; background: #f0f7ff; flex-grow: 1;\"><iframe style=\"border: 1px solid #3B82F6; border-radius: 10px; width: 100%; max-width: 340px;\" src=\"https:\/\/drive.google.com\/file\/d\/1BN870WFKTGKWkK0wxdxPElIOIouD4trE\/preview\" height=\"280\"><\/iframe><\/div>\n<\/div>\n<\/div>\n<div style=\"text-align: center; padding: 40px 0;\"><a style=\"font-size: 14px; color: #3b82f6; text-decoration: none; font-weight: bold;\" href=\"#\">\u2191 TORNAR A L&#8217;INICI<\/a><\/div>\n<\/div>\n","protected":false},"excerpt":{"rendered":"<p>Documents per a la Preinscripci\u00f3 ESO ESO_INFORME_OFERTA_OME_INICIAL ESO_LLISTA_SOL\u00b7LICITUDS_PUNTUACI\u00d3_PROVISIONAL INFORME_BAREM_RESOLTES_RECLAMACIONS INFORME_BAREM_DEFINITIU_ESO N\u00daMERO DE SORTEIG RESOLUCI\u00d3 EDF2932026 DE 6 DE FEBRER PREINSCRIPCI\u00d3 ESO 26-27_CALENDARI_CRITERIS I DOCUMENTS DECLARACI\u00d3 JURADA &#8211; RENOVACI\u00d3 NIF \/ NIE (ADRE\u00c7A) DUBTES I ERRORS FREQ\u00dcENTS DE LES FAM\u00cdLIES DECLARACI\u00d3 JURADA &#8211; SIMULTANEITAT M\u00daSICA ACC\u00c9S A 1GP DECLARACI\u00d3 JURADA &#8211; SIMULTANEITAT M\u00daSICA CURSANT GP ESO_CENTRES_REFER\u00c8NCIA_ESPORT_ALT_NIVELL [&hellip;]<\/p>\n","protected":false},"author":1,"featured_media":0,"parent":8844,"menu_order":0,"comment_status":"closed","ping_status":"closed","template":"","meta":{"_bbp_topic_count":0,"_bbp_reply_count":0,"_bbp_total_topic_count":0,"_bbp_total_reply_count":0,"_bbp_voice_count":0,"_bbp_anonymous_reply_count":0,"_bbp_topic_count_hidden":0,"_bbp_reply_count_hidden":0,"_bbp_forum_subforum_count":0,"site-sidebar-layout":"default","site-content-layout":"","ast-site-content-layout":"default","site-content-style":"default","site-sidebar-style":"default","ast-global-header-display":"","ast-banner-title-visibility":"","ast-main-header-display":"","ast-hfb-above-header-display":"","ast-hfb-below-header-display":"","ast-hfb-mobile-header-display":"","site-post-title":"disabled","ast-breadcrumbs-content":"","ast-featured-img":"","footer-sml-layout":"","theme-transparent-header-meta":"default","adv-header-id-meta":"","stick-header-meta":"","header-above-stick-meta":"","header-main-stick-meta":"","header-below-stick-meta":"","astra-migrate-meta-layouts":"set","ast-page-background-enabled":"default","ast-page-background-meta":{"desktop":{"background-color":"var(--ast-global-color-4)","background-image":"","background-repeat":"repeat","background-position":"center center","background-size":"auto","background-attachment":"scroll","background-type":"","background-media":"","overlay-type":"","overlay-color":"","overlay-opacity":"","overlay-gradient":""},"tablet":{"background-color":"","background-image":"","background-repeat":"repeat","background-position":"center center","background-size":"auto","background-attachment":"scroll","background-type":"","background-media":"","overlay-type":"","overlay-color":"","overlay-opacity":"","overlay-gradient":""},"mobile":{"background-color":"","background-image":"","background-repeat":"repeat","background-position":"center center","background-size":"auto","background-attachment":"scroll","background-type":"","background-media":"","overlay-type":"","overlay-color":"","overlay-opacity":"","overlay-gradient":""}},"ast-content-background-meta":{"desktop":{"background-color":"var(--ast-global-color-5)","background-image":"","background-repeat":"repeat","background-position":"center center","background-size":"auto","background-attachment":"scroll","background-type":"","background-media":"","overlay-type":"","overlay-color":"","overlay-opacity":"","overlay-gradient":""},"tablet":{"background-color":"var(--ast-global-color-5)","background-image":"","background-repeat":"repeat","background-position":"center center","background-size":"auto","background-attachment":"scroll","background-type":"","background-media":"","overlay-type":"","overlay-color":"","overlay-opacity":"","overlay-gradient":""},"mobile":{"background-color":"var(--ast-global-color-5)","background-image":"","background-repeat":"repeat","background-position":"center center","background-size":"auto","background-attachment":"scroll","background-type":"","background-media":"","overlay-type":"","overlay-color":"","overlay-opacity":"","overlay-gradient":""}},"footnotes":""},"class_list":["post-8850","page","type-page","status-publish","hentry"],"post_mailing_queue_ids":[],"_links":{"self":[{"href":"https:\/\/agora.xtec.cat\/iestorredelpalau\/wp-json\/wp\/v2\/pages\/8850","targetHints":{"allow":["GET"]}}],"collection":[{"href":"https:\/\/agora.xtec.cat\/iestorredelpalau\/wp-json\/wp\/v2\/pages"}],"about":[{"href":"https:\/\/agora.xtec.cat\/iestorredelpalau\/wp-json\/wp\/v2\/types\/page"}],"author":[{"embeddable":true,"href":"https:\/\/agora.xtec.cat\/iestorredelpalau\/wp-json\/wp\/v2\/users\/1"}],"replies":[{"embeddable":true,"href":"https:\/\/agora.xtec.cat\/iestorredelpalau\/wp-json\/wp\/v2\/comments?post=8850"}],"version-history":[{"count":6,"href":"https:\/\/agora.xtec.cat\/iestorredelpalau\/wp-json\/wp\/v2\/pages\/8850\/revisions"}],"predecessor-version":[{"id":11413,"href":"https:\/\/agora.xtec.cat\/iestorredelpalau\/wp-json\/wp\/v2\/pages\/8850\/revisions\/11413"}],"up":[{"embeddable":true,"href":"https:\/\/agora.xtec.cat\/iestorredelpalau\/wp-json\/wp\/v2\/pages\/8844"}],"wp:attachment":[{"href":"https:\/\/agora.xtec.cat\/iestorredelpalau\/wp-json\/wp\/v2\/media?parent=8850"}],"curies":[{"name":"wp","href":"https:\/\/api.w.org\/{rel}","templated":true}]}}