{"id":773,"date":"2020-05-30T09:52:00","date_gmt":"2020-05-30T07:52:00","guid":{"rendered":"https:\/\/agora.xtec.cat\/iestona\/?page_id=773"},"modified":"2021-02-10T10:21:52","modified_gmt":"2021-02-10T09:21:52","slug":"estudi-assistit","status":"publish","type":"page","link":"https:\/\/agora.xtec.cat\/iestona\/projectes\/estudi-assistit\/","title":{"rendered":"Estudi Assistit"},"content":{"rendered":"<p style=\"text-align: justify;\">Un dels projectes que tenim a l&#8217;Institut de Tona \u00e9s el de l&#8217;Estudi Assistit. S\u00f3n unes classes de refor\u00e7 extraescolar, principalment en llengua catalana i matem\u00e0tiques, pensades per aquells alumnes que tenen inter\u00e8s per aprendre, per\u00f2 presenten algunes dificultats, i per a fam\u00edlies amb pocs recursos econ\u00f2mics.<\/p>\n<p style=\"text-align: justify;\">El professorat est\u00e0 format per professors jubilats voluntaris que hi participen de forma altruista i per alumnes de batxillerat que, pel seu bon expedient acad\u00e8mic, estan dins del <a href=\"https:\/\/agora.xtec.cat\/iestona\/projectes\/programa-dexcel%c2%b7lencia\/\">programa d&#8217;excel\u00b7l\u00e8ncia<\/a> de l&#8217;Institut i que, en compensaci\u00f3, tindran una beca durant el mes de juliol per estudiar l&#8217;idioma que ells vulguin.<\/p>\n<p style=\"text-align: justify;\">Tenint en compte la gran quantitat de persones interessades i les poques places disponibles, la proposta d&#8217;alumnes que poden rebre aquest ajut la realitza l&#8217;equip de professors de cada nivell i \u00e9s aprovada per la Comissi\u00f3 d&#8217;Atenci\u00f3 a la Diversitat.<\/p>\n<p>&nbsp;<\/p>\n","protected":false},"excerpt":{"rendered":"<p>Un dels projectes que tenim a l&#8217;Institut de Tona \u00e9s el de l&#8217;Estudi Assistit. S\u00f3n unes classes de refor\u00e7 extraescolar, principalment en llengua catalana i matem\u00e0tiques, pensades per aquells alumnes que tenen inter\u00e8s per aprendre, per\u00f2 presenten algunes dificultats, i per a fam\u00edlies amb pocs&hellip;  <a href=\"https:\/\/agora.xtec.cat\/iestona\/projectes\/estudi-assistit\/\" title=\"Read Estudi Assistit\">Llegeix m\u00e9s\u00bb<\/a><\/p>\n","protected":false},"author":1,"featured_media":0,"parent":678,"menu_order":80,"comment_status":"closed","ping_status":"closed","template":"","meta":{"_bbp_topic_count":0,"_bbp_reply_count":0,"_bbp_total_topic_count":0,"_bbp_total_reply_count":0,"_bbp_voice_count":0,"_bbp_anonymous_reply_count":0,"_bbp_topic_count_hidden":0,"_bbp_reply_count_hidden":0,"_bbp_forum_subforum_count":0,"footnotes":""},"class_list":["post-773","page","type-page","status-publish","hentry"],"post_mailing_queue_ids":[],"_links":{"self":[{"href":"https:\/\/agora.xtec.cat\/iestona\/wp-json\/wp\/v2\/pages\/773","targetHints":{"allow":["GET"]}}],"collection":[{"href":"https:\/\/agora.xtec.cat\/iestona\/wp-json\/wp\/v2\/pages"}],"about":[{"href":"https:\/\/agora.xtec.cat\/iestona\/wp-json\/wp\/v2\/types\/page"}],"author":[{"embeddable":true,"href":"https:\/\/agora.xtec.cat\/iestona\/wp-json\/wp\/v2\/users\/1"}],"replies":[{"embeddable":true,"href":"https:\/\/agora.xtec.cat\/iestona\/wp-json\/wp\/v2\/comments?post=773"}],"version-history":[{"count":3,"href":"https:\/\/agora.xtec.cat\/iestona\/wp-json\/wp\/v2\/pages\/773\/revisions"}],"predecessor-version":[{"id":1608,"href":"https:\/\/agora.xtec.cat\/iestona\/wp-json\/wp\/v2\/pages\/773\/revisions\/1608"}],"up":[{"embeddable":true,"href":"https:\/\/agora.xtec.cat\/iestona\/wp-json\/wp\/v2\/pages\/678"}],"wp:attachment":[{"href":"https:\/\/agora.xtec.cat\/iestona\/wp-json\/wp\/v2\/media?parent=773"}],"curies":[{"name":"wp","href":"https:\/\/api.w.org\/{rel}","templated":true}]}}