{"id":6226,"date":"2026-01-24T18:25:32","date_gmt":"2026-01-24T17:25:32","guid":{"rendered":"https:\/\/agora.xtec.cat\/iestona\/?page_id=6226"},"modified":"2026-01-24T18:28:10","modified_gmt":"2026-01-24T17:28:10","slug":"pfi-auxiliar-vivers-i-jardins","status":"publish","type":"page","link":"https:\/\/agora.xtec.cat\/iestona\/linstitut\/estudis\/cicles-formatius\/pfi-auxiliar-vivers-i-jardins\/","title":{"rendered":"PFI Auxiliar Vivers i Jardins"},"content":{"rendered":"<p>Els estudis tenen una durada total de 1.000 hores distribu\u00efdes en un curs acad\u00e8mic i es vol proporcionar a joves de 16 a 21 anys que no hagin obtingut el t\u00edtol de l\u2019ESO la possibilitat de continuar estudis de formaci\u00f3 professional.<\/p>\n<p>Inclou m\u00f2duls de formaci\u00f3 general i m\u00f2duls de formaci\u00f3 professional i dins d\u2019aquests \u00faltims trobem les pr\u00e0ctiques en empresa.<\/p>\n<p>El curs es realitza a l\u2019Escola d\u2019Hostaleria d\u2019Osona ubicada al Passeig de la Su\u00efssa, s\/n de Tona.<\/p>\n<p><a href=\"https:\/\/agora.xtec.cat\/iestona\/wp-content\/uploads\/usu2191\/2026\/01\/Triptic-PFI-Vivers.pdf\">Tr\u00edptic informatiu<\/a><\/p>\n<p>Informaci\u00f3 preinscripci\u00f3 i matr\u00edcula<\/p>\n","protected":false},"excerpt":{"rendered":"<p>Els estudis tenen una durada total de 1.000 hores distribu\u00efdes en un curs acad\u00e8mic i es vol proporcionar a joves de 16 a 21 anys que no hagin obtingut el t\u00edtol de l\u2019ESO la possibilitat de continuar estudis de formaci\u00f3 professional.<br \/>\nInclou m\u00f2duls de formaci\u00f3 general&hellip;  <a href=\"https:\/\/agora.xtec.cat\/iestona\/linstitut\/estudis\/cicles-formatius\/pfi-auxiliar-vivers-i-jardins\/\" title=\"Read PFI Auxiliar Vivers i Jardins\">Llegeix m\u00e9s\u00bb<\/a><\/p>\n","protected":false},"author":1,"featured_media":0,"parent":4160,"menu_order":0,"comment_status":"closed","ping_status":"closed","template":"","meta":{"_bbp_topic_count":0,"_bbp_reply_count":0,"_bbp_total_topic_count":0,"_bbp_total_reply_count":0,"_bbp_voice_count":0,"_bbp_anonymous_reply_count":0,"_bbp_topic_count_hidden":0,"_bbp_reply_count_hidden":0,"_bbp_forum_subforum_count":0,"footnotes":""},"class_list":["post-6226","page","type-page","status-publish","hentry"],"post_mailing_queue_ids":[],"_links":{"self":[{"href":"https:\/\/agora.xtec.cat\/iestona\/wp-json\/wp\/v2\/pages\/6226","targetHints":{"allow":["GET"]}}],"collection":[{"href":"https:\/\/agora.xtec.cat\/iestona\/wp-json\/wp\/v2\/pages"}],"about":[{"href":"https:\/\/agora.xtec.cat\/iestona\/wp-json\/wp\/v2\/types\/page"}],"author":[{"embeddable":true,"href":"https:\/\/agora.xtec.cat\/iestona\/wp-json\/wp\/v2\/users\/1"}],"replies":[{"embeddable":true,"href":"https:\/\/agora.xtec.cat\/iestona\/wp-json\/wp\/v2\/comments?post=6226"}],"version-history":[{"count":2,"href":"https:\/\/agora.xtec.cat\/iestona\/wp-json\/wp\/v2\/pages\/6226\/revisions"}],"predecessor-version":[{"id":6230,"href":"https:\/\/agora.xtec.cat\/iestona\/wp-json\/wp\/v2\/pages\/6226\/revisions\/6230"}],"up":[{"embeddable":true,"href":"https:\/\/agora.xtec.cat\/iestona\/wp-json\/wp\/v2\/pages\/4160"}],"wp:attachment":[{"href":"https:\/\/agora.xtec.cat\/iestona\/wp-json\/wp\/v2\/media?parent=6226"}],"curies":[{"name":"wp","href":"https:\/\/api.w.org\/{rel}","templated":true}]}}