{"id":4275,"date":"2024-05-04T13:03:59","date_gmt":"2024-05-04T11:03:59","guid":{"rendered":"https:\/\/agora.xtec.cat\/iestona\/?page_id=4275"},"modified":"2024-12-14T18:42:18","modified_gmt":"2024-12-14T17:42:18","slug":"erasmus-2","status":"publish","type":"page","link":"https:\/\/agora.xtec.cat\/iestona\/projectes-i-programes-dinnovacio-pedagogica\/erasmus-2\/","title":{"rendered":"Erasmus+"},"content":{"rendered":"<p>Actualment tenim un projecte engegat de la modalitat K210 d&#8217;una durada de 18 mesos des del mar\u00e7 de 2024 al juny de 2025 anomenat\u00a0 &#8220;<strong>ACTI. The ACT Initiative<\/strong>&#8220;. ACTI \u00e9s un projecte entre instituts de Cro\u00e0cia, la Rep\u00fablica Txeca, Hongria i Espanya. Aquest projecte posa l&#8217;accent en l&#8217;aprenentatge basat en el moviment per augmentar l&#8217;aprenentatge, fomentar la positivitat i atendre diversos estils d&#8217;aprenentatge. Els estudiants de les escoles participants de cada pa\u00eds pilotaran almenys 8 escenaris interactius d&#8217;ensenyament digital, en l&#8217;idioma com\u00fa del projecte que \u00e9s l\u2019angl\u00e8s, combinant activitats f\u00edsiques i aprenentatge basat en moviment.<\/p>\n<p><span style=\"font-family: inherit; font-size: 1em;\">Els objectius a assolir i que seran avaluats al final del projecte s\u00f3n:<\/span><\/p>\n<ol>\n<li aria-level=\"1\">Desenvolupar curr\u00edculums innovadors que integrin el moviment f\u00edsic i els jocs en escenaris d&#8217;ensenyament digital per millorar l&#8217;implicaci\u00f3 i motivaci\u00f3 dels estudiants amb perfils diversos, amb risc d&#8217;abandonament o amb dificultats d&#8217;aprenentatge diagnosticades.<\/li>\n<li aria-level=\"1\">Tractar la igualtat de g\u00e8nere i la no discriminaci\u00f3.<\/li>\n<li aria-level=\"1\">Abordar l&#8217;ansietat, les defici\u00e8ncies d&#8217;atenci\u00f3 i la disl\u00e8xia.<\/li>\n<li aria-level=\"1\">Donar suport a la innovaci\u00f3 i desenvolupar habilitats digitals i defensar una aula verda a nivell internacional.<\/li>\n<\/ol>\n<p>Articles publicats amb relaci\u00f3 al Projecte:<\/p>\n<p><a href=\"https:\/\/agora.xtec.cat\/iestona\/general\/iniciem-un-dels-primers-projectes-erasmus\/\">Iniciem un dels primers projectes Erasmus+<\/a><\/p>\n<p><a href=\"https:\/\/agora.xtec.cat\/iestona\/general\/2a-trobada-del-projecte-erasmus-acti\/\">2a reuni\u00f3 del projecte Erasmus+: ACTI<\/a><\/p>\n<p><a href=\"https:\/\/agora.xtec.cat\/iestona\/general\/els-professors-david-i-anna-viatgen-a-croacia-per-seguir-elaborant-el-projecte-erasmus-acti\/\">Els professors David i Anna viatgen a Cro\u00e0cia per seguir elaborant el projecte Erasmus ACTI<\/a><\/p>\n<p><a href=\"https:\/\/agora.xtec.cat\/iestona\/general\/segona-trobada-del-projecte-acti-erasmus\/\">Segona trobada a Rep\u00fablica Txeca del Projecte ACTI \u2013 ERASMUS+<\/a><\/p>\n","protected":false},"excerpt":{"rendered":"<p>Actualment tenim un projecte engegat de la modalitat K210 d&#8217;una durada de 18 mesos des del mar\u00e7 de 2024 al juny de 2025 anomenat\u00a0 &#8220;ACTI. The ACT Initiative&#8220;. ACTI \u00e9s un projecte entre instituts de Cro\u00e0cia, la Rep\u00fablica Txeca, Hongria i Espanya. Aquest projecte posa&hellip;  <a href=\"https:\/\/agora.xtec.cat\/iestona\/projectes-i-programes-dinnovacio-pedagogica\/erasmus-2\/\" title=\"Read Erasmus+\">Llegeix m\u00e9s\u00bb<\/a><\/p>\n","protected":false},"author":1,"featured_media":0,"parent":4176,"menu_order":0,"comment_status":"closed","ping_status":"closed","template":"","meta":{"_bbp_topic_count":0,"_bbp_reply_count":0,"_bbp_total_topic_count":0,"_bbp_total_reply_count":0,"_bbp_voice_count":0,"_bbp_anonymous_reply_count":0,"_bbp_topic_count_hidden":0,"_bbp_reply_count_hidden":0,"_bbp_forum_subforum_count":0,"footnotes":""},"class_list":["post-4275","page","type-page","status-publish","hentry"],"post_mailing_queue_ids":[],"_links":{"self":[{"href":"https:\/\/agora.xtec.cat\/iestona\/wp-json\/wp\/v2\/pages\/4275","targetHints":{"allow":["GET"]}}],"collection":[{"href":"https:\/\/agora.xtec.cat\/iestona\/wp-json\/wp\/v2\/pages"}],"about":[{"href":"https:\/\/agora.xtec.cat\/iestona\/wp-json\/wp\/v2\/types\/page"}],"author":[{"embeddable":true,"href":"https:\/\/agora.xtec.cat\/iestona\/wp-json\/wp\/v2\/users\/1"}],"replies":[{"embeddable":true,"href":"https:\/\/agora.xtec.cat\/iestona\/wp-json\/wp\/v2\/comments?post=4275"}],"version-history":[{"count":6,"href":"https:\/\/agora.xtec.cat\/iestona\/wp-json\/wp\/v2\/pages\/4275\/revisions"}],"predecessor-version":[{"id":5088,"href":"https:\/\/agora.xtec.cat\/iestona\/wp-json\/wp\/v2\/pages\/4275\/revisions\/5088"}],"up":[{"embeddable":true,"href":"https:\/\/agora.xtec.cat\/iestona\/wp-json\/wp\/v2\/pages\/4176"}],"wp:attachment":[{"href":"https:\/\/agora.xtec.cat\/iestona\/wp-json\/wp\/v2\/media?parent=4275"}],"curies":[{"name":"wp","href":"https:\/\/api.w.org\/{rel}","templated":true}]}}