{"id":4203,"date":"2024-05-01T11:30:54","date_gmt":"2024-05-01T09:30:54","guid":{"rendered":"https:\/\/agora.xtec.cat\/iestona\/?page_id=4203"},"modified":"2024-05-01T11:49:22","modified_gmt":"2024-05-01T09:49:22","slug":"digitalitzacio","status":"publish","type":"page","link":"https:\/\/agora.xtec.cat\/iestona\/digitalitzacio\/","title":{"rendered":"Digitalitzaci\u00f3"},"content":{"rendered":"<p>Les noves tecnologies ofereixen m\u00faltiples opcions d\u2019aprenentatge i ajuden a desenvolupar diverses capacitats.<\/p>\n<p>\u00c9s per aix\u00f2 que el seu \u00fas \u00e9s una de les prioritats del nostre projecte educatiu.<\/p>\n<p align=\"justify\"><span lang=\"ca-ES\"><b>Aules digitalitzades<\/b><\/span><\/p>\n<p align=\"justify\"><span lang=\"ca-ES\">El curs 2016\/2017 vam posar en marxa el projecte d\u2019\u00fas d\u2019ordinadors a l\u2019aula, el qual t\u00e9 com a objectiu integrar plenament les Tecnologies de la Informaci\u00f3 i de la Comunicaci\u00f3 (TIC) a les aules del nostre centre educatiu.<\/span><\/p>\n<p align=\"justify\"><span lang=\"ca-ES\">Aquest projecte implica l\u2019\u00fas d\u2019un ordinador port\u00e0til per cada alumne o alumna, transformant les aules en \u201caules digitals\u201d.<\/span><\/p>\n<p align=\"justify\"><span lang=\"ca-ES\">La disponibilitat d\u2019ordinadors per part de l\u2019alumnat \u00e9s total, ja siguin propis o cedits pel Departament d\u2019Educaci\u00f3 dins del \u201cPla d\u2019educaci\u00f3 digital de Catalunya\u201d. En aquest sentit, l\u2019institut cedeix gratu\u00eftament ordinadors a tots els alumnes de totes les etapes, ESO i Batxillerat que en necessitin.<\/span><\/p>\n<p align=\"justify\"><span lang=\"ca-ES\"><b>Recursos TIC disponibles<\/b><\/span><\/p>\n<p align=\"justify\"><span lang=\"ca-ES\">Totes les aules del nostre centre disposen d\u2019un panell digital i d\u2019una xarxa LAN i Wifi d\u2019alta velocitat.<\/span><\/p>\n<p align=\"justify\"><span lang=\"ca-ES\">Pel que fa al professorat, tothom disposa d\u2019un ordinador port\u00e0til cedit pel Departament d\u2019Educaci\u00f3, a m\u00e9s de tenir a la seva disposici\u00f3 ordinadors de sobretaula a la sala de professors.<\/span><\/p>\n<p align=\"justify\"><span lang=\"ca-ES\"><b>Entorns Virtuals d\u2019Aprenentatge (EVA)<\/b><\/span><\/p>\n<p align=\"justify\"><span lang=\"ca-ES\">L\u2019institut disposa de la plataforma educativa amb continguts i recursos: Moodle.<\/span><\/p>\n<p align=\"justify\"><span lang=\"ca-ES\">Els entorns virtuals d\u2019aprenentatge (EVA) s\u00f3n espais de trobada i de comunicaci\u00f3 telem\u00e0tica on t\u00e9 lloc l\u2019ensenyament i l\u2019aprenentatge. Aquests entorns contenen tot un seguit de funcionalitats que es poden utilitzar de manera coordinada:<\/span><\/p>\n<ul>\n<li>\n<p align=\"justify\"><span lang=\"ca-ES\">Funcionalitats de comunicaci\u00f3<\/span><\/p>\n<\/li>\n<li>\n<p align=\"justify\"><span lang=\"ca-ES\">Funcionalitats per facilitar l\u2019aprenentatge<\/span><\/p>\n<\/li>\n<li>\n<p align=\"justify\"><span lang=\"ca-ES\">Funcionalitats d\u2019organitzaci\u00f3 i gesti\u00f3<\/span><\/p>\n<\/li>\n<li>\n<p align=\"justify\"><span lang=\"ca-ES\">Funcionalitats per al seguiment i l\u2019avaluaci\u00f3<\/span><\/p>\n<\/li>\n<\/ul>\n<p align=\"justify\"><span lang=\"ca-ES\">Aquests espais s\u00f3n un complement del proc\u00e9s d\u2019ensenyament i aprenentatge alhora que afavoreixen l\u2019assoliment de la compet\u00e8ncia digital de l\u2019alumnat.<\/span><\/p>\n<p align=\"justify\"><span lang=\"ca-ES\"><b>L\u2019estrat\u00e8gia digital del centre (EDC)<\/b><\/span><\/p>\n<p align=\"justify\"><span lang=\"ca-ES\">L\u2019estrat\u00e8gia digital de centre (EDC) defineix i concreta les l\u00ednies d\u2019actuaci\u00f3 d\u2019un centre que fan possible que docents, alumnat i centre assoleixin la compet\u00e8ncia digital. Per aconseguir aquesta compet\u00e8ncia digital, l\u2019EDC compr\u00e8n tots els \u00e0mbits del centre: organitzatius, metodol\u00f2gics, curriculars i comunicatius, els quals s\u2019han de veure necess\u00e0riament implicats i, si escau, transformats, des d\u2019una perspectiva d\u2019innovaci\u00f3 i de millora cont\u00ednua.<\/span><\/p>\n<p align=\"justify\"><span lang=\"ca-ES\">Els objectius de l\u2019EDC es poden agrupar en cinc \u00e0mbits, que tenen com a fita el m\u00e0xim assoliment de la compet\u00e8ncia digital de l\u2019alumnat, del professorat i del centre:<\/span><\/p>\n<ul>\n<li><span lang=\"ca-ES\">Assoliment de la compet\u00e8ncia digital<\/span><\/li>\n<li><span lang=\"ca-ES\">Planificaci\u00f3 estrat\u00e8gica i organitzaci\u00f3<\/span><\/li>\n<li><span lang=\"ca-ES\">Metodologies did\u00e0ctiques i innovaci\u00f3<\/span><\/li>\n<li><span lang=\"ca-ES\">Inclusi\u00f3 digital i de g\u00e8nere<\/span><\/li>\n<li><span lang=\"ca-ES\">Seguretat i protecci\u00f3 de dades<\/span><\/li>\n<\/ul>\n<p align=\"justify\"><span lang=\"ca-ES\">L\u2019institut disposar\u00e0 de la figura del\u00a0<\/span><span lang=\"ca-ES\"><b>mentor digital<\/b><\/span><span lang=\"ca-ES\">, el qual ens est\u00e0 suport per tal d\u2019impulsar la digitalitzaci\u00f3 del nostre centre i ens acompanya a implementar i avaluar l\u2019estrat\u00e8gia digital de l\u2019institut.<\/span><\/p>\n<p align=\"justify\"><span lang=\"ca-ES\">Cal destacar que l\u2019EDC \u00e9s un document viu, que va incorporant millores i propostes noves durant la seva implementaci\u00f3.<\/span><\/p>\n<p align=\"justify\"><span lang=\"ca-ES\"><b>La Comissi\u00f3 d\u2019estrat\u00e8gia digital de l\u2019Institut<\/b><\/span><\/p>\n<p align=\"justify\"><span lang=\"ca-ES\">La comissi\u00f3 d\u2019estrat\u00e8gia digital de centre \u00e9s l\u2019equip encarregat de definir i implementar l\u2019estrat\u00e8gia que vol seguir un centre en relaci\u00f3 amb les tecnologies digitals, amb l\u2019objectiu que l\u2019alumnat, els docents i el centre assoleixin el nivell m\u00e9s alt possible de maduresa i compet\u00e8ncia digital des d\u2019una perspectiva d\u2019innovaci\u00f3 i de millora cont\u00ednua. Per tant, \u00e9s, per una banda, un equip impulsor de l\u2019Estrat\u00e8gia Digital de Centre (EDC) i, per l\u2019altra, un equip dinamitzador que faci arribar l\u2019Estrat\u00e8gia Digital a tota la comunitat educativa.<\/span><\/p>\n<p align=\"justify\"><span lang=\"ca-ES\">Per tant, les funcions de la comissi\u00f3 \u00e9s l\u2019elaboraci\u00f3 de l\u2019EDC, la planificaci\u00f3 de la seva implementaci\u00f3 i el seu seguiment i avaluaci\u00f3. Per portar a terme tot aix\u00f2, ha de comprendre tots els \u00e0mbits del centre: organitzatius, metodol\u00f2gics, curriculars i comunicatius.<\/span><\/p>\n<p align=\"justify\"><span lang=\"ca-ES\"><b>Formaci\u00f3 interna de centre<\/b><\/span><\/p>\n<p align=\"justify\"><span lang=\"ca-ES\">Amb l\u2019objectiu que tots els docents puguin assolir el nivell intermedi de compet\u00e8ncia digital, i com a part de l\u2019estrat\u00e8gia digital de centres, s\u2019ha dut a terme una FIC (Formaci\u00f3 interna de centre) que implicat a tot el claustre durant el curs 2022\/23.\u00a0<\/span><\/p>\n<div class=\"entry-content\">\n<p><strong>Altres plataformes digitals<\/strong><\/p>\n<header class=\"entry-header\">\n<p class=\"entry-title\"><span style=\"font-family: inherit; font-size: 1em; font-weight: normal;\">El <\/span><strong style=\"font-family: inherit; font-size: 1em;\">Science Bits<\/strong><span style=\"font-family: inherit; font-size: 1em; font-weight: normal;\">\u00a0\u00e9s una plataforma digital basada en un metodologia constructivista,\u00a0 que utilitza gran quantitat de recursos interactius per un aprenentatge actiu i participatiu : models 3D, v\u00eddeos, animacions, simuladors i experiments virtuals. nombre d\u2019animacions, simulacions i material audiovisuals.<\/span><\/p>\n<p><strong>Tecno 1218<\/strong> \u00e9s un text multim\u00e8dia dins de l&#8217;\u00e0mbit de la tecnologia que permet treballar amb recursos interactius.<\/p>\n<\/header>\n<div class=\"entry-content\">\n<p>&nbsp;<\/p>\n<header class=\"entry-header\">\n<h1><\/h1>\n<\/header>\n<div class=\"entry-content\">\n<p class=\"li\">\n<\/div>\n<\/div>\n<\/div>\n","protected":false},"excerpt":{"rendered":"<p>Les noves tecnologies ofereixen m\u00faltiples opcions d\u2019aprenentatge i ajuden a desenvolupar diverses capacitats.<br \/>\n\u00c9s per aix\u00f2 que el seu \u00fas \u00e9s una de les prioritats del nostre projecte educatiu.<br \/>\nAules digitalitzades<br \/>\nEl curs 2016\/2017 vam posar en marxa el projecte d\u2019\u00fas d\u2019ordinadors a l\u2019aula, el qual t\u00e9 com&hellip;  <a href=\"https:\/\/agora.xtec.cat\/iestona\/digitalitzacio\/\" title=\"Read Digitalitzaci\u00f3\">Llegeix m\u00e9s\u00bb<\/a><\/p>\n","protected":false},"author":1,"featured_media":0,"parent":0,"menu_order":0,"comment_status":"closed","ping_status":"closed","template":"","meta":{"_bbp_topic_count":0,"_bbp_reply_count":0,"_bbp_total_topic_count":0,"_bbp_total_reply_count":0,"_bbp_voice_count":0,"_bbp_anonymous_reply_count":0,"_bbp_topic_count_hidden":0,"_bbp_reply_count_hidden":0,"_bbp_forum_subforum_count":0,"footnotes":""},"class_list":["post-4203","page","type-page","status-publish","hentry"],"post_mailing_queue_ids":[],"_links":{"self":[{"href":"https:\/\/agora.xtec.cat\/iestona\/wp-json\/wp\/v2\/pages\/4203","targetHints":{"allow":["GET"]}}],"collection":[{"href":"https:\/\/agora.xtec.cat\/iestona\/wp-json\/wp\/v2\/pages"}],"about":[{"href":"https:\/\/agora.xtec.cat\/iestona\/wp-json\/wp\/v2\/types\/page"}],"author":[{"embeddable":true,"href":"https:\/\/agora.xtec.cat\/iestona\/wp-json\/wp\/v2\/users\/1"}],"replies":[{"embeddable":true,"href":"https:\/\/agora.xtec.cat\/iestona\/wp-json\/wp\/v2\/comments?post=4203"}],"version-history":[{"count":5,"href":"https:\/\/agora.xtec.cat\/iestona\/wp-json\/wp\/v2\/pages\/4203\/revisions"}],"predecessor-version":[{"id":4216,"href":"https:\/\/agora.xtec.cat\/iestona\/wp-json\/wp\/v2\/pages\/4203\/revisions\/4216"}],"wp:attachment":[{"href":"https:\/\/agora.xtec.cat\/iestona\/wp-json\/wp\/v2\/media?parent=4203"}],"curies":[{"name":"wp","href":"https:\/\/api.w.org\/{rel}","templated":true}]}}