{"id":4155,"date":"2024-05-01T08:41:55","date_gmt":"2024-05-01T06:41:55","guid":{"rendered":"https:\/\/agora.xtec.cat\/iestona\/?page_id=4155"},"modified":"2024-05-01T08:42:37","modified_gmt":"2024-05-01T06:42:37","slug":"batxillerat","status":"publish","type":"page","link":"https:\/\/agora.xtec.cat\/iestona\/linstitut\/estudis\/batxillerat\/","title":{"rendered":"Batxillerat"},"content":{"rendered":"<h5><strong>OBJECTIUS<\/strong><\/h5>\n<p>\u00c9s l\u2019etapa de l\u2019educaci\u00f3 secund\u00e0ria postobligat\u00f2ria que t\u00e9 com a finalitat proporcionar a l\u2019alumnat formaci\u00f3, maduresa intel\u00b7lectual i humana, coneixements i destreses que li permetin progressar en el seu desenvolupament personal, social i incorporar-se a la vida activa o a l\u2019educaci\u00f3 superior.<\/p>\n<h5><strong>DURADA<\/strong><\/h5>\n<p>El batxillerat \u00e9s un cicle format per dos cursos. Els alumnes poden romandre al batxillerat en r\u00e8gim di\u00fcrn un m\u00e0xim de quatre anys, consecutius o no.<\/p>\n<h5><strong>MODALITATS<\/strong><\/h5>\n<p>Els alumnes de batxillerat poden escollir entre tres modalitats d\u2019estudis:<\/p>\n<p>En el nostre Institut oferim la modalitat d\u2019Humanitats i Ci\u00e8ncies Socials i la modalitat de Ci\u00e8ncies i Tecnologia.<\/p>\n<h5><strong>ASSIGNATURES<\/strong><\/h5>\n<p>El Batxillerat est\u00e0 format per diferents tipus d\u2019assignatures: unes pertanyen a\u00a0la part comuna i altres pertanyen a la part diversificada. Us en donem m\u00e9s informaci\u00f3 a continuaci\u00f3.<\/p>\n<h5><strong>PART COMUNA<\/strong><\/h5>\n<p>S\u00f3n les assignatures que fan tots els alumnes, independentment de la modalitat que han triat.<\/p>\n<table width=\"769\">\n<tbody>\n<tr>\n<td>Llengua i literatura catalanes (I i II)&nbsp;<\/p>\n<p>Llengua i literatura castellanes (I i II)<\/p>\n<p>Llengua estrangera (angl\u00e8s) (I i II)<\/p>\n<p>Filosofia i ciutadania<\/td>\n<td>Educaci\u00f3 f\u00edsica (nom\u00e9s a 1r)&nbsp;<\/p>\n<p>Hist\u00f2ria<\/p>\n<p>Hist\u00f2ria de la filosofia<\/p>\n<p>&nbsp;<\/td>\n<\/tr>\n<\/tbody>\n<\/table>\n<h5><strong>PART DIVERSIFICADA<\/strong><\/h5>\n<p>S\u2019ent\u00e9n com a part diversificada les assignatures pr\u00f2pies de la modalitat escollida, les mat\u00e8ries optatives que ofereix cada centre i el treball de recerca.<\/p>\n<p><strong><em>Mat\u00e8ries de modalitat:<\/em><\/strong>\u00a0s\u00f3n les pr\u00f2pies de cada modalitat de batxillerat triada.<\/p>\n<table>\n<tbody>\n<tr>\n<td><strong>\u00a0Humanitats i ci\u00e8ncies socials<\/strong><\/td>\n<td><strong>Ci\u00e8ncies i tecnologia<\/strong><\/td>\n<\/tr>\n<tr>\n<td>Hist\u00f2ria del m\u00f3n contemporani&nbsp;<\/p>\n<p>Literatura castellana<\/p>\n<p>Matem\u00e0tiques aplicades a les ci\u00e8ncies socials I i II<\/p>\n<p>Funcionament de l\u2019empresa<\/p>\n<p>Llat\u00ed I i II<\/p>\n<p>Literatura catalana<\/p>\n<p>Hist\u00f2ria de l\u2019art<\/p>\n<p>Geografia<\/p>\n<p>Economia<\/p>\n<p>Literatura universal<\/p>\n<p>Grec I i II<\/td>\n<td>Biologia I i II&nbsp;<\/p>\n<p>F\u00edsica I i II<\/p>\n<p>Matem\u00e0tiques I i II<\/p>\n<p>Qu\u00edmica I i II<\/p>\n<p>Tecnologia i enginyeria I i II<\/p>\n<p>Geologia i ci\u00e8ncies ambientals I i II<\/p>\n<p>Dibuix t\u00e8cnic I i II<\/p>\n<p>&nbsp;<\/td>\n<\/tr>\n<\/tbody>\n<\/table>\n<p>De la tria de les mat\u00e8ries de modalitat s\u2019estableixen diferents itineraris, que han de servir per donar la formaci\u00f3 b\u00e0sica que conduir\u00e0 als estudis universitaris o de grau superior triats per l\u2019alumnat.<\/p>\n<p>L\u2019alumnat ha de cursar, com a m\u00ednim, tres mat\u00e8ries de modalitat en cadascun dels dos cursos del Batxillerat. D\u2019aquestes sis mat\u00e8ries, un m\u00ednim de cinc han de correspondre a la modalitat escollida.<\/p>\n<p><em><strong>Mat\u00e8ries optatives<\/strong>:<\/em>\u00a0s\u00f3n assignatures que proposa cada centre educatiu. Amb el nou curr\u00edculum que ha entrat en vigor el curs 22\/23 els alumnes de 1r de Batxillerat cursen 7 mat\u00e8ries optatives al llarg del curs \u2013 6 mat\u00e8ries trimestrals + 1 d\u2019anual.<\/p>\n<table>\n<tbody>\n<tr>\n<td><strong>OPTATIVES ANUALS FRANJA 1<\/strong><\/td>\n<\/tr>\n<tr>\n<td>Qu\u00edmica I&nbsp;<\/p>\n<p>Funcionament de l\u2019empresa<\/p>\n<p>Programaci\u00f3, rob\u00f2tica i automatitzaci\u00f3<\/p>\n<p>Literatura universal<\/td>\n<\/tr>\n<\/tbody>\n<\/table>\n<p><strong>OPTATIVES TRIMESTRALS FRANJA 2<\/strong><\/p>\n<table>\n<tbody>\n<tr>\n<td><\/td>\n<td><strong>1r trimestre<\/strong><\/td>\n<td><strong>2n trimestre<\/strong><\/td>\n<td><strong>3r trimestre<\/strong><\/td>\n<\/tr>\n<tr>\n<td><strong>Psicologia<\/strong><\/td>\n<td>Hist\u00f2ria de la psicologia<\/td>\n<td>Personalitat<\/td>\n<td>Sociologia<\/td>\n<\/tr>\n<tr>\n<td><strong>Matem\u00e0tica aplicada<\/strong><\/td>\n<td>Ready, steady.. Batxillerat<\/td>\n<td>\u00c9s pura estad\u00edstica<\/td>\n<td>Matem\u00e0tiques en acci\u00f3<\/td>\n<\/tr>\n<tr>\n<td><strong>Estada a l\u2019empresa<\/strong><\/td>\n<td>Estada a l\u2019empresa<\/td>\n<td>Estada a l\u2019empresa<\/td>\n<td>Estada a l\u2019empresa<\/td>\n<\/tr>\n<\/tbody>\n<\/table>\n<p><strong>OPTATIVES TRIMESTRALS FRANJA 3<\/strong><\/p>\n<table>\n<tbody>\n<tr>\n<td><\/td>\n<td><strong>1r trimestre<\/strong><\/td>\n<td><strong>2n trimestre<\/strong><\/td>\n<td><strong>3r trimestre<\/strong><\/td>\n<\/tr>\n<tr>\n<td><strong>Problem\u00e0tiques socials<\/strong><\/td>\n<td>Conviure en la difer\u00e8ncia<\/td>\n<td>Els l\u00edmits de la llibertat<\/td>\n<td>M\u00e9s enll\u00e0 de la realitat<\/td>\n<\/tr>\n<tr>\n<td><strong>Reptes cient\u00edfics actuals<\/strong><\/td>\n<td>Reptes de Biologia i Geologia<\/td>\n<td>Reptes de F\u00edsica<\/td>\n<td>Reptes de Qu\u00edmica<\/td>\n<\/tr>\n<tr>\n<td><strong>Dibuix t\u00e8cnic I<\/strong><\/td>\n<td>Geometria Plana<\/td>\n<td>Geometria Plana<\/td>\n<td>Sistemes de representaci\u00f3<\/td>\n<\/tr>\n<tr>\n<td><strong>Estada a l\u2019empresa<\/strong><\/td>\n<td>Estada a l\u2019empresa<\/td>\n<td>Estada a l\u2019empresa<\/td>\n<td>Estada a l\u2019empresa<\/td>\n<\/tr>\n<\/tbody>\n<\/table>\n<p><em>Treball de recerca:<\/em>\u00a0es tracta d\u2019un treball que l\u2019alumne ha de fer entre el segon trimestre de 1r de Batxillerat i el primer trimestre de 2n. Consta d\u2019una mem\u00f2ria escrita i d\u2019una exposici\u00f3 oral davant d\u2019un tribunal, format per tres professors.<\/p>\n","protected":false},"excerpt":{"rendered":"<p>OBJECTIUS<br \/>\n\u00c9s l\u2019etapa de l\u2019educaci\u00f3 secund\u00e0ria postobligat\u00f2ria que t\u00e9 com a finalitat proporcionar a l\u2019alumnat formaci\u00f3, maduresa intel\u00b7lectual i humana, coneixements i destreses que li permetin progressar en el seu desenvolupament personal, social i incorporar-se a la vida activa o a l\u2019educaci\u00f3 superior.<br \/>\nDURADA<br \/>\nEl batxillerat \u00e9s un&hellip;  <a href=\"https:\/\/agora.xtec.cat\/iestona\/linstitut\/estudis\/batxillerat\/\" title=\"Read Batxillerat\">Llegeix m\u00e9s\u00bb<\/a><\/p>\n","protected":false},"author":1,"featured_media":0,"parent":195,"menu_order":0,"comment_status":"closed","ping_status":"closed","template":"","meta":{"_bbp_topic_count":0,"_bbp_reply_count":0,"_bbp_total_topic_count":0,"_bbp_total_reply_count":0,"_bbp_voice_count":0,"_bbp_anonymous_reply_count":0,"_bbp_topic_count_hidden":0,"_bbp_reply_count_hidden":0,"_bbp_forum_subforum_count":0,"footnotes":""},"class_list":["post-4155","page","type-page","status-publish","hentry"],"post_mailing_queue_ids":[],"_links":{"self":[{"href":"https:\/\/agora.xtec.cat\/iestona\/wp-json\/wp\/v2\/pages\/4155","targetHints":{"allow":["GET"]}}],"collection":[{"href":"https:\/\/agora.xtec.cat\/iestona\/wp-json\/wp\/v2\/pages"}],"about":[{"href":"https:\/\/agora.xtec.cat\/iestona\/wp-json\/wp\/v2\/types\/page"}],"author":[{"embeddable":true,"href":"https:\/\/agora.xtec.cat\/iestona\/wp-json\/wp\/v2\/users\/1"}],"replies":[{"embeddable":true,"href":"https:\/\/agora.xtec.cat\/iestona\/wp-json\/wp\/v2\/comments?post=4155"}],"version-history":[{"count":2,"href":"https:\/\/agora.xtec.cat\/iestona\/wp-json\/wp\/v2\/pages\/4155\/revisions"}],"predecessor-version":[{"id":4157,"href":"https:\/\/agora.xtec.cat\/iestona\/wp-json\/wp\/v2\/pages\/4155\/revisions\/4157"}],"up":[{"embeddable":true,"href":"https:\/\/agora.xtec.cat\/iestona\/wp-json\/wp\/v2\/pages\/195"}],"wp:attachment":[{"href":"https:\/\/agora.xtec.cat\/iestona\/wp-json\/wp\/v2\/media?parent=4155"}],"curies":[{"name":"wp","href":"https:\/\/api.w.org\/{rel}","templated":true}]}}