{"id":4017,"date":"2024-04-09T21:26:00","date_gmt":"2024-04-09T19:26:00","guid":{"rendered":"https:\/\/agora.xtec.cat\/iestona\/?page_id=4017"},"modified":"2025-09-03T21:28:41","modified_gmt":"2025-09-03T19:28:41","slug":"pfi-serveis-en-restauracio-i-cuina","status":"publish","type":"page","link":"https:\/\/agora.xtec.cat\/iestona\/pfi-serveis-en-restauracio-i-cuina\/","title":{"rendered":"PFI Serveis en restauraci\u00f3 i Cuina"},"content":{"rendered":"<p>Els estudis tenen una durada total de 1.000 hores distribu\u00efdes en un curs acad\u00e8mic i es vol proporcionar a joves de 16 a 21 anys que no hagin obtingut el t\u00edtol de l\u2019ESO la possibilitat de continuar estudis de formaci\u00f3 professional.<\/p>\n<p>Inclou m\u00f2duls de formaci\u00f3 general i m\u00f2duls de formaci\u00f3 professional i dins d\u2019aquests \u00faltims trobem les pr\u00e0ctiques en empresa.<\/p>\n<p>El curs es realitza a l&#8217;Escola d&#8217;Hostaleria d&#8217;Osona ubicada al Passeig de la Su\u00efssa, s\/n de Tona.<\/p>\n<p><a href=\"https:\/\/agora.xtec.cat\/iestona\/wp-content\/uploads\/usu2191\/2024\/04\/Triptic-PFI_serveis.pdf\">Tr\u00edptic informatiu<\/a><\/p>\n<p>Informaci\u00f3 preinscripci\u00f3 i matr\u00edcula<\/p>\n","protected":false},"excerpt":{"rendered":"<p>Els estudis tenen una durada total de 1.000 hores distribu\u00efdes en un curs acad\u00e8mic i es vol proporcionar a joves de 16 a 21 anys que no hagin obtingut el t\u00edtol de l\u2019ESO la possibilitat de continuar estudis de formaci\u00f3 professional.<br \/>\nInclou m\u00f2duls de formaci\u00f3 general&hellip;  <a href=\"https:\/\/agora.xtec.cat\/iestona\/pfi-serveis-en-restauracio-i-cuina\/\" title=\"Read PFI Serveis en restauraci\u00f3 i Cuina\">Llegeix m\u00e9s\u00bb<\/a><\/p>\n","protected":false},"author":1,"featured_media":0,"parent":0,"menu_order":0,"comment_status":"closed","ping_status":"closed","template":"","meta":{"_bbp_topic_count":0,"_bbp_reply_count":0,"_bbp_total_topic_count":0,"_bbp_total_reply_count":0,"_bbp_voice_count":0,"_bbp_anonymous_reply_count":0,"_bbp_topic_count_hidden":0,"_bbp_reply_count_hidden":0,"_bbp_forum_subforum_count":0,"footnotes":""},"class_list":["post-4017","page","type-page","status-publish","hentry"],"post_mailing_queue_ids":[],"_links":{"self":[{"href":"https:\/\/agora.xtec.cat\/iestona\/wp-json\/wp\/v2\/pages\/4017","targetHints":{"allow":["GET"]}}],"collection":[{"href":"https:\/\/agora.xtec.cat\/iestona\/wp-json\/wp\/v2\/pages"}],"about":[{"href":"https:\/\/agora.xtec.cat\/iestona\/wp-json\/wp\/v2\/types\/page"}],"author":[{"embeddable":true,"href":"https:\/\/agora.xtec.cat\/iestona\/wp-json\/wp\/v2\/users\/1"}],"replies":[{"embeddable":true,"href":"https:\/\/agora.xtec.cat\/iestona\/wp-json\/wp\/v2\/comments?post=4017"}],"version-history":[{"count":4,"href":"https:\/\/agora.xtec.cat\/iestona\/wp-json\/wp\/v2\/pages\/4017\/revisions"}],"predecessor-version":[{"id":5543,"href":"https:\/\/agora.xtec.cat\/iestona\/wp-json\/wp\/v2\/pages\/4017\/revisions\/5543"}],"wp:attachment":[{"href":"https:\/\/agora.xtec.cat\/iestona\/wp-json\/wp\/v2\/media?parent=4017"}],"curies":[{"name":"wp","href":"https:\/\/api.w.org\/{rel}","templated":true}]}}