{"id":1245,"date":"2020-11-15T15:37:08","date_gmt":"2020-11-15T14:37:08","guid":{"rendered":"https:\/\/agora.xtec.cat\/iestona\/?page_id=1245"},"modified":"2025-09-19T20:45:52","modified_gmt":"2025-09-19T18:45:52","slug":"ambit-linguistic","status":"publish","type":"page","link":"https:\/\/agora.xtec.cat\/iestona\/linstitut\/departaments\/ambit-linguistic\/","title":{"rendered":"\u00c0mbit Ling\u00fc\u00edstic"},"content":{"rendered":"<h4><\/h4>\n<p><a href=\"https:\/\/agora.xtec.cat\/iestona\/wp-content\/uploads\/usu2191\/2025\/09\/IMG_1834.png\"><img loading=\"lazy\" decoding=\"async\" class=\"alignnone size-full wp-image-5615\" src=\"https:\/\/agora.xtec.cat\/iestona\/wp-content\/uploads\/usu2191\/2025\/09\/IMG_1834.png\" alt=\"\" width=\"1209\" height=\"680\" srcset=\"https:\/\/agora.xtec.cat\/iestona\/wp-content\/uploads\/usu2191\/2025\/09\/IMG_1834.png 1209w, https:\/\/agora.xtec.cat\/iestona\/wp-content\/uploads\/usu2191\/2025\/09\/IMG_1834-300x169.png 300w, https:\/\/agora.xtec.cat\/iestona\/wp-content\/uploads\/usu2191\/2025\/09\/IMG_1834-1024x576.png 1024w, https:\/\/agora.xtec.cat\/iestona\/wp-content\/uploads\/usu2191\/2025\/09\/IMG_1834-768x432.png 768w\" sizes=\"auto, (max-width: 1209px) 100vw, 1209px\" \/><\/a><\/p>\n<h4><\/h4>\n<h4 style=\"text-align: center;\"><strong>\u201cSi parles amb una persona en una llengua que ent\u00e9n, arribar\u00e0s al seu cap. Si li parles en la seva llengua, arribar\u00e0s al seu cor.\u201d<\/strong>\u00a0\u2013 Nelson Mandela<\/h4>\n<p>&nbsp;<\/p>\n<p dir=\"ltr\"><strong>Eva \u00c1lvarez<\/strong><\/p>\n<ul>\n<li dir=\"ltr\">\n<p dir=\"ltr\" role=\"presentation\">Lleng\u00fces cl\u00e0ssiques<\/p>\n<\/li>\n<li dir=\"ltr\">\n<p dir=\"ltr\" role=\"presentation\">Tutora individual 2n de Batxillerat<\/p>\n<\/li>\n<\/ul>\n<p dir=\"ltr\"><strong>Carme Boixeda<\/strong><\/p>\n<ul>\n<li dir=\"ltr\">\n<p dir=\"ltr\" role=\"presentation\">Llengua catalana i literatura<\/p>\n<\/li>\n<li dir=\"ltr\">\n<p dir=\"ltr\" role=\"presentation\">Coordinadora LIC<\/p>\n<\/li>\n<li dir=\"ltr\">\n<p dir=\"ltr\" role=\"presentation\">Tutora individual de 1r d\u2019ESO<\/p>\n<\/li>\n<\/ul>\n<p dir=\"ltr\"><strong>Laura Condal<\/strong><\/p>\n<ul>\n<li dir=\"ltr\">\n<p dir=\"ltr\" role=\"presentation\">Llengua castellana i literatura<\/p>\n<\/li>\n<li dir=\"ltr\">\n<p dir=\"ltr\" role=\"presentation\">Tutor individual de 1r d\u2019ESO<\/p>\n<\/li>\n<\/ul>\n<p dir=\"ltr\"><strong>Marta Font<\/strong><\/p>\n<ul>\n<li dir=\"ltr\">\n<p dir=\"ltr\" role=\"presentation\">Llengua catalana i literatura<\/p>\n<\/li>\n<li dir=\"ltr\">\n<p dir=\"ltr\" role=\"presentation\">Coordinadora de Lectura<\/p>\n<\/li>\n<li dir=\"ltr\">\n<p dir=\"ltr\" role=\"presentation\">Tutora 2n de Batxillerat<\/p>\n<\/li>\n<\/ul>\n<p dir=\"ltr\"><strong>Anna Gonz\u00e1lez<\/strong><\/p>\n<ul>\n<li dir=\"ltr\">\n<p dir=\"ltr\" role=\"presentation\">Llengua castellana i literatura<\/p>\n<\/li>\n<li dir=\"ltr\">\n<p dir=\"ltr\" role=\"presentation\">Literatura universal<\/p>\n<\/li>\n<li dir=\"ltr\">\n<p dir=\"ltr\" role=\"presentation\">Coordinadora de Qualitat<\/p>\n<\/li>\n<li dir=\"ltr\">\n<p dir=\"ltr\" role=\"presentation\">Tutora individual de 1r de Batxillerat<\/p>\n<\/li>\n<\/ul>\n<p dir=\"ltr\"><strong>Agust\u00ed Just\u00edcia<\/strong><\/p>\n<ul>\n<li dir=\"ltr\">\n<p dir=\"ltr\" role=\"presentation\">Llengua i cultura llatines<\/p>\n<\/li>\n<li dir=\"ltr\">\n<p dir=\"ltr\" role=\"presentation\">Llengua castellana i literatura<\/p>\n<\/li>\n<li dir=\"ltr\">\n<p dir=\"ltr\" role=\"presentation\">Tutor individual 4t d\u2019ESO<\/p>\n<\/li>\n<\/ul>\n<p dir=\"ltr\"><strong>Olga Rabinad<\/strong><\/p>\n<ul>\n<li dir=\"ltr\">\n<p dir=\"ltr\" role=\"presentation\">Llengua catalana i literatura<\/p>\n<\/li>\n<li dir=\"ltr\">\n<p dir=\"ltr\" role=\"presentation\">Literatura catalana<\/p>\n<\/li>\n<li dir=\"ltr\">\n<p dir=\"ltr\" role=\"presentation\">Tutora individual de 1r de Batxillerat<\/p>\n<\/li>\n<\/ul>\n<p dir=\"ltr\"><strong>Menchu Rosal<\/strong><\/p>\n<ul>\n<li dir=\"ltr\">\n<p dir=\"ltr\" role=\"presentation\">Llengua castellana i literatura<\/p>\n<\/li>\n<li dir=\"ltr\">\n<p dir=\"ltr\" role=\"presentation\">Tutora individual 2n de Batxillerat<\/p>\n<\/li>\n<li dir=\"ltr\">\n<p dir=\"ltr\" role=\"presentation\">Cap d\u2019\u00e0mbit<\/p>\n<\/li>\n<\/ul>\n","protected":false},"excerpt":{"rendered":"<p><a href=\"https:\/\/agora.xtec.cat\/iestona\/wp-content\/uploads\/usu2191\/2025\/09\/IMG_1834.png\"><\/a><\/p>\n<p>\u201cSi parles amb una persona en una llengua que ent\u00e9n, arribar\u00e0s al seu cap. Si li parles en la seva llengua, arribar\u00e0s al seu cor.\u201d\u00a0\u2013 Nelson Mandela<br \/>\n&nbsp;<br \/>\nEva \u00c1lvarez<\/p>\n<ul>\n<li dir=\"ltr\">\nLleng\u00fces cl\u00e0ssiques\n<\/li>\n<li dir=\"ltr\">\nTutora individual 2n de Batxillerat\n<\/li>\n<\/ul>\n<p>Carme Boixeda<\/p>\n<ul>\n<li dir=\"ltr\">\nLlengua catalana i literatura\n<\/li>\n<li dir=\"ltr\">\nCoordinadora LIC\n<\/li>\n<li dir=\"ltr\">\nTutora individual&hellip;  <a href=\"https:\/\/agora.xtec.cat\/iestona\/linstitut\/departaments\/ambit-linguistic\/\" title=\"Read \u00c0mbit Ling\u00fc\u00edstic\">Llegeix m\u00e9s\u00bb<\/a><\/p>\n","protected":false},"author":1,"featured_media":0,"parent":667,"menu_order":0,"comment_status":"closed","ping_status":"closed","template":"","meta":{"_bbp_topic_count":0,"_bbp_reply_count":0,"_bbp_total_topic_count":0,"_bbp_total_reply_count":0,"_bbp_voice_count":0,"_bbp_anonymous_reply_count":0,"_bbp_topic_count_hidden":0,"_bbp_reply_count_hidden":0,"_bbp_forum_subforum_count":0,"footnotes":""},"class_list":["post-1245","page","type-page","status-publish","hentry"],"post_mailing_queue_ids":[],"_links":{"self":[{"href":"https:\/\/agora.xtec.cat\/iestona\/wp-json\/wp\/v2\/pages\/1245","targetHints":{"allow":["GET"]}}],"collection":[{"href":"https:\/\/agora.xtec.cat\/iestona\/wp-json\/wp\/v2\/pages"}],"about":[{"href":"https:\/\/agora.xtec.cat\/iestona\/wp-json\/wp\/v2\/types\/page"}],"author":[{"embeddable":true,"href":"https:\/\/agora.xtec.cat\/iestona\/wp-json\/wp\/v2\/users\/1"}],"replies":[{"embeddable":true,"href":"https:\/\/agora.xtec.cat\/iestona\/wp-json\/wp\/v2\/comments?post=1245"}],"version-history":[{"count":7,"href":"https:\/\/agora.xtec.cat\/iestona\/wp-json\/wp\/v2\/pages\/1245\/revisions"}],"predecessor-version":[{"id":5620,"href":"https:\/\/agora.xtec.cat\/iestona\/wp-json\/wp\/v2\/pages\/1245\/revisions\/5620"}],"up":[{"embeddable":true,"href":"https:\/\/agora.xtec.cat\/iestona\/wp-json\/wp\/v2\/pages\/667"}],"wp:attachment":[{"href":"https:\/\/agora.xtec.cat\/iestona\/wp-json\/wp\/v2\/media?parent=1245"}],"curies":[{"name":"wp","href":"https:\/\/api.w.org\/{rel}","templated":true}]}}