{"id":3469,"date":"2024-06-11T12:41:31","date_gmt":"2024-06-11T10:41:31","guid":{"rendered":"https:\/\/agora.xtec.cat\/iesthalassa\/?page_id=3469"},"modified":"2026-02-17T19:32:14","modified_gmt":"2026-02-17T18:32:14","slug":"matricula-batxillerat","status":"publish","type":"page","link":"https:\/\/agora.xtec.cat\/iesthalassa\/matricula-batxillerat\/","title":{"rendered":"Matr\u00edcula Batxillerat 26\/27"},"content":{"rendered":"<p>Us deixem aqu\u00ed un document amb la informaci\u00f3 referent al proc\u00e9s de matriculaci\u00f3:<\/p>\n<p>Matriculaci\u00f3\u00a0 (pendent)<\/p>\n<p>I aqu\u00ed teniu el document que ha d&#8217;emplenar l&#8217;alumnat nou\u00a0i que s&#8217;haur\u00e0 de lliurar al centre juntament amb la resta de la documentaci\u00f3:<\/p>\n<p>Fitxa nou alumnat\u00a0\u00a0 (pendent)<\/p>\n","protected":false},"excerpt":{"rendered":"<p>Us deixem aqu\u00ed un document amb la informaci\u00f3 referent al proc\u00e9s de matriculaci\u00f3:<br \/>\nMatriculaci\u00f3\u00a0 (pendent)<br \/>\nI aqu\u00ed teniu el document que ha d&#8217;emplenar l&#8217;alumnat nou\u00a0i que s&#8217;haur\u00e0 de lliurar al centre juntament amb la resta de la documentaci\u00f3:<br \/>\nFitxa nou alumnat\u00a0\u00a0 (pendent)<\/p>\n","protected":false},"author":1,"featured_media":0,"parent":0,"menu_order":0,"comment_status":"closed","ping_status":"closed","template":"","meta":{"_bbp_topic_count":0,"_bbp_reply_count":0,"_bbp_total_topic_count":0,"_bbp_total_reply_count":0,"_bbp_voice_count":0,"_bbp_anonymous_reply_count":0,"_bbp_topic_count_hidden":0,"_bbp_reply_count_hidden":0,"_bbp_forum_subforum_count":0,"footnotes":""},"class_list":["post-3469","page","type-page","status-publish","hentry"],"post_mailing_queue_ids":[],"_links":{"self":[{"href":"https:\/\/agora.xtec.cat\/iesthalassa\/wp-json\/wp\/v2\/pages\/3469","targetHints":{"allow":["GET"]}}],"collection":[{"href":"https:\/\/agora.xtec.cat\/iesthalassa\/wp-json\/wp\/v2\/pages"}],"about":[{"href":"https:\/\/agora.xtec.cat\/iesthalassa\/wp-json\/wp\/v2\/types\/page"}],"author":[{"embeddable":true,"href":"https:\/\/agora.xtec.cat\/iesthalassa\/wp-json\/wp\/v2\/users\/1"}],"replies":[{"embeddable":true,"href":"https:\/\/agora.xtec.cat\/iesthalassa\/wp-json\/wp\/v2\/comments?post=3469"}],"version-history":[{"count":6,"href":"https:\/\/agora.xtec.cat\/iesthalassa\/wp-json\/wp\/v2\/pages\/3469\/revisions"}],"predecessor-version":[{"id":3849,"href":"https:\/\/agora.xtec.cat\/iesthalassa\/wp-json\/wp\/v2\/pages\/3469\/revisions\/3849"}],"wp:attachment":[{"href":"https:\/\/agora.xtec.cat\/iesthalassa\/wp-json\/wp\/v2\/media?parent=3469"}],"curies":[{"name":"wp","href":"https:\/\/api.w.org\/{rel}","templated":true}]}}