{"id":27,"date":"2014-09-17T16:24:03","date_gmt":"2014-09-17T16:24:03","guid":{"rendered":"http:\/\/agora.xtec.cat\/iesterraroja\/?page_id=27"},"modified":"2019-09-16T12:06:50","modified_gmt":"2019-09-16T10:06:50","slug":"historia","status":"publish","type":"page","link":"https:\/\/agora.xtec.cat\/iesterraroja\/linstitut\/historia\/","title":{"rendered":"Presentaci\u00f3 i trets"},"content":{"rendered":"<div class=\"entry-content\">\n<p>Som un Centre d\u2019Ensenyament P\u00fablic d\u2019 Educaci\u00f3 secund\u00e0ria pertanyent a la Generalitat de Catalunya.<\/p>\n<p>Aquest s\u00f3n els trets que ens caracteritzen:<\/p>\n<div id=\"container\">\n<div class=\"info\">\n<ul>\n<li>L\u2019atenci\u00f3 personalitzada a l\u2019alumne\/a i a la seva situaci\u00f3 familiar.<\/li>\n<li>Volem que des dels 12 anys fins als 18, el\/la nen\/a visqui feli\u00e7ment cada dia a l&#8217;Institut.<\/li>\n<li>Procurem que mitjan\u00e7ant el joc i el treball diari progressi en el seu creixement individual i social, i desenvolupi noves habilitats i aptituds.<\/li>\n<li>Sabem que l&#8217;etapa escolar \u00e9s fonamental per a la formaci\u00f3 dels alumnes. En aquesta etapa desenvolupen la major part de les seves habilitats i desperten el seu inter\u00e8s per con\u00e8ixer i aprendre.<\/li>\n<\/ul>\n<hr \/>\n<h3>Com \u00e9s l\u2019Institut?<\/h3>\n<p>L\u2019institut es regeix i gestiona activament, es potencia la participaci\u00f3 de les fam\u00edlies en el Consell Escolar , afavoreix la incorporaci\u00f3 de les fam\u00edlies en el proc\u00e9s d\u2019aprenentatge dels seus fills\/es i fomenta la implicaci\u00f3 de tots els sectors de la comunitat en la din\u00e0mica del centre.<\/p>\n<ul>\n<li>\u00c9s un institut <strong>p\u00fablic d\u2019Educaci\u00f3 Secundaria<\/strong>, est\u00e0 al servei de la societat.<\/li>\n<li><strong>Democr\u00e0tica<\/strong>, educa en la llibertat, i afavoreix la conviv\u00e8ncia.<\/li>\n<li><strong>Participativa<\/strong>, amb una gesti\u00f3 organitzativa compartida amb les fam\u00edlies.<\/li>\n<li><strong>Pluralista<\/strong>, acceptant la llibertat d\u2019expressi\u00f3 de les diferents ideologies democr\u00e0tiques.<\/li>\n<li><strong>Aconfessional<\/strong>, tot i que respecta i ofereix la possibilitat de rebre formaci\u00f3 religiosa. D\u2019altra banda, algunes de les celebracions religioses m\u00e9s tradicionals es treballen de manera general dins l\u2019\u00e0mbit de les festes populars.<\/li>\n<li><strong>Catalana<\/strong>, usa la llengua catalana com a mitj\u00e0 normal d\u2019expressi\u00f3 i comunicaci\u00f3, aix\u00ed com la llengua castellana i l\u2019anglesa.<\/li>\n<li>El nostre <strong>objectiu<\/strong> educatiu \u00e9s el desenvolupament integral de la personalitat de l\u2019alumnat a partir del respecte a la individualitat.<\/li>\n<li>El conjunt de metodologies i estrat\u00e8gies que emprem tenen com a objectiu fomentar l\u2019autonomia, la socialitzaci\u00f3, el treball en equip, la iniciativa i la creativitat dels alumnes, potenciant l\u2019adquisici\u00f3 dels aprenentatges adequats a l\u2019edat. Es basen en:\n<ul>\n<li>L\u2019\u00fas d\u2019estrat\u00e8gies que afavoreixin l\u2019atenci\u00f3 a al diversitat.<\/li>\n<li>La valoraci\u00f3 de l\u2019esfor\u00e7 personal i el treball en equip.<\/li>\n<li>La socialitzaci\u00f3 del material.<\/li>\n<li>La potenciaci\u00f3 de l\u2019\u00fas i el coneixement de les noves tecnologies.<\/li>\n<li>L\u2019apropament a la consci\u00e8ncia d\u2019un mateix, a l\u2019esperit de conviv\u00e8ncia.<\/li>\n<li>La realitzaci\u00f3 de sortides i activitats que ajudin a completar el treball fet a classe i els posin en contacte amb la realitat que els envolta.<\/li>\n<li>La viv\u00e8ncia de les festes tradicionals.<\/li>\n<li>La potenciaci\u00f3 de l\u2019aprenentatge <strong>significatiu<\/strong>, l\u2019adquisici\u00f3 de coneixements que s\u2019interrelacionen entre ells per afavorir la compet\u00e8ncia de l\u2019aprenentatge.<\/li>\n<li>Una l\u00ednia de treball din\u00e0mica i activa, basada en l\u2019observaci\u00f3, comprensi\u00f3 i experimentaci\u00f3.<\/li>\n<\/ul>\n<\/li>\n<li>Assumim el comprom\u00eds que cada alumne aprengui a pensar, aprengui a aprendre, aprengui l\u2019art de viure, d\u2019estimar i de treballar amb alegria.<\/li>\n<li>Fomentem i treballem a totes les \u00e0rees els valors del di\u00e0leg, de conviv\u00e8ncia, la responsabilitat, sensibilitat, creativitat, feina ben feta, pau i solidaritat.<\/li>\n<li>Potenciem la<strong> relaci\u00f3 positiva amb les fam\u00edlies <\/strong>mitjan\u00e7ant<strong>:<\/strong>\n<ul>\n<li>Reunions informatives , com a m\u00ednim a l\u2019inici de cada curs.<\/li>\n<li>Tutoria personalitzada ( l\u2019institut garanteix una entrevista al llarg de cada curs )<\/li>\n<li>Orientaci\u00f3 pedag\u00f2gica amb la col\u00b7laboraci\u00f3 de l\u2019EAP.<\/li>\n<\/ul>\n<\/li>\n<\/ul>\n<\/div>\n<\/div>\n<\/div>\n","protected":false},"excerpt":{"rendered":"<p>Som un Centre d\u2019Ensenyament P\u00fablic d\u2019 Educaci\u00f3 secund\u00e0ria pertanyent a la Generalitat de Catalunya.<br \/>\nAquest s\u00f3n els trets que ens caracteritzen:<\/p>\n<ul>\n<li>L\u2019atenci\u00f3 personalitzada a l\u2019alumne\/a i a la seva situaci\u00f3 familiar.<\/li>\n<li>Volem que des dels 12 anys fins als 18, el\/la nen\/a visqui feli\u00e7ment cada dia a l&#8217;Institut.<\/li>\n<li>Procurem&hellip;  <a href=\"https:\/\/agora.xtec.cat\/iesterraroja\/linstitut\/historia\/\" title=\"Read Presentaci\u00f3 i trets\">Llegeix m\u00e9s\u00bb<\/a><br \/>\n","protected":false},"author":1,"featured_media":0,"parent":19,"menu_order":20,"comment_status":"closed","ping_status":"closed","template":"page-templates\/side-menu.php","meta":{"_bbp_topic_count":0,"_bbp_reply_count":0,"_bbp_total_topic_count":0,"_bbp_total_reply_count":0,"_bbp_voice_count":0,"_bbp_anonymous_reply_count":0,"_bbp_topic_count_hidden":0,"_bbp_reply_count_hidden":0,"_bbp_forum_subforum_count":0,"footnotes":""},"class_list":["post-27","page","type-page","status-publish","hentry"],"post_mailing_queue_ids":[],"_links":{"self":[{"href":"https:\/\/agora.xtec.cat\/iesterraroja\/wp-json\/wp\/v2\/pages\/27","targetHints":{"allow":["GET"]}}],"collection":[{"href":"https:\/\/agora.xtec.cat\/iesterraroja\/wp-json\/wp\/v2\/pages"}],"about":[{"href":"https:\/\/agora.xtec.cat\/iesterraroja\/wp-json\/wp\/v2\/types\/page"}],"author":[{"embeddable":true,"href":"https:\/\/agora.xtec.cat\/iesterraroja\/wp-json\/wp\/v2\/users\/1"}],"replies":[{"embeddable":true,"href":"https:\/\/agora.xtec.cat\/iesterraroja\/wp-json\/wp\/v2\/comments?post=27"}],"version-history":[{"count":3,"href":"https:\/\/agora.xtec.cat\/iesterraroja\/wp-json\/wp\/v2\/pages\/27\/revisions"}],"predecessor-version":[{"id":9995,"href":"https:\/\/agora.xtec.cat\/iesterraroja\/wp-json\/wp\/v2\/pages\/27\/revisions\/9995"}],"up":[{"embeddable":true,"href":"https:\/\/agora.xtec.cat\/iesterraroja\/wp-json\/wp\/v2\/pages\/19"}],"wp:attachment":[{"href":"https:\/\/agora.xtec.cat\/iesterraroja\/wp-json\/wp\/v2\/media?parent=27"}],"curies":[{"name":"wp","href":"https:\/\/api.w.org\/{rel}","templated":true}]}}