{"id":69,"date":"2014-09-18T10:15:07","date_gmt":"2014-09-18T09:15:07","guid":{"rendered":"http:\/\/agora.xtec.cat\/iessitges\/?page_id=69"},"modified":"2025-07-22T13:21:53","modified_gmt":"2025-07-22T11:21:53","slug":"menjador-escolar","status":"publish","type":"page","link":"https:\/\/agora.xtec.cat\/iessitges\/serveis-2\/menjador-escolar\/","title":{"rendered":"Menjador escolar"},"content":{"rendered":"<p>Curs 2025\/26:<\/p>\n<p>Us oferim la possibilitat de que el seu fill\/filla pugui gaudir dels serveis del nostre menjador escolar durant el curs escolar.<\/p>\n<p>El Departament d\u2019Educaci\u00f3 ha determinat que el preu del menjador escolar sigui:<\/p>\n<ul>\n<li><u>Comensals espor\u00e0dics<\/u>: 7,80 \u20ac (es paga a la consergeria del centre, fins a les 10:45 hores, el dia que l\u2019alumne vol dinar).<\/li>\n<li><u>Comensals habituals<\/u>: 7,13 \u20ac (s\u00f3n comensals habituals els que tenen el menjador domiciliat i es queden dos dies o m\u00e9s a la setmana). Si s\u2019opta per aquesta opci\u00f3 s\u2019ha d\u2019emplenar el seg\u00fcent document i entregar a consergeria, junt amb una <strong>fotoc\u00f2pia del n\u00famero de compte corrent, <\/strong>o enviar-ho per e-mail a <a href=\"mailto:factures@iessitges.cat\">factures@iessitges.cat<\/a>.<\/li>\n<\/ul>\n<p>A m\u00e9s, el centre ofereix <span style=\"text-decoration: underline;\">men\u00fa per emportar<\/span>: 9 \u20ac. (Preu aprovat per Consell Escolar en acta de 10-09-2024)<\/p>\n<p>Si es vol canviar de modalitat sent comensal habitual, s&#8217;ha d&#8217;informar a l&#8217;administradora abans del dia 20 del mes, per a comen\u00e7ar a aplicar el canvi al mes seg\u00fcent.<\/p>\n<p><a href=\"https:\/\/drive.google.com\/file\/d\/120mAOtFurnH0wzU97efN9obGheantSzA\/view?usp=drive_link\" target=\"_blank\" rel=\"noopener\">Domiciliaci\u00f3 banc\u00e0ria menjador escolar<\/a> curs 2025-26.<\/p>\n<p>Els preus venen marcats per la<span class=\"list-group-item-wrapper-content\">\u00a0<a href=\"https:\/\/dogc.gencat.cat\/ca\/document-del-dogc\/?documentId=1011204\" target=\"_blank\" rel=\"noopener\">Resoluci\u00f3 EDF\/1222\/2025, de 2 d&#8217;abril<\/a>.<\/span><\/p>\n<p>Recordem que tot alumne que pateixi alguna al\u00b7l\u00e8rgia o segueixi alguna dieta espec\u00edfica (diabetis, intoler\u00e0ncia al gluten, etc.,) ho ha de fer saber als responsables del menjador escolar del centre sempre aportant un informe m\u00e8dic que ho acrediti.<\/p>\n<p>El <strong>menjador escolar comen\u00e7ar\u00e0 el dimecres 17 de setembre del 2025.<\/strong><\/p>\n<p>Els pagaments domiciliats s\u2019efectuaran a mes ven\u00e7ut.<\/p>\n<p>En el moment que hi hagi un retorn de rebut, s\u2019avisar\u00e0 a la fam\u00edlia que haur\u00e0 d\u2019abonar el rec\u00e0rrec bancari de retorn. Si en el termini de 10 dies no es fa efectiu es donar\u00e0 de baixa aquest servei.<\/p>\n<p>Qui rebi qualsevol classe <strong>d\u2019ajuda del Consell Comarcal, Ajuntament,<\/strong> etc., <strong>ho ha de fer saber a l\u2019administradora del centre<\/strong>.<\/p>\n<p>L\u2019alumne que no compleixi les normes de conviv\u00e8ncia del centre, no podr\u00e0 fer \u00fas d\u2019aquest servei i pot causar una sanci\u00f3 segons les normes generals de conviv\u00e8ncia del centre.<\/p>\n<p>Els <strong>comensals habituals<\/strong> que per qualsevol motiu <strong>no pugui assistir al menjador<\/strong>, hauran d&#8217;avisar el mateix dia <em>presencialment<\/em> a consergeria o per <em>correu electr\u00f2nic<\/em> <span style=\"color: #3366ff;\">consergeria@iessitges.cat<\/span> abans de les <strong>10:45\u202fh.<\/strong> En cas de no avisar, se li cobrar\u00e0 el 100% del servei.<\/p>\n","protected":false},"excerpt":{"rendered":"<p>Curs 2025\/26: Us oferim la possibilitat de que el seu fill\/filla pugui gaudir dels serveis del nostre menjador escolar durant el curs escolar. El Departament d\u2019Educaci\u00f3 ha determinat que el preu del menjador escolar sigui: Comensals espor\u00e0dics: 7,80 \u20ac (es paga a la consergeria del centre, fins a les 10:45 hores, el dia que l\u2019alumne [&hellip;]<\/p>\n","protected":false},"author":1,"featured_media":0,"parent":674,"menu_order":30,"comment_status":"closed","ping_status":"closed","template":"","meta":{"site-sidebar-layout":"default","site-content-layout":"","ast-site-content-layout":"","site-content-style":"default","site-sidebar-style":"default","ast-global-header-display":"","ast-banner-title-visibility":"","ast-main-header-display":"","ast-hfb-above-header-display":"","ast-hfb-below-header-display":"","ast-hfb-mobile-header-display":"","site-post-title":"","ast-breadcrumbs-content":"","ast-featured-img":"","footer-sml-layout":"","theme-transparent-header-meta":"","adv-header-id-meta":"","stick-header-meta":"","header-above-stick-meta":"","header-main-stick-meta":"","header-below-stick-meta":"","astra-migrate-meta-layouts":"default","ast-page-background-enabled":"default","ast-page-background-meta":{"desktop":{"background-color":"var(--ast-global-color-4)","background-image":"","background-repeat":"repeat","background-position":"center center","background-size":"auto","background-attachment":"scroll","background-type":"","background-media":"","overlay-type":"","overlay-color":"","overlay-opacity":"","overlay-gradient":""},"tablet":{"background-color":"","background-image":"","background-repeat":"repeat","background-position":"center center","background-size":"auto","background-attachment":"scroll","background-type":"","background-media":"","overlay-type":"","overlay-color":"","overlay-opacity":"","overlay-gradient":""},"mobile":{"background-color":"","background-image":"","background-repeat":"repeat","background-position":"center center","background-size":"auto","background-attachment":"scroll","background-type":"","background-media":"","overlay-type":"","overlay-color":"","overlay-opacity":"","overlay-gradient":""}},"ast-content-background-meta":{"desktop":{"background-color":"var(--ast-global-color-5)","background-image":"","background-repeat":"repeat","background-position":"center center","background-size":"auto","background-attachment":"scroll","background-type":"","background-media":"","overlay-type":"","overlay-color":"","overlay-opacity":"","overlay-gradient":""},"tablet":{"background-color":"var(--ast-global-color-5)","background-image":"","background-repeat":"repeat","background-position":"center center","background-size":"auto","background-attachment":"scroll","background-type":"","background-media":"","overlay-type":"","overlay-color":"","overlay-opacity":"","overlay-gradient":""},"mobile":{"background-color":"var(--ast-global-color-5)","background-image":"","background-repeat":"repeat","background-position":"center center","background-size":"auto","background-attachment":"scroll","background-type":"","background-media":"","overlay-type":"","overlay-color":"","overlay-opacity":"","overlay-gradient":""}},"footnotes":""},"class_list":["post-69","page","type-page","status-publish","hentry"],"post_mailing_queue_ids":[],"_links":{"self":[{"href":"https:\/\/agora.xtec.cat\/iessitges\/wp-json\/wp\/v2\/pages\/69","targetHints":{"allow":["GET"]}}],"collection":[{"href":"https:\/\/agora.xtec.cat\/iessitges\/wp-json\/wp\/v2\/pages"}],"about":[{"href":"https:\/\/agora.xtec.cat\/iessitges\/wp-json\/wp\/v2\/types\/page"}],"author":[{"embeddable":true,"href":"https:\/\/agora.xtec.cat\/iessitges\/wp-json\/wp\/v2\/users\/1"}],"replies":[{"embeddable":true,"href":"https:\/\/agora.xtec.cat\/iessitges\/wp-json\/wp\/v2\/comments?post=69"}],"version-history":[{"count":6,"href":"https:\/\/agora.xtec.cat\/iessitges\/wp-json\/wp\/v2\/pages\/69\/revisions"}],"predecessor-version":[{"id":14918,"href":"https:\/\/agora.xtec.cat\/iessitges\/wp-json\/wp\/v2\/pages\/69\/revisions\/14918"}],"up":[{"embeddable":true,"href":"https:\/\/agora.xtec.cat\/iessitges\/wp-json\/wp\/v2\/pages\/674"}],"wp:attachment":[{"href":"https:\/\/agora.xtec.cat\/iessitges\/wp-json\/wp\/v2\/media?parent=69"}],"curies":[{"name":"wp","href":"https:\/\/api.w.org\/{rel}","templated":true}]}}