{"id":640,"date":"2019-01-29T17:17:54","date_gmt":"2019-01-29T16:17:54","guid":{"rendered":"https:\/\/agora.xtec.cat\/iessitges\/?page_id=640"},"modified":"2026-03-23T18:57:22","modified_gmt":"2026-03-23T17:57:22","slug":"preinscripcio-i-matricula","status":"publish","type":"page","link":"https:\/\/agora.xtec.cat\/iessitges\/secretaria\/preinscripcio-i-matricula\/","title":{"rendered":"Preinscripci\u00f3 i Matr\u00edcula"},"content":{"rendered":"<h5 style=\"text-align: center;\"><a href=\"https:\/\/agora.xtec.cat\/iessitges\/secretaria\/preinscripcio-i-matricula\/educacio-secunadaria-obligatoria-eso\/\">Educaci\u00f3 Secund\u00e0ria Obligat\u00f2ria (ESO)<\/a><\/h5>\n<h5 style=\"text-align: center;\"><a href=\"https:\/\/agora.xtec.cat\/iessitges\/secretaria\/preinscripcio-i-matricula\/batxillerat\/\">Batxillerat (BAT)<\/a><\/h5>\n<h5 style=\"text-align: center;\"><a href=\"https:\/\/agora.xtec.cat\/iessitges\/secretaria\/preinscripcio-i-matricula\/cicles-formatius-de-grau-mitja-cfgm\/\">Formaci\u00f3 Professional de Grau Mitj\u00e0 (CFGM)<\/a><\/h5>\n<h5 style=\"text-align: center;\"><a href=\"https:\/\/agora.xtec.cat\/iessitges\/secretaria\/preinscripcio-i-matricula\/cicles-formatis-grau-superior-cfgs\/\">Formaci\u00f3 Professional de Grau Superior (CFGS)<\/a><\/h5>\n<h5 style=\"text-align: center;\"><a href=\"https:\/\/agora.xtec.cat\/iessitges\/secretaria\/preinscripcio-i-matricula\/programes-de-formacio-i-insercio-pfi\/\">Programes de formaci\u00f3 i inserci\u00f3 (PFI)<\/a><\/h5>\n<h5 style=\"text-align: center;\"><a href=\"https:\/\/agora.xtec.cat\/iessitges\/secretaria\/preinscripcio-i-matricula\/irineraris\/\" rel=\"noopener\">Itineraris Formatius Espec\u00edfics (IFE)<\/a><\/h5>\n<h5><\/h5>\n<p>OFERTA DE PLACES: MAPA ESCOLAR<\/p>\n<p><a href=\"http:\/\/mapaescolar.gencat.cat\/\" target=\"_blank\" rel=\"noopener\">Oferta de places a: Mapa escolar de la preinscripci\u00f3\u00a0<\/a><\/p>\n<hr \/>\n<h4><strong>ADMISSI\u00d3 AL LLARG DEL CURS (Matr\u00edcula viva)<br \/>\n<\/strong><\/h4>\n<ul>\n<li style=\"list-style-type: none;\">\n<ul>\n<li><a href=\"https:\/\/educacio.gencat.cat\/ca\/tramits\/tramits-temes\/admissio-centre-fora-proces-preinscripcio\" target=\"_blank\" rel=\"noopener\">Admissi\u00f3 al llarg del curs fora del proc\u00e9s de preinscripci\u00f3<\/a><\/li>\n<\/ul>\n<\/li>\n<\/ul>\n","protected":false},"excerpt":{"rendered":"<p>Educaci\u00f3 Secund\u00e0ria Obligat\u00f2ria (ESO) Batxillerat (BAT) Formaci\u00f3 Professional de Grau Mitj\u00e0 (CFGM) Formaci\u00f3 Professional de Grau Superior (CFGS) Programes de formaci\u00f3 i inserci\u00f3 (PFI) Itineraris Formatius Espec\u00edfics (IFE) OFERTA DE PLACES: MAPA ESCOLAR Oferta de places a: Mapa escolar de la preinscripci\u00f3\u00a0 ADMISSI\u00d3 AL LLARG DEL CURS (Matr\u00edcula viva) Admissi\u00f3 al llarg del curs fora [&hellip;]<\/p>\n","protected":false},"author":1,"featured_media":0,"parent":81,"menu_order":20,"comment_status":"closed","ping_status":"closed","template":"","meta":{"site-sidebar-layout":"default","site-content-layout":"","ast-site-content-layout":"default","site-content-style":"default","site-sidebar-style":"default","ast-global-header-display":"","ast-banner-title-visibility":"","ast-main-header-display":"","ast-hfb-above-header-display":"","ast-hfb-below-header-display":"","ast-hfb-mobile-header-display":"","site-post-title":"","ast-breadcrumbs-content":"","ast-featured-img":"","footer-sml-layout":"","theme-transparent-header-meta":"default","adv-header-id-meta":"","stick-header-meta":"","header-above-stick-meta":"","header-main-stick-meta":"","header-below-stick-meta":"","astra-migrate-meta-layouts":"set","ast-page-background-enabled":"default","ast-page-background-meta":{"desktop":{"background-color":"var(--ast-global-color-4)","background-image":"","background-repeat":"repeat","background-position":"center center","background-size":"auto","background-attachment":"scroll","background-type":"","background-media":"","overlay-type":"","overlay-color":"","overlay-opacity":"","overlay-gradient":""},"tablet":{"background-color":"","background-image":"","background-repeat":"repeat","background-position":"center center","background-size":"auto","background-attachment":"scroll","background-type":"","background-media":"","overlay-type":"","overlay-color":"","overlay-opacity":"","overlay-gradient":""},"mobile":{"background-color":"","background-image":"","background-repeat":"repeat","background-position":"center center","background-size":"auto","background-attachment":"scroll","background-type":"","background-media":"","overlay-type":"","overlay-color":"","overlay-opacity":"","overlay-gradient":""}},"ast-content-background-meta":{"desktop":{"background-color":"var(--ast-global-color-5)","background-image":"","background-repeat":"repeat","background-position":"center center","background-size":"auto","background-attachment":"scroll","background-type":"","background-media":"","overlay-type":"","overlay-color":"","overlay-opacity":"","overlay-gradient":""},"tablet":{"background-color":"var(--ast-global-color-5)","background-image":"","background-repeat":"repeat","background-position":"center center","background-size":"auto","background-attachment":"scroll","background-type":"","background-media":"","overlay-type":"","overlay-color":"","overlay-opacity":"","overlay-gradient":""},"mobile":{"background-color":"var(--ast-global-color-5)","background-image":"","background-repeat":"repeat","background-position":"center center","background-size":"auto","background-attachment":"scroll","background-type":"","background-media":"","overlay-type":"","overlay-color":"","overlay-opacity":"","overlay-gradient":""}},"footnotes":""},"class_list":["post-640","page","type-page","status-publish","hentry"],"post_mailing_queue_ids":[],"_links":{"self":[{"href":"https:\/\/agora.xtec.cat\/iessitges\/wp-json\/wp\/v2\/pages\/640","targetHints":{"allow":["GET"]}}],"collection":[{"href":"https:\/\/agora.xtec.cat\/iessitges\/wp-json\/wp\/v2\/pages"}],"about":[{"href":"https:\/\/agora.xtec.cat\/iessitges\/wp-json\/wp\/v2\/types\/page"}],"author":[{"embeddable":true,"href":"https:\/\/agora.xtec.cat\/iessitges\/wp-json\/wp\/v2\/users\/1"}],"replies":[{"embeddable":true,"href":"https:\/\/agora.xtec.cat\/iessitges\/wp-json\/wp\/v2\/comments?post=640"}],"version-history":[{"count":6,"href":"https:\/\/agora.xtec.cat\/iessitges\/wp-json\/wp\/v2\/pages\/640\/revisions"}],"predecessor-version":[{"id":16305,"href":"https:\/\/agora.xtec.cat\/iessitges\/wp-json\/wp\/v2\/pages\/640\/revisions\/16305"}],"up":[{"embeddable":true,"href":"https:\/\/agora.xtec.cat\/iessitges\/wp-json\/wp\/v2\/pages\/81"}],"wp:attachment":[{"href":"https:\/\/agora.xtec.cat\/iessitges\/wp-json\/wp\/v2\/media?parent=640"}],"curies":[{"name":"wp","href":"https:\/\/api.w.org\/{rel}","templated":true}]}}