{"id":195,"date":"2014-09-22T10:39:39","date_gmt":"2014-09-22T10:39:39","guid":{"rendered":"http:\/\/agora.xtec.cat\/iessitges\/?page_id=195"},"modified":"2024-09-04T13:14:54","modified_gmt":"2024-09-04T11:14:54","slug":"estudis","status":"publish","type":"page","link":"https:\/\/agora.xtec.cat\/iessitges\/estudis\/","title":{"rendered":"Estudis"},"content":{"rendered":"<header class=\"entry-header\" style=\"color: #444444;\">\n<header class=\"entry-header\">\n<p class=\"entry-title\" style=\"font-weight: 400; color: #087eb6;\">\u00a0<span style=\"font-family: inherit; font-size: 1em; color: #444444;\">L\u2019oferta formativa del nostre centre consta de les seg\u00fcents tipologies d\u2019estudis:<\/span><\/p>\n<\/header>\n<div class=\"entry-content\">\n<ul>\n<li>Ensenyament Secundari Obligatori (ESO)<\/li>\n<li>Batxillerat:\n<ul>\n<li>Cient\u00edfic i tecnol\u00f2gic<\/li>\n<li>Human\u00edstic i social<\/li>\n<li><span style=\"font-family: inherit; font-size: 1em;\">Arts pla\u0300stiques, imatge i disseny<\/span><\/li>\n<\/ul>\n<\/li>\n<li>Cicle Formatiu de Grau Mitj\u00e0 (CFGM):\n<ul>\n<li>Cuina i gastronmia i serveis en restauraci\u00f3<\/li>\n<li>Forneria, pastiseria i confiteria<\/li>\n<li>Serveis en restauraci\u00f3<\/li>\n<\/ul>\n<\/li>\n<li>Cicles Formatius de Grau Superior (CFGS):\n<ul>\n<li>Direcci\u00f3 en cuina i serveis<\/li>\n<li>Gesti\u00f3 d&#8217;allotjament tur\u00edstics<\/li>\n<li>Diet\u00e8tica<\/li>\n<\/ul>\n<\/li>\n<\/ul>\n<p>Trobareu m\u00e9s informaci\u00f3\u00a0fent clic sobre els enlla\u00e7os del men\u00fa lateral.<\/p>\n<\/div>\n<h1 class=\"entry-title\" style=\"font-weight: 400; color: #087eb6;\">SISTEMA EDUCATIU<a href=\"https:\/\/agora.xtec.cat\/iessitges\/wp-content\/uploads\/usu1948\/2019\/02\/Captura-de-Pantalla-2019-02-25-a-les-19.17.36.png\"><img loading=\"lazy\" decoding=\"async\" class=\"alignnone size-large wp-image-1007\" src=\"https:\/\/agora.xtec.cat\/iessitges\/wp-content\/uploads\/usu1948\/2019\/02\/Captura-de-Pantalla-2019-02-25-a-les-19.17.36-961x1024.png\" alt=\"\" width=\"961\" height=\"1024\" srcset=\"https:\/\/agora.xtec.cat\/iessitges\/wp-content\/uploads\/usu1948\/2019\/02\/Captura-de-Pantalla-2019-02-25-a-les-19.17.36-961x1024.png 961w, https:\/\/agora.xtec.cat\/iessitges\/wp-content\/uploads\/usu1948\/2019\/02\/Captura-de-Pantalla-2019-02-25-a-les-19.17.36-282x300.png 282w, https:\/\/agora.xtec.cat\/iessitges\/wp-content\/uploads\/usu1948\/2019\/02\/Captura-de-Pantalla-2019-02-25-a-les-19.17.36-768x818.png 768w, https:\/\/agora.xtec.cat\/iessitges\/wp-content\/uploads\/usu1948\/2019\/02\/Captura-de-Pantalla-2019-02-25-a-les-19.17.36.png 1340w\" sizes=\"auto, (max-width: 961px) 100vw, 961px\" \/><\/a><\/h1>\n<h1><a href=\"https:\/\/agora.xtec.cat\/iessitges\/wp-content\/uploads\/usu1948\/2019\/02\/Captura-de-Pantalla-2019-02-25-a-les-19.18.04.png\"><img loading=\"lazy\" decoding=\"async\" class=\"alignnone size-large wp-image-1006\" src=\"https:\/\/agora.xtec.cat\/iessitges\/wp-content\/uploads\/usu1948\/2019\/02\/Captura-de-Pantalla-2019-02-25-a-les-19.18.04-1024x825.png\" alt=\"\" width=\"1024\" height=\"825\" srcset=\"https:\/\/agora.xtec.cat\/iessitges\/wp-content\/uploads\/usu1948\/2019\/02\/Captura-de-Pantalla-2019-02-25-a-les-19.18.04-1024x825.png 1024w, https:\/\/agora.xtec.cat\/iessitges\/wp-content\/uploads\/usu1948\/2019\/02\/Captura-de-Pantalla-2019-02-25-a-les-19.18.04-300x242.png 300w, https:\/\/agora.xtec.cat\/iessitges\/wp-content\/uploads\/usu1948\/2019\/02\/Captura-de-Pantalla-2019-02-25-a-les-19.18.04-768x619.png 768w, https:\/\/agora.xtec.cat\/iessitges\/wp-content\/uploads\/usu1948\/2019\/02\/Captura-de-Pantalla-2019-02-25-a-les-19.18.04.png 1700w\" sizes=\"auto, (max-width: 1024px) 100vw, 1024px\" \/><\/a><\/h1>\n<h1><a href=\"https:\/\/agora.xtec.cat\/iessitges\/wp-content\/uploads\/usu1948\/2019\/02\/Captura-de-Pantalla-2019-02-25-a-les-19.18.26.png\"><img loading=\"lazy\" decoding=\"async\" class=\"alignnone size-large wp-image-1005\" src=\"https:\/\/agora.xtec.cat\/iessitges\/wp-content\/uploads\/usu1948\/2019\/02\/Captura-de-Pantalla-2019-02-25-a-les-19.18.26-1024x922.png\" alt=\"\" width=\"1024\" height=\"922\" srcset=\"https:\/\/agora.xtec.cat\/iessitges\/wp-content\/uploads\/usu1948\/2019\/02\/Captura-de-Pantalla-2019-02-25-a-les-19.18.26-1024x922.png 1024w, https:\/\/agora.xtec.cat\/iessitges\/wp-content\/uploads\/usu1948\/2019\/02\/Captura-de-Pantalla-2019-02-25-a-les-19.18.26-300x270.png 300w, https:\/\/agora.xtec.cat\/iessitges\/wp-content\/uploads\/usu1948\/2019\/02\/Captura-de-Pantalla-2019-02-25-a-les-19.18.26-768x692.png 768w, https:\/\/agora.xtec.cat\/iessitges\/wp-content\/uploads\/usu1948\/2019\/02\/Captura-de-Pantalla-2019-02-25-a-les-19.18.26.png 1936w\" sizes=\"auto, (max-width: 1024px) 100vw, 1024px\" \/><\/a><\/h1>\n<h1><a href=\"https:\/\/agora.xtec.cat\/iessitges\/wp-content\/uploads\/usu1948\/2019\/02\/Captura-de-Pantalla-2019-02-25-a-les-19.23.25.png\"><img loading=\"lazy\" decoding=\"async\" class=\"alignnone size-large wp-image-1004\" src=\"https:\/\/agora.xtec.cat\/iessitges\/wp-content\/uploads\/usu1948\/2019\/02\/Captura-de-Pantalla-2019-02-25-a-les-19.23.25-1024x469.png\" alt=\"\" width=\"1024\" height=\"469\" srcset=\"https:\/\/agora.xtec.cat\/iessitges\/wp-content\/uploads\/usu1948\/2019\/02\/Captura-de-Pantalla-2019-02-25-a-les-19.23.25-1024x469.png 1024w, https:\/\/agora.xtec.cat\/iessitges\/wp-content\/uploads\/usu1948\/2019\/02\/Captura-de-Pantalla-2019-02-25-a-les-19.23.25-300x137.png 300w, https:\/\/agora.xtec.cat\/iessitges\/wp-content\/uploads\/usu1948\/2019\/02\/Captura-de-Pantalla-2019-02-25-a-les-19.23.25-768x352.png 768w, https:\/\/agora.xtec.cat\/iessitges\/wp-content\/uploads\/usu1948\/2019\/02\/Captura-de-Pantalla-2019-02-25-a-les-19.23.25.png 1594w\" sizes=\"auto, (max-width: 1024px) 100vw, 1024px\" \/><\/a><\/h1>\n<\/header>\n<div class=\"entry-content\" style=\"color: #444444;\">\n<div class=\"entry-content\">\n<h1 class=\"entry-title\" style=\"font-weight: 400; color: #087eb6;\"><\/h1>\n<\/div>\n<\/div>\n","protected":false},"excerpt":{"rendered":"<p>\u00a0L\u2019oferta formativa del nostre centre consta de les seg\u00fcents tipologies d\u2019estudis: Ensenyament Secundari Obligatori (ESO) Batxillerat: Cient\u00edfic i tecnol\u00f2gic Human\u00edstic i social Arts pla\u0300stiques, imatge i disseny Cicle Formatiu de Grau Mitj\u00e0 (CFGM): Cuina i gastronmia i serveis en restauraci\u00f3 Forneria, pastiseria i confiteria Serveis en restauraci\u00f3 Cicles Formatius de Grau Superior (CFGS): Direcci\u00f3 en [&hellip;]<\/p>\n","protected":false},"author":1,"featured_media":0,"parent":0,"menu_order":0,"comment_status":"closed","ping_status":"closed","template":"","meta":{"site-sidebar-layout":"default","site-content-layout":"","ast-site-content-layout":"","site-content-style":"default","site-sidebar-style":"default","ast-global-header-display":"","ast-banner-title-visibility":"","ast-main-header-display":"","ast-hfb-above-header-display":"","ast-hfb-below-header-display":"","ast-hfb-mobile-header-display":"","site-post-title":"","ast-breadcrumbs-content":"","ast-featured-img":"","footer-sml-layout":"","theme-transparent-header-meta":"","adv-header-id-meta":"","stick-header-meta":"","header-above-stick-meta":"","header-main-stick-meta":"","header-below-stick-meta":"","astra-migrate-meta-layouts":"default","ast-page-background-enabled":"default","ast-page-background-meta":{"desktop":{"background-color":"var(--ast-global-color-4)","background-image":"","background-repeat":"repeat","background-position":"center center","background-size":"auto","background-attachment":"scroll","background-type":"","background-media":"","overlay-type":"","overlay-color":"","overlay-opacity":"","overlay-gradient":""},"tablet":{"background-color":"","background-image":"","background-repeat":"repeat","background-position":"center center","background-size":"auto","background-attachment":"scroll","background-type":"","background-media":"","overlay-type":"","overlay-color":"","overlay-opacity":"","overlay-gradient":""},"mobile":{"background-color":"","background-image":"","background-repeat":"repeat","background-position":"center center","background-size":"auto","background-attachment":"scroll","background-type":"","background-media":"","overlay-type":"","overlay-color":"","overlay-opacity":"","overlay-gradient":""}},"ast-content-background-meta":{"desktop":{"background-color":"var(--ast-global-color-5)","background-image":"","background-repeat":"repeat","background-position":"center center","background-size":"auto","background-attachment":"scroll","background-type":"","background-media":"","overlay-type":"","overlay-color":"","overlay-opacity":"","overlay-gradient":""},"tablet":{"background-color":"var(--ast-global-color-5)","background-image":"","background-repeat":"repeat","background-position":"center center","background-size":"auto","background-attachment":"scroll","background-type":"","background-media":"","overlay-type":"","overlay-color":"","overlay-opacity":"","overlay-gradient":""},"mobile":{"background-color":"var(--ast-global-color-5)","background-image":"","background-repeat":"repeat","background-position":"center center","background-size":"auto","background-attachment":"scroll","background-type":"","background-media":"","overlay-type":"","overlay-color":"","overlay-opacity":"","overlay-gradient":""}},"footnotes":""},"class_list":["post-195","page","type-page","status-publish","hentry"],"post_mailing_queue_ids":[],"_links":{"self":[{"href":"https:\/\/agora.xtec.cat\/iessitges\/wp-json\/wp\/v2\/pages\/195","targetHints":{"allow":["GET"]}}],"collection":[{"href":"https:\/\/agora.xtec.cat\/iessitges\/wp-json\/wp\/v2\/pages"}],"about":[{"href":"https:\/\/agora.xtec.cat\/iessitges\/wp-json\/wp\/v2\/types\/page"}],"author":[{"embeddable":true,"href":"https:\/\/agora.xtec.cat\/iessitges\/wp-json\/wp\/v2\/users\/1"}],"replies":[{"embeddable":true,"href":"https:\/\/agora.xtec.cat\/iessitges\/wp-json\/wp\/v2\/comments?post=195"}],"version-history":[{"count":6,"href":"https:\/\/agora.xtec.cat\/iessitges\/wp-json\/wp\/v2\/pages\/195\/revisions"}],"predecessor-version":[{"id":13243,"href":"https:\/\/agora.xtec.cat\/iessitges\/wp-json\/wp\/v2\/pages\/195\/revisions\/13243"}],"wp:attachment":[{"href":"https:\/\/agora.xtec.cat\/iessitges\/wp-json\/wp\/v2\/media?parent=195"}],"curies":[{"name":"wp","href":"https:\/\/api.w.org\/{rel}","templated":true}]}}