{"id":1590,"date":"2019-04-30T16:16:11","date_gmt":"2019-04-30T14:16:11","guid":{"rendered":"https:\/\/agora.xtec.cat\/iessitges\/?page_id=1590"},"modified":"2021-03-24T13:20:25","modified_gmt":"2021-03-24T12:20:25","slug":"familia-institut","status":"publish","type":"page","link":"https:\/\/agora.xtec.cat\/iessitges\/serveis-2\/familia-institut\/","title":{"rendered":"Fam\u00edlia-Institut (recursos per a les fam\u00edlies)"},"content":{"rendered":"<p>Aquest \u00e9s l&#8217;espai on anirem recollint orientacions i recursos per promoure la implicaci\u00f3 de les fam\u00edlies en el proc\u00e9s escolar i educatiu dels seus fills i de les seves filles i la seva participaci\u00f3 en el funcionament del centre.<\/p>\n<ul>\n<li><strong><a href=\"https:\/\/agora.xtec.cat\/iessitges\/wp-content\/uploads\/usu1948\/2021\/03\/Consells-per-a-pares-i-mares-control-parental-i-jocs-en-linia.doc\">Consells per a pares i mares control parental i jocs en linia<\/a><\/strong>. Document d&#8217;orientaci\u00f3 per a fam\u00edlies, elaborat per Mossos d&#8217;Esquadra-Garraf.<\/li>\n<li><strong>NOU<\/strong> Espai <strong><a href=\"http:\/\/ensenyament.gencat.cat\/ca\/arees-actuacio\/families\/\">FAM\u00cdLIES<\/a>,<\/strong> dins la web del Departament d&#8217;Educaci\u00f3 de la Generalitat de Catalunya.<\/li>\n<li><a href=\"http:\/\/associacioelna.cat\/\"><strong>ELNA Associaci\u00f3.<\/strong><\/a> Des del curs 2019-2020, treballem amb l&#8217;Associaci\u00f3 ELNA-Eduquem amb l&#8217;Autoestima, una associaci\u00f3 sense \u00e0nim de lucre, afincada en el Garraf, que t\u00e9 per objectiu l&#8217;acompanyament en l&#8217;educaci\u00f3 socioemocional tant en l&#8217;\u00e0mbit escolar, com familiar, com social. Hem iniciat un programa de sessions a les tutories de 1r d&#8217;ESO centrades en la cohesi\u00f3 de grup, sobretot, tot i que les sessions s&#8217;adapten a les necessitats que presenta cada grup. En el seu canal de <a href=\"https:\/\/www.youtube.com\/channel\/UC6dCZed0bJi-N8KtloMjDGg\/featured\">youtube<\/a>, han creat una s\u00e8rie de v\u00eddeos que us poden servir d&#8217;ajuda per acompanyar els vostres fills i filles en situacions de crisi com la que estem vivint actualment. Us en deixem un, a tall d&#8217;exemple.<br \/>\n<a href=\"https:\/\/youtu.be\/f_89qr-S6zw\">https:\/\/youtu.be\/f_89qr-S6zw<\/a><\/li>\n<li><strong>#aquiproubullying<\/strong>. El centre participa d&#8217;aquest programa d&#8217;innovaci\u00f3 pedag\u00f2gica des del curs 2017-2018. A les tutories de 1r i 2n d&#8217;ESO s&#8217;han treballat els materials que facilita, centrant-nos, sobretot en aspectes com l&#8217;assertivitat, l&#8217;empatia, i la introducci\u00f3 als conceptes d&#8217;assetjament i de ciberassetjament. <a href=\"http:\/\/xtec.gencat.cat\/ca\/centres\/projeducatiu\/convivencia\/aquiproubullying\/moduls-formatius\/families\/\">Aqu\u00ed<\/a> disposeu del material que el projecte ofereix de cara a les fam\u00edlies que volen tenir m\u00e9s informaci\u00f3 sobre aquest tema i, aix\u00ed, poder acompanyar els seus fills i les seves filles en el seu creixement personal i en la gesti\u00f3 positiva dels conflictes. Els m\u00f2duls que es treballen a 1r i 2n d&#8217;ESO s\u00f3n els m\u00f2duls 1 i 2. Per a m\u00e9s informaci\u00f3 sobre el que programa i el que es desenvolupa al nostre centre, visiteu aquest <a href=\"https:\/\/agora.xtec.cat\/iessitges\/categoria\/aquiproubullying\/\">espai<\/a>.<\/li>\n<li><strong>Programa &#8220;Controles?&#8221; de la Diputaci\u00f3 de Barcelona<\/strong>, sobre prevenci\u00f3 de drogues i conductes de risc. Si no podeu visitar la seva exposici\u00f3 itinerant, en aquest <a href=\"https:\/\/controles.diba.cat\/families\/exposicio-families\">enlla\u00e7<\/a> trobareu informaci\u00f3 interessant enfocada a les fam\u00edlies amb fills i filles adolescents. Ofereix un servei de consultes i un recull de preguntes freq\u00fcents.<\/li>\n<li><strong>Servei d&#8217;Intervenci\u00f3 Socioeducativa (SIS) de Sitges<\/strong>. Des de l&#8217;octubre de 2018 Sitges disposa del SIS, un espai pensat per atendre les necessitats d&#8217;infants i joves de 0 a 18 anys. Paral\u00b7lelament, ofereixen xerrades enfocades a les fam\u00edlies, de les quals us anirem informant en la nostra p\u00e0gina web.<\/li>\n<\/ul>\n<p><iframe loading=\"lazy\" src=\"\/\/www.youtube.com\/embed\/Eeh67mb7YX8\" width=\"560\" height=\"314\"><\/iframe><\/p>\n<ul>\n<li><strong>Criatures<\/strong>. Secci\u00f3 del diari Ara digital, dedicada a l&#8217;educaci\u00f3 dels fills i de les filles, amb articles, recursos, enlla\u00e7os d&#8217;inter\u00e8s, etc. Teniu l&#8217;enlla\u00e7 <a href=\"https:\/\/criatures.ara.cat\">aqu\u00ed<\/a>.<\/li>\n<\/ul>\n<p>&nbsp;<\/p>\n<p>&nbsp;<\/p>\n","protected":false},"excerpt":{"rendered":"<p>Aquest \u00e9s l&#8217;espai on anirem recollint orientacions i recursos per promoure la implicaci\u00f3 de les fam\u00edlies en el proc\u00e9s escolar i educatiu dels seus fills i de les seves filles i la seva participaci\u00f3 en el funcionament del centre. Consells per a pares i mares control parental i jocs en linia. Document d&#8217;orientaci\u00f3 per a [&hellip;]<\/p>\n","protected":false},"author":4,"featured_media":0,"parent":674,"menu_order":80,"comment_status":"closed","ping_status":"closed","template":"page-templates\/side-menu.php","meta":{"site-sidebar-layout":"default","site-content-layout":"","ast-site-content-layout":"","site-content-style":"default","site-sidebar-style":"default","ast-global-header-display":"","ast-banner-title-visibility":"","ast-main-header-display":"","ast-hfb-above-header-display":"","ast-hfb-below-header-display":"","ast-hfb-mobile-header-display":"","site-post-title":"","ast-breadcrumbs-content":"","ast-featured-img":"","footer-sml-layout":"","theme-transparent-header-meta":"","adv-header-id-meta":"","stick-header-meta":"","header-above-stick-meta":"","header-main-stick-meta":"","header-below-stick-meta":"","astra-migrate-meta-layouts":"default","ast-page-background-enabled":"default","ast-page-background-meta":{"desktop":{"background-color":"var(--ast-global-color-4)","background-image":"","background-repeat":"repeat","background-position":"center center","background-size":"auto","background-attachment":"scroll","background-type":"","background-media":"","overlay-type":"","overlay-color":"","overlay-opacity":"","overlay-gradient":""},"tablet":{"background-color":"","background-image":"","background-repeat":"repeat","background-position":"center center","background-size":"auto","background-attachment":"scroll","background-type":"","background-media":"","overlay-type":"","overlay-color":"","overlay-opacity":"","overlay-gradient":""},"mobile":{"background-color":"","background-image":"","background-repeat":"repeat","background-position":"center center","background-size":"auto","background-attachment":"scroll","background-type":"","background-media":"","overlay-type":"","overlay-color":"","overlay-opacity":"","overlay-gradient":""}},"ast-content-background-meta":{"desktop":{"background-color":"var(--ast-global-color-5)","background-image":"","background-repeat":"repeat","background-position":"center center","background-size":"auto","background-attachment":"scroll","background-type":"","background-media":"","overlay-type":"","overlay-color":"","overlay-opacity":"","overlay-gradient":""},"tablet":{"background-color":"var(--ast-global-color-5)","background-image":"","background-repeat":"repeat","background-position":"center center","background-size":"auto","background-attachment":"scroll","background-type":"","background-media":"","overlay-type":"","overlay-color":"","overlay-opacity":"","overlay-gradient":""},"mobile":{"background-color":"var(--ast-global-color-5)","background-image":"","background-repeat":"repeat","background-position":"center center","background-size":"auto","background-attachment":"scroll","background-type":"","background-media":"","overlay-type":"","overlay-color":"","overlay-opacity":"","overlay-gradient":""}},"footnotes":""},"class_list":["post-1590","page","type-page","status-publish","hentry"],"post_mailing_queue_ids":[],"_links":{"self":[{"href":"https:\/\/agora.xtec.cat\/iessitges\/wp-json\/wp\/v2\/pages\/1590","targetHints":{"allow":["GET"]}}],"collection":[{"href":"https:\/\/agora.xtec.cat\/iessitges\/wp-json\/wp\/v2\/pages"}],"about":[{"href":"https:\/\/agora.xtec.cat\/iessitges\/wp-json\/wp\/v2\/types\/page"}],"author":[{"embeddable":true,"href":"https:\/\/agora.xtec.cat\/iessitges\/wp-json\/wp\/v2\/users\/4"}],"replies":[{"embeddable":true,"href":"https:\/\/agora.xtec.cat\/iessitges\/wp-json\/wp\/v2\/comments?post=1590"}],"version-history":[{"count":5,"href":"https:\/\/agora.xtec.cat\/iessitges\/wp-json\/wp\/v2\/pages\/1590\/revisions"}],"predecessor-version":[{"id":4690,"href":"https:\/\/agora.xtec.cat\/iessitges\/wp-json\/wp\/v2\/pages\/1590\/revisions\/4690"}],"up":[{"embeddable":true,"href":"https:\/\/agora.xtec.cat\/iessitges\/wp-json\/wp\/v2\/pages\/674"}],"wp:attachment":[{"href":"https:\/\/agora.xtec.cat\/iessitges\/wp-json\/wp\/v2\/media?parent=1590"}],"curies":[{"name":"wp","href":"https:\/\/api.w.org\/{rel}","templated":true}]}}