{"id":711,"date":"2016-05-09T10:51:02","date_gmt":"2016-05-09T09:51:02","guid":{"rendered":"http:\/\/agora.xtec.cat\/iessert\/?page_id=711"},"modified":"2020-01-19T13:06:29","modified_gmt":"2020-01-19T12:06:29","slug":"eslora","status":"publish","type":"page","link":"https:\/\/agora.xtec.cat\/iessert\/projectes\/eslora\/","title":{"rendered":"Eslora"},"content":{"rendered":"<p style=\"text-align: justify;\">Aquest projecte sorgeix de la necessitat compartida pels diferents instituts p\u00fablics\u00a0 d\u2019Educaci\u00f3 Secund\u00e0ria de Castelldefels d\u2019aplicar estrat\u00e8gies d\u2019atenci\u00f3 al nostre alumnat, que permetin donar resposta a les seves necessitats educatives per assolir els objectius i les compet\u00e8ncies b\u00e0siques de l\u2019etapa a partir de metodologies espec\u00edfiques i una organitzaci\u00f3 dels continguts, activitats pr\u00e0ctiques i, en el seu cas, mat\u00e8ries, d\u2019una manera diferent a l\u2019establerta amb car\u00e0cter general.<\/p>\n<p style=\"text-align: justify;\">Els programes de diversificaci\u00f3 curricular tenen com a finalitat afavorir que els alumnes que ho requereixin puguin assolir els objectius i les compet\u00e8ncies b\u00e0siques de l\u2019etapa i obtenir el t\u00edtol de graduat en educaci\u00f3 secund\u00e0ria obligat\u00f2ria, mitjan\u00e7ant una organitzaci\u00f3 de continguts i mat\u00e8ries del curr\u00edculum diferent a l\u2019establerta amb car\u00e0cter general i una metodologia espec\u00edfica i personalitzada.<\/p>\n<p style=\"text-align: justify;\">Aquests programes comporten una organitzaci\u00f3 curricular diferent i, eventualment, un horari de perman\u00e8ncia al centre tamb\u00e9 diferent, ja sigui perqu\u00e8 comparteixen l\u2019escolaritat ordin\u00e0ria amb altres activitats externes al centre o perqu\u00e8 els centres organitzen altres activitats en altres espais.<\/p>\n<p style=\"text-align: justify;\">El Departament d\u2019Ensenyament estableix tamb\u00e9 convenis amb ajuntaments, en aquest cas l\u2019Ajuntament de Castelldefels, per al desenvolupament dels programes que comportin la realitzaci\u00f3 d\u2019activitats d\u2019aplicaci\u00f3 pr\u00e0ctica\u00a0 fora del centre.<\/p>\n<p style=\"text-align: justify;\">Aquest Programa Eslora el varem iniciar durant el curs 2011-12 amb un grup de 5 alumnes que dos matins a la setmana feien tasques de suport administratiu, suport a la consergeria o suport educatiu a les entitats col\u00b7laboradores vinculades al nostre institut: Casa dels Infants Gran Via Mar, Escola Edumar i SERSA.<\/p>\n<p style=\"text-align: justify;\">Si voleu consultar les not\u00edcies relacionades amb el Projecte Eslora al nostre institut, cliqueu al seg\u00fcent enlla\u00e7:<\/p>\n<p style=\"text-align: center;\"><a href=\"https:\/\/agora.xtec.cat\/iessert\/categoria\/eslora\/\"><strong>PROJECTE ESLORA AL SERT<\/strong><\/a><\/p>\n<p style=\"text-align: center;\">\u00a0\r\n\t<div class=\"slideshow_container slideshow_container_style-light\" style=\"height: 500px; \" data-slideshow-id=\"723\" data-style-name=\"style-light\" data-style-version=\"2.3.1\" >\r\n\r\n\t\t\t\t\t<div class=\"slideshow_loading_icon\"><\/div>\r\n\t\t\r\n\t\t<div class=\"slideshow_content\" style=\"display: none;\">\r\n\r\n\t\t\t<div class=\"slideshow_view\">\r\n\t\t\t\t<div class=\"slideshow_slide slideshow_slide_image\">\r\n\t\t\t\t\t\t\t\t\t\t\t<img src=\"https:\/\/agora.xtec.cat\/iessert\/wp-content\/uploads\/usu642\/2016\/05\/eslora2.jpg\" alt=\"Eslora\" width=\"640\" height=\"430\" \/>\r\n\t\t\t\t\t\t\t\t\t\t<div class=\"slideshow_description_box slideshow_transparent\">\r\n\t\t\t\t\t\t<div class=\"slideshow_title\">Eslora<\/div>\t\t\t\t\t\t\t\t\t\t\t<\/div>\r\n\t\t\t\t<\/div>\r\n\r\n\t\t\t\t\t\t<div style=\"clear: both;\"><\/div><\/div><div class=\"slideshow_view\">\r\n\t\t\t\t<div class=\"slideshow_slide slideshow_slide_image\">\r\n\t\t\t\t\t\t\t\t\t\t\t<img src=\"https:\/\/agora.xtec.cat\/iessert\/wp-content\/uploads\/usu642\/2016\/05\/eslora1.jpg\" alt=\"Eslora\" width=\"2124\" height=\"1372\" \/>\r\n\t\t\t\t\t\t\t\t\t\t<div class=\"slideshow_description_box slideshow_transparent\">\r\n\t\t\t\t\t\t<div class=\"slideshow_title\">Eslora<\/div>\t\t\t\t\t\t\t\t\t\t\t<\/div>\r\n\t\t\t\t<\/div>\r\n\r\n\t\t\t\t\t\t<div style=\"clear: both;\"><\/div><\/div><div class=\"slideshow_view\">\r\n\t\t\t\t<div class=\"slideshow_slide slideshow_slide_image\">\r\n\t\t\t\t\t\t\t\t\t\t\t<img src=\"https:\/\/agora.xtec.cat\/iessert\/wp-content\/uploads\/usu642\/2016\/05\/Eslora4.jpg\" alt=\"Eslora\" width=\"2596\" height=\"1868\" \/>\r\n\t\t\t\t\t\t\t\t\t\t<div class=\"slideshow_description_box slideshow_transparent\">\r\n\t\t\t\t\t\t<div class=\"slideshow_title\">Eslora<\/div>\t\t\t\t\t\t\t\t\t\t\t<\/div>\r\n\t\t\t\t<\/div>\r\n\r\n\t\t\t\t\t\t<div style=\"clear: both;\"><\/div><\/div><div class=\"slideshow_view\">\r\n\t\t\t\t<div class=\"slideshow_slide slideshow_slide_image\">\r\n\t\t\t\t\t\t\t\t\t\t\t<img src=\"https:\/\/agora.xtec.cat\/iessert\/wp-content\/uploads\/usu642\/2016\/05\/eslora3.jpg\" alt=\"Eslora\" width=\"2896\" height=\"1944\" \/>\r\n\t\t\t\t\t\t\t\t\t\t<div class=\"slideshow_description_box slideshow_transparent\">\r\n\t\t\t\t\t\t<div class=\"slideshow_title\">Eslora<\/div>\t\t\t\t\t\t\t\t\t\t\t<\/div>\r\n\t\t\t\t<\/div>\r\n\r\n\t\t\t\t\t\t<div style=\"clear: both;\"><\/div><\/div>\r\n\t\t<\/div>\r\n\r\n\t\t<div class=\"slideshow_controlPanel slideshow_transparent\" style=\"display: none;\"><ul><li class=\"slideshow_togglePlay\" data-play-text=\"Visualitza\" data-pause-text=\"Pausa\"><\/li><\/ul><\/div>\r\n\r\n\t\t<div class=\"slideshow_button slideshow_previous slideshow_transparent\" role=\"button\" data-previous-text=\"Anterior\" style=\"display: none;\"><\/div>\r\n\t\t<div class=\"slideshow_button slideshow_next slideshow_transparent\" role=\"button\" data-next-text=\"Seg\u00fcent\" style=\"display: none;\"><\/div>\r\n\r\n\t\t<div class=\"slideshow_pagination\" style=\"display: none;\" data-go-to-text=\"V\u00e9s a la diapositiva\"><div class=\"slideshow_pagination_center\"><\/div><\/div>\r\n\r\n\t\t<!-- WordPress Slideshow Version 2.3.1 -->\r\n\r\n\t\t\t<\/div>\r\n\r\n<\/p>\n<p style=\"text-align: center;\"><a href=\"https:\/\/drive.google.com\/file\/d\/0B8FRf2QZjivzbnI5UXkxQWlfRm8\/view?usp=sharing\">Cloenda Projecte Eslora 2015-16<\/a><\/p>\n","protected":false},"excerpt":{"rendered":"<p>Aquest projecte sorgeix de la necessitat compartida pels diferents instituts p\u00fablics\u00a0 d\u2019Educaci\u00f3 Secund\u00e0ria de Castelldefels d\u2019aplicar estrat\u00e8gies d\u2019atenci\u00f3 al nostre alumnat, que permetin donar resposta a les seves necessitats educatives per assolir els objectius i les compet\u00e8ncies b\u00e0siques de l\u2019etapa a partir de metodologies espec\u00edfiques i una organitzaci\u00f3 dels continguts, activitats pr\u00e0ctiques i, en el [&hellip;]<\/p>\n","protected":false},"author":1,"featured_media":0,"parent":627,"menu_order":0,"comment_status":"closed","ping_status":"closed","template":"page-templates\/side-menu.php","meta":{"_bbp_topic_count":0,"_bbp_reply_count":0,"_bbp_total_topic_count":0,"_bbp_total_reply_count":0,"_bbp_voice_count":0,"_bbp_anonymous_reply_count":0,"_bbp_topic_count_hidden":0,"_bbp_reply_count_hidden":0,"_bbp_forum_subforum_count":0,"site-sidebar-layout":"default","site-content-layout":"","ast-site-content-layout":"","site-content-style":"default","site-sidebar-style":"default","ast-global-header-display":"","ast-banner-title-visibility":"","ast-main-header-display":"","ast-hfb-above-header-display":"","ast-hfb-below-header-display":"","ast-hfb-mobile-header-display":"","site-post-title":"","ast-breadcrumbs-content":"","ast-featured-img":"","footer-sml-layout":"","theme-transparent-header-meta":"","adv-header-id-meta":"","stick-header-meta":"","header-above-stick-meta":"","header-main-stick-meta":"","header-below-stick-meta":"","astra-migrate-meta-layouts":"default","ast-page-background-enabled":"default","ast-page-background-meta":{"desktop":{"background-color":"var(--ast-global-color-4)","background-image":"","background-repeat":"repeat","background-position":"center center","background-size":"auto","background-attachment":"scroll","background-type":"","background-media":"","overlay-type":"","overlay-color":"","overlay-opacity":"","overlay-gradient":""},"tablet":{"background-color":"","background-image":"","background-repeat":"repeat","background-position":"center center","background-size":"auto","background-attachment":"scroll","background-type":"","background-media":"","overlay-type":"","overlay-color":"","overlay-opacity":"","overlay-gradient":""},"mobile":{"background-color":"","background-image":"","background-repeat":"repeat","background-position":"center center","background-size":"auto","background-attachment":"scroll","background-type":"","background-media":"","overlay-type":"","overlay-color":"","overlay-opacity":"","overlay-gradient":""}},"ast-content-background-meta":{"desktop":{"background-color":"var(--ast-global-color-5)","background-image":"","background-repeat":"repeat","background-position":"center center","background-size":"auto","background-attachment":"scroll","background-type":"","background-media":"","overlay-type":"","overlay-color":"","overlay-opacity":"","overlay-gradient":""},"tablet":{"background-color":"var(--ast-global-color-5)","background-image":"","background-repeat":"repeat","background-position":"center center","background-size":"auto","background-attachment":"scroll","background-type":"","background-media":"","overlay-type":"","overlay-color":"","overlay-opacity":"","overlay-gradient":""},"mobile":{"background-color":"var(--ast-global-color-5)","background-image":"","background-repeat":"repeat","background-position":"center center","background-size":"auto","background-attachment":"scroll","background-type":"","background-media":"","overlay-type":"","overlay-color":"","overlay-opacity":"","overlay-gradient":""}},"footnotes":""},"class_list":["post-711","page","type-page","status-publish","hentry"],"post_mailing_queue_ids":[],"_links":{"self":[{"href":"https:\/\/agora.xtec.cat\/iessert\/wp-json\/wp\/v2\/pages\/711","targetHints":{"allow":["GET"]}}],"collection":[{"href":"https:\/\/agora.xtec.cat\/iessert\/wp-json\/wp\/v2\/pages"}],"about":[{"href":"https:\/\/agora.xtec.cat\/iessert\/wp-json\/wp\/v2\/types\/page"}],"author":[{"embeddable":true,"href":"https:\/\/agora.xtec.cat\/iessert\/wp-json\/wp\/v2\/users\/1"}],"replies":[{"embeddable":true,"href":"https:\/\/agora.xtec.cat\/iessert\/wp-json\/wp\/v2\/comments?post=711"}],"version-history":[{"count":4,"href":"https:\/\/agora.xtec.cat\/iessert\/wp-json\/wp\/v2\/pages\/711\/revisions"}],"predecessor-version":[{"id":4995,"href":"https:\/\/agora.xtec.cat\/iessert\/wp-json\/wp\/v2\/pages\/711\/revisions\/4995"}],"up":[{"embeddable":true,"href":"https:\/\/agora.xtec.cat\/iessert\/wp-json\/wp\/v2\/pages\/627"}],"wp:attachment":[{"href":"https:\/\/agora.xtec.cat\/iessert\/wp-json\/wp\/v2\/media?parent=711"}],"curies":[{"name":"wp","href":"https:\/\/api.w.org\/{rel}","templated":true}]}}

<p style="text-align: justify;">Aquest projecte sorgeix de la necessitat compartida pels diferents instituts públics  d’Educació Secundària de Castelldefels d’aplicar estratègies d’atenció al nostre alumnat, que permetin donar resposta a les seves necessitats educatives per assolir els objectius i les competències bàsiques de l’etapa a partir de metodologies específiques i una organització dels continguts, activitats pràctiques i, en el seu cas, matèries, d’una manera diferent a l’establerta amb caràcter general.</p>
<p style="text-align: justify;">Els programes de diversificació curricular tenen com a finalitat afavorir que els alumnes que ho requereixin puguin assolir els objectius i les competències bàsiques de l’etapa i obtenir el títol de graduat en educació secundària obligatòria, mitjançant una organització de continguts i matèries del currículum diferent a l’establerta amb caràcter general i una metodologia específica i personalitzada.</p>
<p style="text-align: justify;">Aquests programes comporten una organització curricular diferent i, eventualment, un horari de permanència al centre també diferent, ja sigui perquè comparteixen l’escolaritat ordinària amb altres activitats externes al centre o perquè els centres organitzen altres activitats en altres espais.</p>
<p style="text-align: justify;">El Departament d’Ensenyament estableix també convenis amb ajuntaments, en aquest cas l’Ajuntament de Castelldefels, per al desenvolupament dels programes que comportin la realització d’activitats d’aplicació pràctica  fora del centre.</p>
<p style="text-align: justify;">Aquest Programa Eslora el varem iniciar durant el curs 2011-12 amb un grup de 5 alumnes que dos matins a la setmana feien tasques de suport administratiu, suport a la consergeria o suport educatiu a les entitats col·laboradores vinculades al nostre institut: Casa dels Infants Gran Via Mar, Escola Edumar i SERSA.</p>
<p style="text-align: justify;">Si voleu consultar les notícies relacionades amb el Projecte Eslora al nostre institut, cliqueu al següent enllaç:</p>
<p style="text-align: center;"><a href="https://agora.xtec.cat/iessert/categoria/eslora/"><strong>PROJECTE ESLORA AL SERT</strong></a></p>
<p style="text-align: center;"> 
	<div class="slideshow_container slideshow_container_style-light" style="height: 500px; " data-slideshow-id="723" data-style-name="style-light" data-style-version="2.3.1" >

					<div class="slideshow_loading_icon"></div>
		
		<div class="slideshow_content" style="display: none;">

			<div class="slideshow_view">
				<div class="slideshow_slide slideshow_slide_image">
											<img src="https://agora.xtec.cat/iessert/wp-content/uploads/usu642/2016/05/eslora2.jpg" alt="Eslora" width="640" height="430" />
										<div class="slideshow_description_box slideshow_transparent">
						<div class="slideshow_title">Eslora</div>											</div>
				</div>

						<div style="clear: both;"></div></div><div class="slideshow_view">
				<div class="slideshow_slide slideshow_slide_image">
											<img src="https://agora.xtec.cat/iessert/wp-content/uploads/usu642/2016/05/eslora1.jpg" alt="Eslora" width="2124" height="1372" />
										<div class="slideshow_description_box slideshow_transparent">
						<div class="slideshow_title">Eslora</div>											</div>
				</div>

						<div style="clear: both;"></div></div><div class="slideshow_view">
				<div class="slideshow_slide slideshow_slide_image">
											<img src="https://agora.xtec.cat/iessert/wp-content/uploads/usu642/2016/05/Eslora4.jpg" alt="Eslora" width="2596" height="1868" />
										<div class="slideshow_description_box slideshow_transparent">
						<div class="slideshow_title">Eslora</div>											</div>
				</div>

						<div style="clear: both;"></div></div><div class="slideshow_view">
				<div class="slideshow_slide slideshow_slide_image">
											<img src="https://agora.xtec.cat/iessert/wp-content/uploads/usu642/2016/05/eslora3.jpg" alt="Eslora" width="2896" height="1944" />
										<div class="slideshow_description_box slideshow_transparent">
						<div class="slideshow_title">Eslora</div>											</div>
				</div>

						<div style="clear: both;"></div></div>
		</div>

		<div class="slideshow_controlPanel slideshow_transparent" style="display: none;"><ul><li class="slideshow_togglePlay" data-play-text="Visualitza" data-pause-text="Pausa"></li></ul></div>

		<div class="slideshow_button slideshow_previous slideshow_transparent" role="button" data-previous-text="Anterior" style="display: none;"></div>
		<div class="slideshow_button slideshow_next slideshow_transparent" role="button" data-next-text="Següent" style="display: none;"></div>

		<div class="slideshow_pagination" style="display: none;" data-go-to-text="Vés a la diapositiva"><div class="slideshow_pagination_center"></div></div>

		<!-- WordPress Slideshow Version 2.3.1 -->

			</div>

</p>
<p style="text-align: center;"><a href="https://drive.google.com/file/d/0B8FRf2QZjivzbnI5UXkxQWlfRm8/view?usp=sharing">Cloenda Projecte Eslora 2015-16</a></p>

<p>Aquest projecte sorgeix de la necessitat compartida pels diferents instituts públics  d’Educació Secundària de Castelldefels d’aplicar estratègies d’atenció al nostre alumnat, que permetin donar resposta a les seves necessitats educatives per assolir els objectius i les competències bàsiques de l’etapa a partir de metodologies específiques i una organització dels continguts, activitats pràctiques i, en el [&hellip;]</p>
