{"id":3818,"date":"2018-11-13T12:32:45","date_gmt":"2018-11-13T11:32:45","guid":{"rendered":"http:\/\/agora.xtec.cat\/iessert\/?page_id=3818"},"modified":"2025-09-05T12:43:17","modified_gmt":"2025-09-05T10:43:17","slug":"equip-huma","status":"publish","type":"page","link":"https:\/\/agora.xtec.cat\/iessert\/pagines-dinici\/pagina-dinici-buida\/equip-huma\/","title":{"rendered":"Equip hum\u00e0"},"content":{"rendered":"\n<h5 class=\"wp-block-heading\">Institut Josep Llu\u00eds Sert (Castelldefels) &#8211; Curs 2025 &#8211; 2026<\/h5>\n\n\n\n<div class=\"wp-block-columns is-layout-flex wp-container-core-columns-is-layout-1 wp-block-columns-is-layout-flex\">\n<div class=\"wp-block-column is-layout-flow wp-block-column-is-layout-flow\" style=\"flex-basis:66.66%\">\n<p class=\"has-medium-font-size\"><strong>Equip directiu<\/strong><\/p>\n\n\n\n<figure class=\"wp-block-table\"><table><tbody><tr><td><strong>Director<\/strong><\/td><td>Juan Manuel Cazorla Silva<\/td><\/tr><tr><td><strong>Cap d&#8217;estudis<\/strong><\/td><td>Neus Prats Farreras<\/td><\/tr><tr><td><strong>Coordinadora pedag\u00f2gica<\/strong><\/td><td>Emilia Carmona Rojas<\/td><\/tr><tr><td><strong>Secret\u00e0ria<\/strong><\/td><td>Loli Mart\u00edn Hidalgo<\/td><\/tr><\/tbody><\/table><\/figure>\n<\/div>\n\n\n\n<div class=\"wp-block-column is-layout-flow wp-block-column-is-layout-flow\" style=\"flex-basis:33.33%\"><\/div>\n<\/div>\n\n\n\n<div class=\"wp-block-columns is-layout-flex wp-container-core-columns-is-layout-2 wp-block-columns-is-layout-flex\">\n<div class=\"wp-block-column is-layout-flow wp-block-column-is-layout-flow\" style=\"flex-basis:66.66%\">\n<p class=\"has-medium-font-size\"><strong>Coordinacions de cicle<\/strong>  <\/p>\n\n\n\n<figure class=\"wp-block-table\"><table><tbody><tr><td><strong>Coordinaci\u00f3 de 1r cicle&nbsp; <\/strong><\/td><td>Esther Ponce<\/td><\/tr><tr><td><strong>Coordinaci\u00f3 de 2n cicle<\/strong><\/td><td>Tatiana Villena<\/td><\/tr><tr><td><strong>Coordinaci\u00f3 de Batxillerat<\/strong><\/td><td>David Tom\u00e9<\/td><\/tr><\/tbody><\/table><\/figure>\n<\/div>\n\n\n\n<div class=\"wp-block-column is-layout-flow wp-block-column-is-layout-flow\" style=\"flex-basis:33.33%\"><\/div>\n<\/div>\n\n\n\n<div class=\"wp-block-columns is-layout-flex wp-container-core-columns-is-layout-3 wp-block-columns-is-layout-flex\">\n<div class=\"wp-block-column is-layout-flow wp-block-column-is-layout-flow\" style=\"flex-basis:66.66%\">\n<p class=\"has-medium-font-size\"><strong>Coordinacions<\/strong>  <\/p>\n\n\n\n<figure class=\"wp-block-table\"><table><tbody><tr><td><strong>Activitats i Serveis<\/strong><\/td><td>Esther Gonz\u00e1lez<\/td><\/tr><tr><td><strong>Batxibac<\/strong><\/td><td>Evarista Garc\u00eda-Pe\u00f1a<\/td><\/tr><tr><td><strong>Biblioteca<\/strong><\/td><td>J. Manuel Cazorla<\/td><\/tr><tr><td><strong>Escoles Verdes<\/strong><\/td><td>\u00c9rica Prieto<\/td><\/tr><tr><td><strong>Imatge<\/strong><\/td><td>Rub\u00e9n Palacios<\/td><\/tr><tr><td><strong>LIC<\/strong><\/td><td>Bartomeu Cresp\u00ed<\/td><\/tr><tr><td><strong>Mediaci\u00f3 escolar<\/strong><\/td><td>Trinidad Vilas<\/td><\/tr><tr><td><strong>Projectes internacionals<\/strong><\/td><td>Esther Gil<\/td><\/tr><tr><td><strong>Riscos Laborals<\/strong><\/td><td>J. Manuel Cazorla<\/td><\/tr><tr><td><strong>TIC<\/strong><\/td><td>Roger Camps<\/td><\/tr><tr><td><strong>Treball per Projectes<\/strong><\/td><td>Sergi Font<\/td><\/tr><tr><td><strong>Web i xarxes socials<\/strong><\/td><td>Sandra Loureiro<\/td><\/tr><\/tbody><\/table><\/figure>\n<\/div>\n\n\n\n<div class=\"wp-block-column is-layout-flow wp-block-column-is-layout-flow\" style=\"flex-basis:33.33%\"><\/div>\n<\/div>\n\n\n\n<div class=\"wp-block-columns is-layout-flex wp-container-core-columns-is-layout-4 wp-block-columns-is-layout-flex\">\n<div class=\"wp-block-column is-layout-flow wp-block-column-is-layout-flow\" style=\"flex-basis:66.66%\">\n<p class=\"has-medium-font-size\"><strong>Caps de departament<\/strong><\/p>\n\n\n\n<figure class=\"wp-block-table\"><table><tbody><tr><td><strong>Angl\u00e8s<\/strong><\/td><td>Yvonne Planas<\/td><\/tr><tr><td><strong>Art\u00edstic<\/strong><\/td><td>\u00c9rica Prieto<\/td><\/tr><tr><td><strong>Biologia i Geologia<\/strong><\/td><td>Sergi Font<\/td><\/tr><tr><td><strong>Catal\u00e0<\/strong><\/td><td>Carme Santos<\/td><\/tr><tr><td><strong>Castell\u00e0<\/strong><\/td><td>Juana Velasco<\/td><\/tr><tr><td><strong>Educaci\u00f3 F\u00edsica<\/strong><\/td><td>Rosa Garc\u00eda<\/td><\/tr><tr><td><strong>F\u00edsica i Qu\u00edmica<\/strong><\/td><td>Carme Fornas<\/td><\/tr><tr><td><strong>Humanitats<\/strong><\/td><td>Arnau Cunillera<\/td><\/tr><tr><td><strong>Matem\u00e0tiques<\/strong><\/td><td>Sara Sabat\u00e9s<\/td><\/tr><tr><td><strong>Orientaci\u00f3 Educativa<\/strong><\/td><td>Alicia Guirao<\/td><\/tr><tr><td><strong>Tecnologia<\/strong><\/td><td>Albert Esteve<\/td><\/tr><\/tbody><\/table><\/figure>\n<\/div>\n\n\n\n<div class=\"wp-block-column is-layout-flow wp-block-column-is-layout-flow\" style=\"flex-basis:33.33%\"><\/div>\n<\/div>\n","protected":false},"excerpt":{"rendered":"<p>Institut Josep Llu\u00eds Sert (Castelldefels) &#8211; Curs 2025 &#8211; 2026 Equip directiu Director Juan Manuel Cazorla Silva Cap d&#8217;estudis Neus Prats Farreras Coordinadora pedag\u00f2gica Emilia Carmona Rojas Secret\u00e0ria Loli Mart\u00edn Hidalgo Coordinacions de cicle Coordinaci\u00f3 de 1r cicle&nbsp; Esther Ponce Coordinaci\u00f3 de 2n cicle Tatiana Villena Coordinaci\u00f3 de Batxillerat David Tom\u00e9 Coordinacions Activitats i Serveis [&hellip;]<\/p>\n","protected":false},"author":1,"featured_media":0,"parent":9,"menu_order":0,"comment_status":"closed","ping_status":"closed","template":"","meta":{"_bbp_topic_count":0,"_bbp_reply_count":0,"_bbp_total_topic_count":0,"_bbp_total_reply_count":0,"_bbp_voice_count":0,"_bbp_anonymous_reply_count":0,"_bbp_topic_count_hidden":0,"_bbp_reply_count_hidden":0,"_bbp_forum_subforum_count":0,"site-sidebar-layout":"default","site-content-layout":"","ast-site-content-layout":"default","site-content-style":"default","site-sidebar-style":"default","ast-global-header-display":"","ast-banner-title-visibility":"","ast-main-header-display":"","ast-hfb-above-header-display":"","ast-hfb-below-header-display":"","ast-hfb-mobile-header-display":"","site-post-title":"","ast-breadcrumbs-content":"","ast-featured-img":"","footer-sml-layout":"","theme-transparent-header-meta":"","adv-header-id-meta":"","stick-header-meta":"","header-above-stick-meta":"","header-main-stick-meta":"","header-below-stick-meta":"","astra-migrate-meta-layouts":"set","ast-page-background-enabled":"default","ast-page-background-meta":{"desktop":{"background-color":"var(--ast-global-color-4)","background-image":"","background-repeat":"repeat","background-position":"center center","background-size":"auto","background-attachment":"scroll","background-type":"","background-media":"","overlay-type":"","overlay-color":"","overlay-opacity":"","overlay-gradient":""},"tablet":{"background-color":"","background-image":"","background-repeat":"repeat","background-position":"center center","background-size":"auto","background-attachment":"scroll","background-type":"","background-media":"","overlay-type":"","overlay-color":"","overlay-opacity":"","overlay-gradient":""},"mobile":{"background-color":"","background-image":"","background-repeat":"repeat","background-position":"center center","background-size":"auto","background-attachment":"scroll","background-type":"","background-media":"","overlay-type":"","overlay-color":"","overlay-opacity":"","overlay-gradient":""}},"ast-content-background-meta":{"desktop":{"background-color":"var(--ast-global-color-5)","background-image":"","background-repeat":"repeat","background-position":"center center","background-size":"auto","background-attachment":"scroll","background-type":"","background-media":"","overlay-type":"","overlay-color":"","overlay-opacity":"","overlay-gradient":""},"tablet":{"background-color":"var(--ast-global-color-5)","background-image":"","background-repeat":"repeat","background-position":"center center","background-size":"auto","background-attachment":"scroll","background-type":"","background-media":"","overlay-type":"","overlay-color":"","overlay-opacity":"","overlay-gradient":""},"mobile":{"background-color":"var(--ast-global-color-5)","background-image":"","background-repeat":"repeat","background-position":"center center","background-size":"auto","background-attachment":"scroll","background-type":"","background-media":"","overlay-type":"","overlay-color":"","overlay-opacity":"","overlay-gradient":""}},"footnotes":""},"class_list":["post-3818","page","type-page","status-publish","hentry"],"post_mailing_queue_ids":[],"_links":{"self":[{"href":"https:\/\/agora.xtec.cat\/iessert\/wp-json\/wp\/v2\/pages\/3818","targetHints":{"allow":["GET"]}}],"collection":[{"href":"https:\/\/agora.xtec.cat\/iessert\/wp-json\/wp\/v2\/pages"}],"about":[{"href":"https:\/\/agora.xtec.cat\/iessert\/wp-json\/wp\/v2\/types\/page"}],"author":[{"embeddable":true,"href":"https:\/\/agora.xtec.cat\/iessert\/wp-json\/wp\/v2\/users\/1"}],"replies":[{"embeddable":true,"href":"https:\/\/agora.xtec.cat\/iessert\/wp-json\/wp\/v2\/comments?post=3818"}],"version-history":[{"count":6,"href":"https:\/\/agora.xtec.cat\/iessert\/wp-json\/wp\/v2\/pages\/3818\/revisions"}],"predecessor-version":[{"id":10600,"href":"https:\/\/agora.xtec.cat\/iessert\/wp-json\/wp\/v2\/pages\/3818\/revisions\/10600"}],"up":[{"embeddable":true,"href":"https:\/\/agora.xtec.cat\/iessert\/wp-json\/wp\/v2\/pages\/9"}],"wp:attachment":[{"href":"https:\/\/agora.xtec.cat\/iessert\/wp-json\/wp\/v2\/media?parent=3818"}],"curies":[{"name":"wp","href":"https:\/\/api.w.org\/{rel}","templated":true}]}}