{"id":3528,"date":"2018-07-02T07:28:11","date_gmt":"2018-07-02T05:28:11","guid":{"rendered":"http:\/\/agora.xtec.cat\/iessert\/?page_id=3528"},"modified":"2025-05-14T11:16:32","modified_gmt":"2025-05-14T09:16:32","slug":"ampa","status":"publish","type":"page","link":"https:\/\/agora.xtec.cat\/iessert\/ampa\/","title":{"rendered":"AMPA"},"content":{"rendered":"<p>Benvinguts a l\u2019espai de l\u2019AMPA!\u00a0 L\u2019Associaci\u00f3 de Mares i Pares d\u2019Alumnes \u00e9s un punt de trobada per a totes les fam\u00edlies del centre. Treballem per representar i defensar els interessos dels nostres fills i filles, col\u00b7laborant amb el centre per millorar la qualitat educativa i fomentar un ambient enriquidor per a tota la comunitat escolar.<\/p>\n<p>A trav\u00e9s de l\u2019AMPA,\u00a0 impulsem millores significatives a l\u2019institut gr\u00e0cies a la col\u00b7laboraci\u00f3 de les fam\u00edlies. Entre les nostres aportacions recents destaquen: <a href=\"https:\/\/agora.xtec.cat\/iessert\/wp-content\/uploads\/usu642\/2022\/10\/ulleres-rv.jpg\"><img loading=\"lazy\" decoding=\"async\" class=\"wp-image-7694 alignright\" src=\"https:\/\/agora.xtec.cat\/iessert\/wp-content\/uploads\/usu642\/2022\/10\/ulleres-rv.jpg\" alt=\"\" width=\"198\" height=\"124\" srcset=\"https:\/\/agora.xtec.cat\/iessert\/wp-content\/uploads\/usu642\/2022\/10\/ulleres-rv.jpg 401w, https:\/\/agora.xtec.cat\/iessert\/wp-content\/uploads\/usu642\/2022\/10\/ulleres-rv-300x188.jpg 300w\" sizes=\"auto, (max-width: 198px) 100vw, 198px\" \/><\/a><\/p>\n<ul>\n<li><strong>Compra d\u2019equips pel Departament de Tecnologia<\/strong>:<a href=\"https:\/\/agora.xtec.cat\/iessert\/wp-content\/uploads\/usu642\/2022\/10\/impresora-3d.jpg\"><img loading=\"lazy\" decoding=\"async\" class=\"wp-image-7693 alignright\" src=\"https:\/\/agora.xtec.cat\/iessert\/wp-content\/uploads\/usu642\/2022\/10\/impresora-3d.jpg\" alt=\"\" width=\"132\" height=\"156\" srcset=\"https:\/\/agora.xtec.cat\/iessert\/wp-content\/uploads\/usu642\/2022\/10\/impresora-3d.jpg 422w, https:\/\/agora.xtec.cat\/iessert\/wp-content\/uploads\/usu642\/2022\/10\/impresora-3d-254x300.jpg 254w\" sizes=\"auto, (max-width: 132px) 100vw, 132px\" \/><\/a>\n<ul>\n<li>Impressora 3D<\/li>\n<li>Ulleres 3D<\/li>\n<li>Packs de rob\u00f2tica<\/li>\n<\/ul>\n<\/li>\n<\/ul>\n<ul>\n<li><strong>Compra d\u2019instruments musicals pel Departament de M\u00fasica.<\/strong><\/li>\n<\/ul>\n<p><a href=\"https:\/\/agora.xtec.cat\/iessert\/wp-content\/uploads\/usu642\/2022\/10\/bateria.jpg\"><img loading=\"lazy\" decoding=\"async\" class=\"aligncenter wp-image-7696\" src=\"https:\/\/agora.xtec.cat\/iessert\/wp-content\/uploads\/usu642\/2022\/10\/bateria.jpg\" alt=\"\" width=\"204\" height=\"178\" srcset=\"https:\/\/agora.xtec.cat\/iessert\/wp-content\/uploads\/usu642\/2022\/10\/bateria.jpg 753w, https:\/\/agora.xtec.cat\/iessert\/wp-content\/uploads\/usu642\/2022\/10\/bateria-300x262.jpg 300w\" sizes=\"auto, (max-width: 204px) 100vw, 204px\" \/><\/a><\/p>\n<ul>\n<li><strong>Donaci\u00f3 d\u2019ordinadors<\/strong>: Els membres de l\u2019AMPA han gestionat la recepci\u00f3 d\u2019ordinadors donats per una empresa i s\u2019han encarregat de descarregar-los al centre.<\/li>\n<li><strong><a href=\"https:\/\/agora.xtec.cat\/iessert\/wp-content\/uploads\/usu642\/2018\/12\/cartel.png\"><img loading=\"lazy\" decoding=\"async\" class=\"wp-image-3911 alignright\" src=\"https:\/\/agora.xtec.cat\/iessert\/wp-content\/uploads\/usu642\/2018\/12\/IMG_20181215_124304-1024x768.jpg\" alt=\"\" width=\"235\" height=\"176\" srcset=\"https:\/\/agora.xtec.cat\/iessert\/wp-content\/uploads\/usu642\/2018\/12\/IMG_20181215_124304-1024x768.jpg 1024w, https:\/\/agora.xtec.cat\/iessert\/wp-content\/uploads\/usu642\/2018\/12\/IMG_20181215_124304-300x225.jpg 300w, https:\/\/agora.xtec.cat\/iessert\/wp-content\/uploads\/usu642\/2018\/12\/IMG_20181215_124304-768x576.jpg 768w, https:\/\/agora.xtec.cat\/iessert\/wp-content\/uploads\/usu642\/2018\/12\/IMG_20181215_124304-200x150.jpg 200w, https:\/\/agora.xtec.cat\/iessert\/wp-content\/uploads\/usu642\/2018\/12\/IMG_20181215_124304.jpg 2000w\" sizes=\"auto, (max-width: 235px) 100vw, 235px\" \/><\/a>Instal\u00b7laci\u00f3 de ventiladors<\/strong>: El passat 15 de desembre, un equip format per 12 pares i mares va instal\u00b7lar 21 ventiladors a les aules on les temperatures s\u00f3n m\u00e9s altes. Els ventiladors van ser adquirits per l\u2019AMPA per garantir un ambient m\u00e9s agradable per als nostres fills i filles, aix\u00ed com per l\u2019equip docent.<\/li>\n<\/ul>\n<p>Us convidem a sumar-vos a l\u2019AMPA i a formar part d\u2019aquestes i moltes altres iniciatives!<\/p>\n<p><strong>Contacta amb nosaltres<\/strong><br \/>\nPer a qualsevol consulta o dubte, pots posar-te en contacte amb l\u2019AMPA enviant un correu electr\u00f2nic a:<br \/>\n\ud83d\udce7 <strong><a rel=\"noopener\">ampasert@gmail.com<\/a><\/strong><\/p>\n<p>Si necessites una reuni\u00f3 presencial, recorda que \u00e9s imprescindible demanar <strong>CITA PR\u00c8VIA<\/strong> enviant un missatge al mateix correu de l\u2019AMPA.<\/p>\n<p>Amb el teu Smartphone escaneja el Codi QR i guarda aquesta p\u00e0gina entre els teus favorits.<img loading=\"lazy\" decoding=\"async\" class=\" wp-image-2650 aligncenter\" src=\"http:\/\/agora.xtec.cat\/iessert\/wp-content\/uploads\/usu642\/2017\/12\/qrampasertcom.png\" alt=\"C\u00f3digo QR acceso ampasert.com\" width=\"98\" height=\"98\" srcset=\"https:\/\/agora.xtec.cat\/iessert\/wp-content\/uploads\/usu642\/2017\/12\/qrampasertcom.png 330w, https:\/\/agora.xtec.cat\/iessert\/wp-content\/uploads\/usu642\/2017\/12\/qrampasertcom-150x150.png 150w, https:\/\/agora.xtec.cat\/iessert\/wp-content\/uploads\/usu642\/2017\/12\/qrampasertcom-300x300.png 300w\" sizes=\"auto, (max-width: 98px) 100vw, 98px\" \/><\/p>\n","protected":false},"excerpt":{"rendered":"<p>Benvinguts a l\u2019espai de l\u2019AMPA!\u00a0 L\u2019Associaci\u00f3 de Mares i Pares d\u2019Alumnes \u00e9s un punt de trobada per a totes les fam\u00edlies del centre. Treballem per representar i defensar els interessos dels nostres fills i filles, col\u00b7laborant amb el centre per millorar la qualitat educativa i fomentar un ambient enriquidor per a tota la comunitat escolar. [&hellip;]<\/p>\n","protected":false},"author":6,"featured_media":0,"parent":0,"menu_order":4,"comment_status":"closed","ping_status":"closed","template":"","meta":{"_bbp_topic_count":0,"_bbp_reply_count":0,"_bbp_total_topic_count":0,"_bbp_total_reply_count":0,"_bbp_voice_count":0,"_bbp_anonymous_reply_count":0,"_bbp_topic_count_hidden":0,"_bbp_reply_count_hidden":0,"_bbp_forum_subforum_count":0,"site-sidebar-layout":"default","site-content-layout":"","ast-site-content-layout":"default","site-content-style":"default","site-sidebar-style":"default","ast-global-header-display":"","ast-banner-title-visibility":"","ast-main-header-display":"","ast-hfb-above-header-display":"","ast-hfb-below-header-display":"","ast-hfb-mobile-header-display":"","site-post-title":"","ast-breadcrumbs-content":"","ast-featured-img":"","footer-sml-layout":"","theme-transparent-header-meta":"","adv-header-id-meta":"","stick-header-meta":"","header-above-stick-meta":"","header-main-stick-meta":"","header-below-stick-meta":"","astra-migrate-meta-layouts":"set","ast-page-background-enabled":"default","ast-page-background-meta":{"desktop":{"background-color":"var(--ast-global-color-4)","background-image":"","background-repeat":"repeat","background-position":"center center","background-size":"auto","background-attachment":"scroll","background-type":"","background-media":"","overlay-type":"","overlay-color":"","overlay-opacity":"","overlay-gradient":""},"tablet":{"background-color":"","background-image":"","background-repeat":"repeat","background-position":"center center","background-size":"auto","background-attachment":"scroll","background-type":"","background-media":"","overlay-type":"","overlay-color":"","overlay-opacity":"","overlay-gradient":""},"mobile":{"background-color":"","background-image":"","background-repeat":"repeat","background-position":"center center","background-size":"auto","background-attachment":"scroll","background-type":"","background-media":"","overlay-type":"","overlay-color":"","overlay-opacity":"","overlay-gradient":""}},"ast-content-background-meta":{"desktop":{"background-color":"var(--ast-global-color-5)","background-image":"","background-repeat":"repeat","background-position":"center center","background-size":"auto","background-attachment":"scroll","background-type":"","background-media":"","overlay-type":"","overlay-color":"","overlay-opacity":"","overlay-gradient":""},"tablet":{"background-color":"var(--ast-global-color-5)","background-image":"","background-repeat":"repeat","background-position":"center center","background-size":"auto","background-attachment":"scroll","background-type":"","background-media":"","overlay-type":"","overlay-color":"","overlay-opacity":"","overlay-gradient":""},"mobile":{"background-color":"var(--ast-global-color-5)","background-image":"","background-repeat":"repeat","background-position":"center center","background-size":"auto","background-attachment":"scroll","background-type":"","background-media":"","overlay-type":"","overlay-color":"","overlay-opacity":"","overlay-gradient":""}},"footnotes":""},"class_list":["post-3528","page","type-page","status-publish","hentry"],"post_mailing_queue_ids":[],"_links":{"self":[{"href":"https:\/\/agora.xtec.cat\/iessert\/wp-json\/wp\/v2\/pages\/3528","targetHints":{"allow":["GET"]}}],"collection":[{"href":"https:\/\/agora.xtec.cat\/iessert\/wp-json\/wp\/v2\/pages"}],"about":[{"href":"https:\/\/agora.xtec.cat\/iessert\/wp-json\/wp\/v2\/types\/page"}],"author":[{"embeddable":true,"href":"https:\/\/agora.xtec.cat\/iessert\/wp-json\/wp\/v2\/users\/6"}],"replies":[{"embeddable":true,"href":"https:\/\/agora.xtec.cat\/iessert\/wp-json\/wp\/v2\/comments?post=3528"}],"version-history":[{"count":6,"href":"https:\/\/agora.xtec.cat\/iessert\/wp-json\/wp\/v2\/pages\/3528\/revisions"}],"predecessor-version":[{"id":10427,"href":"https:\/\/agora.xtec.cat\/iessert\/wp-json\/wp\/v2\/pages\/3528\/revisions\/10427"}],"wp:attachment":[{"href":"https:\/\/agora.xtec.cat\/iessert\/wp-json\/wp\/v2\/media?parent=3528"}],"curies":[{"name":"wp","href":"https:\/\/api.w.org\/{rel}","templated":true}]}}

<p>Benvinguts a l’espai de l’AMPA!  L’Associació de Mares i Pares d’Alumnes és un punt de trobada per a totes les famílies del centre. Treballem per representar i defensar els interessos dels nostres fills i filles, col·laborant amb el centre per millorar la qualitat educativa i fomentar un ambient enriquidor per a tota la comunitat escolar.</p>
<p>A través de l’AMPA,  impulsem millores significatives a l’institut gràcies a la col·laboració de les famílies. Entre les nostres aportacions recents destaquen: <a href="https://agora.xtec.cat/iessert/wp-content/uploads/usu642/2022/10/ulleres-rv.jpg"><img loading="lazy" decoding="async" class="wp-image-7694 alignright" src="https://agora.xtec.cat/iessert/wp-content/uploads/usu642/2022/10/ulleres-rv.jpg" alt="" width="198" height="124" srcset="https://agora.xtec.cat/iessert/wp-content/uploads/usu642/2022/10/ulleres-rv.jpg 401w, https://agora.xtec.cat/iessert/wp-content/uploads/usu642/2022/10/ulleres-rv-300x188.jpg 300w" sizes="auto, (max-width: 198px) 100vw, 198px" /></a></p>
<ul>
<li><strong>Compra d’equips pel Departament de Tecnologia</strong>:<a href="https://agora.xtec.cat/iessert/wp-content/uploads/usu642/2022/10/impresora-3d.jpg"><img loading="lazy" decoding="async" class="wp-image-7693 alignright" src="https://agora.xtec.cat/iessert/wp-content/uploads/usu642/2022/10/impresora-3d.jpg" alt="" width="132" height="156" srcset="https://agora.xtec.cat/iessert/wp-content/uploads/usu642/2022/10/impresora-3d.jpg 422w, https://agora.xtec.cat/iessert/wp-content/uploads/usu642/2022/10/impresora-3d-254x300.jpg 254w" sizes="auto, (max-width: 132px) 100vw, 132px" /></a>
<ul>
<li>Impressora 3D</li>
<li>Ulleres 3D</li>
<li>Packs de robòtica</li>
</ul>
</li>
</ul>
<ul>
<li><strong>Compra d’instruments musicals pel Departament de Música.</strong></li>
</ul>
<p><a href="https://agora.xtec.cat/iessert/wp-content/uploads/usu642/2022/10/bateria.jpg"><img loading="lazy" decoding="async" class="aligncenter wp-image-7696" src="https://agora.xtec.cat/iessert/wp-content/uploads/usu642/2022/10/bateria.jpg" alt="" width="204" height="178" srcset="https://agora.xtec.cat/iessert/wp-content/uploads/usu642/2022/10/bateria.jpg 753w, https://agora.xtec.cat/iessert/wp-content/uploads/usu642/2022/10/bateria-300x262.jpg 300w" sizes="auto, (max-width: 204px) 100vw, 204px" /></a></p>
<ul>
<li><strong>Donació d’ordinadors</strong>: Els membres de l’AMPA han gestionat la recepció d’ordinadors donats per una empresa i s’han encarregat de descarregar-los al centre.</li>
<li><strong><a href="https://agora.xtec.cat/iessert/wp-content/uploads/usu642/2018/12/cartel.png"><img loading="lazy" decoding="async" class="wp-image-3911 alignright" src="https://agora.xtec.cat/iessert/wp-content/uploads/usu642/2018/12/IMG_20181215_124304-1024x768.jpg" alt="" width="235" height="176" srcset="https://agora.xtec.cat/iessert/wp-content/uploads/usu642/2018/12/IMG_20181215_124304-1024x768.jpg 1024w, https://agora.xtec.cat/iessert/wp-content/uploads/usu642/2018/12/IMG_20181215_124304-300x225.jpg 300w, https://agora.xtec.cat/iessert/wp-content/uploads/usu642/2018/12/IMG_20181215_124304-768x576.jpg 768w, https://agora.xtec.cat/iessert/wp-content/uploads/usu642/2018/12/IMG_20181215_124304-200x150.jpg 200w, https://agora.xtec.cat/iessert/wp-content/uploads/usu642/2018/12/IMG_20181215_124304.jpg 2000w" sizes="auto, (max-width: 235px) 100vw, 235px" /></a>Instal·lació de ventiladors</strong>: El passat 15 de desembre, un equip format per 12 pares i mares va instal·lar 21 ventiladors a les aules on les temperatures són més altes. Els ventiladors van ser adquirits per l’AMPA per garantir un ambient més agradable per als nostres fills i filles, així com per l’equip docent.</li>
</ul>
<p>Us convidem a sumar-vos a l’AMPA i a formar part d’aquestes i moltes altres iniciatives!</p>
<p><strong>Contacta amb nosaltres</strong><br />
Per a qualsevol consulta o dubte, pots posar-te en contacte amb l’AMPA enviant un correu electrònic a:<br />
📧 <strong><a rel="noopener">ampasert@gmail.com</a></strong></p>
<p>Si necessites una reunió presencial, recorda que és imprescindible demanar <strong>CITA PRÈVIA</strong> enviant un missatge al mateix correu de l’AMPA.</p>
<p>Amb el teu Smartphone escaneja el Codi QR i guarda aquesta pàgina entre els teus favorits.<img loading="lazy" decoding="async" class=" wp-image-2650 aligncenter" src="http://agora.xtec.cat/iessert/wp-content/uploads/usu642/2017/12/qrampasertcom.png" alt="Código QR acceso ampasert.com" width="98" height="98" srcset="https://agora.xtec.cat/iessert/wp-content/uploads/usu642/2017/12/qrampasertcom.png 330w, https://agora.xtec.cat/iessert/wp-content/uploads/usu642/2017/12/qrampasertcom-150x150.png 150w, https://agora.xtec.cat/iessert/wp-content/uploads/usu642/2017/12/qrampasertcom-300x300.png 300w" sizes="auto, (max-width: 98px) 100vw, 98px" /></p>

<p>Benvinguts a l’espai de l’AMPA!  L’Associació de Mares i Pares d’Alumnes és un punt de trobada per a totes les famílies del centre. Treballem per representar i defensar els interessos dels nostres fills i filles, col·laborant amb el centre per millorar la qualitat educativa i fomentar un ambient enriquidor per a tota la comunitat escolar. [&hellip;]</p>
