{"id":888,"date":"2020-04-11T21:11:14","date_gmt":"2020-04-11T19:11:14","guid":{"rendered":"https:\/\/agora.xtec.cat\/iesserreta\/?page_id=888"},"modified":"2024-03-11T13:51:03","modified_gmt":"2024-03-11T12:51:03","slug":"estudis","status":"publish","type":"page","link":"https:\/\/agora.xtec.cat\/iesserreta\/estudis\/","title":{"rendered":"Estudis"},"content":{"rendered":"<p style=\"text-align: center;\"><a href=\"https:\/\/agora.xtec.cat\/iesserreta\/wp-content\/uploads\/usu2147\/2023\/03\/Banner-serreta_Gisela-Perez_Rihab-Bakali_LOW-scaled.jpg\"><img loading=\"lazy\" decoding=\"async\" class=\"aligncenter wp-image-5140 size-full\" src=\"https:\/\/agora.xtec.cat\/iesserreta\/wp-content\/uploads\/usu2147\/2023\/03\/Banner-serreta_Gisela-Perez_Rihab-Bakali_LOW-scaled.jpg\" alt=\"\" width=\"2560\" height=\"569\" srcset=\"https:\/\/agora.xtec.cat\/iesserreta\/wp-content\/uploads\/usu2147\/2023\/03\/Banner-serreta_Gisela-Perez_Rihab-Bakali_LOW-scaled.jpg 2560w, https:\/\/agora.xtec.cat\/iesserreta\/wp-content\/uploads\/usu2147\/2023\/03\/Banner-serreta_Gisela-Perez_Rihab-Bakali_LOW-300x67.jpg 300w, https:\/\/agora.xtec.cat\/iesserreta\/wp-content\/uploads\/usu2147\/2023\/03\/Banner-serreta_Gisela-Perez_Rihab-Bakali_LOW-2000x445.jpg 2000w, https:\/\/agora.xtec.cat\/iesserreta\/wp-content\/uploads\/usu2147\/2023\/03\/Banner-serreta_Gisela-Perez_Rihab-Bakali_LOW-768x171.jpg 768w, https:\/\/agora.xtec.cat\/iesserreta\/wp-content\/uploads\/usu2147\/2023\/03\/Banner-serreta_Gisela-Perez_Rihab-Bakali_LOW-1536x341.jpg 1536w, https:\/\/agora.xtec.cat\/iesserreta\/wp-content\/uploads\/usu2147\/2023\/03\/Banner-serreta_Gisela-Perez_Rihab-Bakali_LOW-2048x455.jpg 2048w\" sizes=\"auto, (max-width: 2560px) 100vw, 2560px\" \/><\/a><span style=\"font-size: 10pt;\"><em>Il\u00b7lustraci\u00f3 el\u00b7laborada per la Gisela i la Rihab, alumnes del nostre Batxillerat Art\u00edstic.<\/em><\/span><\/p>\n<ul>\n<li dir=\"ltr\">\n<p dir=\"ltr\"><span style=\"font-size: 14pt;\"><a href=\"https:\/\/agora.xtec.cat\/iesserreta\/portes-obertes\/eso\/\">Educaci\u00f3 Secund\u00e0ria Obligat\u00f2ria (ESO)<\/a>, en horari de jornada intensiva, de dilluns a divendres de 08:00 a 14:30<\/span><\/p>\n<\/li>\n<li dir=\"ltr\">\n<p dir=\"ltr\"><span style=\"font-size: 14pt;\"><a href=\"https:\/\/agora.xtec.cat\/iesserreta\/portes-obertes\/batxillerat\/\">Batxillerat<\/a>, \u00fanic centre a Rub\u00ed amb totes les especialitats:<\/span><\/p>\n<ul>\n<li dir=\"ltr\">\n<p dir=\"ltr\"><span style=\"font-size: 14pt;\">Art\u00edstic<\/span><\/p>\n<\/li>\n<li dir=\"ltr\">\n<p dir=\"ltr\"><span style=\"font-size: 14pt;\">Cient\u00edfic &#8211; Tecnol\u00f2gic<\/span><\/p>\n<\/li>\n<li dir=\"ltr\">\n<p dir=\"ltr\"><span style=\"font-size: 14pt;\">Social &#8211; Human\u00edstic<\/span><\/p>\n<\/li>\n<\/ul>\n<\/li>\n<li dir=\"ltr\">\n<p dir=\"ltr\"><span style=\"font-size: 14pt;\"><a href=\"https:\/\/agora.xtec.cat\/iesserreta\/batxillerat-artistic-3x2-amb-grau-mitja-darts-plastiques-i-disseny\/\">Batxillerat Art\u00edstic 3&#215;2<\/a> conjuntament amb l\u2019 <a href=\"https:\/\/artedra.net\/\" target=\"_blank\" rel=\"noopener\">edRa<\/a> (Escola d\u2019Art i Disseny de Rub\u00ed ). <\/span><span style=\"font-size: 14pt;\">Cursat en 3 anys acredita tamb\u00e9 el Grau Mitj\u00e0 <\/span><span style=\"font-size: 14pt;\">d\u2019\u00a0Arts Pl\u00e0stiques i Disseny<\/span><\/p>\n<\/li>\n<\/ul>\n<p><a href=\"https:\/\/agora.xtec.cat\/iesserreta\/portes-obertes\/cicles-formatius\/\"><span style=\"font-size: 14pt;\"><strong>Cicles Formatius<\/strong><\/span><\/a><\/p>\n<ul>\n<li dir=\"ltr\">\n<p dir=\"ltr\"><span style=\"font-size: 14pt;\">Formaci\u00f3 Professional de\u00a0Grau Mitj\u00e0<\/span><\/p>\n<ul>\n<li dir=\"ltr\">\n<p dir=\"ltr\"><span style=\"font-size: 14pt;\">Perruqueria i Cosm\u00e8tica Capil\u00b7lar<\/span><\/p>\n<\/li>\n<li dir=\"ltr\">\n<p dir=\"ltr\"><span style=\"font-size: 14pt;\">Atenci\u00f3 a Persones en Situaci\u00f3 de Depend\u00e8ncia<\/span><\/p>\n<\/li>\n<\/ul>\n<\/li>\n<li dir=\"ltr\">\n<p dir=\"ltr\"><span style=\"font-size: 14pt;\">Formaci\u00f3 Professional de\u00a0Grau Superior<\/span><\/p>\n<ul>\n<li dir=\"ltr\">\n<p dir=\"ltr\"><span style=\"font-size: 14pt;\">Educaci\u00f3 Infantil<\/span><\/p>\n<\/li>\n<li dir=\"ltr\">\n<p dir=\"ltr\"><span style=\"font-size: 14pt;\">Integraci\u00f3 Social<\/span><\/p>\n<\/li>\n<\/ul>\n<\/li>\n<li dir=\"ltr\">\n<p dir=\"ltr\"><span style=\"font-size: 14pt;\"><a href=\"https:\/\/agora.xtec.cat\/iesserreta\/portes-obertes\/pfi\/\">PFI\u00a0de\u00a0Perruqueria<\/a><\/span><\/p>\n<\/li>\n<li dir=\"ltr\">\n<p dir=\"ltr\"><span style=\"font-size: 14pt;\"><a href=\"https:\/\/agora.xtec.cat\/iesserreta\/portes-obertes\/pfi\/\">PFI de Fabricaci\u00f3 mec\u00e0nica i instal\u00b7lacions electrot\u00e8cniques.<\/a><br \/>\n<\/span><\/p>\n<\/li>\n<li dir=\"ltr\">\n<p dir=\"ltr\"><span style=\"font-size: 14pt;\"><a href=\"https:\/\/agora.xtec.cat\/iesserreta\/portes-obertes\/pfi\/\">PFI de Vendes, oficina i atenci\u00f3 al p\u00fablic<\/a><\/span><\/p>\n<\/li>\n<\/ul>\n","protected":false},"excerpt":{"rendered":"<p><a href=\"https:\/\/agora.xtec.cat\/iesserreta\/wp-content\/uploads\/usu2147\/2023\/03\/Banner-serreta_Gisela-Perez_Rihab-Bakali_LOW-scaled.jpg\"><\/a>Il\u00b7lustraci\u00f3 el\u00b7laborada per la Gisela i la Rihab, alumnes del nostre Batxillerat Art\u00edstic.<\/p>\n<ul>\n<li dir=\"ltr\">\n<a href=\"https:\/\/agora.xtec.cat\/iesserreta\/portes-obertes\/eso\/\">Educaci\u00f3 Secund\u00e0ria Obligat\u00f2ria (ESO)<\/a>, en horari de jornada intensiva, de dilluns a divendres de 08:00 a 14:30\n<\/li>\n<li dir=\"ltr\">\n<a href=\"https:\/\/agora.xtec.cat\/iesserreta\/portes-obertes\/batxillerat\/\">Batxillerat<\/a>, \u00fanic centre a Rub\u00ed amb totes les especialitats:<\/p>\n<ul>\n<li dir=\"ltr\">\nArt\u00edstic\n<\/li>\n<li dir=\"ltr\">\nCient\u00edfic &#8211;&hellip;  <a href=\"https:\/\/agora.xtec.cat\/iesserreta\/estudis\/\" title=\"Read Estudis\">Llegeix m\u00e9s\u00bb<\/a><\/p>\n","protected":false},"author":3,"featured_media":0,"parent":0,"menu_order":0,"comment_status":"closed","ping_status":"closed","template":"","meta":{"_bbp_topic_count":0,"_bbp_reply_count":0,"_bbp_total_topic_count":0,"_bbp_total_reply_count":0,"_bbp_voice_count":0,"_bbp_anonymous_reply_count":0,"_bbp_topic_count_hidden":0,"_bbp_reply_count_hidden":0,"_bbp_forum_subforum_count":0,"footnotes":""},"class_list":["post-888","page","type-page","status-publish","hentry"],"post_mailing_queue_ids":[],"_links":{"self":[{"href":"https:\/\/agora.xtec.cat\/iesserreta\/wp-json\/wp\/v2\/pages\/888","targetHints":{"allow":["GET"]}}],"collection":[{"href":"https:\/\/agora.xtec.cat\/iesserreta\/wp-json\/wp\/v2\/pages"}],"about":[{"href":"https:\/\/agora.xtec.cat\/iesserreta\/wp-json\/wp\/v2\/types\/page"}],"author":[{"embeddable":true,"href":"https:\/\/agora.xtec.cat\/iesserreta\/wp-json\/wp\/v2\/users\/3"}],"replies":[{"embeddable":true,"href":"https:\/\/agora.xtec.cat\/iesserreta\/wp-json\/wp\/v2\/comments?post=888"}],"version-history":[{"count":6,"href":"https:\/\/agora.xtec.cat\/iesserreta\/wp-json\/wp\/v2\/pages\/888\/revisions"}],"predecessor-version":[{"id":5687,"href":"https:\/\/agora.xtec.cat\/iesserreta\/wp-json\/wp\/v2\/pages\/888\/revisions\/5687"}],"wp:attachment":[{"href":"https:\/\/agora.xtec.cat\/iesserreta\/wp-json\/wp\/v2\/media?parent=888"}],"curies":[{"name":"wp","href":"https:\/\/api.w.org\/{rel}","templated":true}]}}