{"id":632,"date":"2020-04-07T22:54:27","date_gmt":"2020-04-07T20:54:27","guid":{"rendered":"https:\/\/agora.xtec.cat\/iesserreta\/?page_id=632"},"modified":"2023-04-17T15:43:42","modified_gmt":"2023-04-17T13:43:42","slug":"serveis-fp","status":"publish","type":"page","link":"https:\/\/agora.xtec.cat\/iesserreta\/serveis-fp\/","title":{"rendered":"Serveis FP"},"content":{"rendered":"<p><img loading=\"lazy\" decoding=\"async\" class=\"aligncenter wp-image-5184 \" src=\"https:\/\/agora.xtec.cat\/iesserreta\/wp-content\/uploads\/usu2147\/2023\/04\/tots-els-logos-23.png\" alt=\"\" width=\"919\" height=\"538\" srcset=\"https:\/\/agora.xtec.cat\/iesserreta\/wp-content\/uploads\/usu2147\/2023\/04\/tots-els-logos-23.png 1136w, https:\/\/agora.xtec.cat\/iesserreta\/wp-content\/uploads\/usu2147\/2023\/04\/tots-els-logos-23-300x176.png 300w, https:\/\/agora.xtec.cat\/iesserreta\/wp-content\/uploads\/usu2147\/2023\/04\/tots-els-logos-23-768x450.png 768w\" sizes=\"auto, (max-width: 919px) 100vw, 919px\" \/><\/p>\n<p>&nbsp;<\/p>\n<p><span style=\"font-size: 18pt; color: #000000;\">L&#8217;Institut La Serreta \u00e9s un centre amb una gran oferta de Serveis FP que s&#8217;esfor\u00e7a per oferir la millor formaci\u00f3 al seu alumnat.<\/span><\/p>\n<h2><span style=\"color: #000000;\"><strong>Conegueu tots els Serveis FP dels quals podeu disposar a l&#8217;Institut La Serreta:<\/strong><\/span><\/h2>\n<p><span style=\"font-size: 14pt;\"><a href=\"https:\/\/agora.xtec.cat\/iesserreta\/serveis-fp\/fct-fp-dual\/\">FCT i FP Dual<\/a><\/span><\/p>\n<p><span style=\"font-size: 14pt;\"><a href=\"https:\/\/agora.xtec.cat\/iesserreta\/serveis-fp\/mobilitat\/\">Mobilitat Erasmus+<\/a><\/span><\/p>\n<p><span style=\"font-size: 14pt;\"><a href=\"https:\/\/agora.xtec.cat\/iesserreta\/serveis-fp\/impuls-fp\/\">IMPULS FP<\/a><\/span><\/p>\n<p style=\"padding-left: 40px;\"><span style=\"font-size: 14pt;\"><a href=\"https:\/\/agora.xtec.cat\/iesserreta\/serveis-fp\/impuls-fp\/#activafp\">Activa FP<\/a><\/span><\/p>\n<p style=\"padding-left: 40px;\"><span style=\"font-size: 14pt;\"><a href=\"https:\/\/agora.xtec.cat\/iesserreta\/serveis-fp\/impuls-fp\/#catskills\">CATSkills<\/a><\/span><\/p>\n<p><a href=\"https:\/\/agora.xtec.cat\/iesserreta\/serveis-fp\/empresa-fp\/#mesures\"><span style=\"font-size: 14pt;\">Mesures flexibilitzadores<\/span><\/a><\/p>\n","protected":false},"excerpt":{"rendered":"<p>&nbsp;<br \/>\nL&#8217;Institut La Serreta \u00e9s un centre amb una gran oferta de Serveis FP que s&#8217;esfor\u00e7a per oferir la millor formaci\u00f3 al seu alumnat.<br \/>\nConegueu tots els Serveis FP dels quals podeu disposar a l&#8217;Institut La Serreta:<br \/>\n<a href=\"https:\/\/agora.xtec.cat\/iesserreta\/serveis-fp\/fct-fp-dual\/\">FCT i FP Dual<\/a><br \/>\n<a href=\"https:\/\/agora.xtec.cat\/iesserreta\/serveis-fp\/mobilitat\/\">Mobilitat Erasmus+<\/a><br \/>\n<a href=\"https:\/\/agora.xtec.cat\/iesserreta\/serveis-fp\/impuls-fp\/\">IMPULS FP<\/a><br \/>\n<a href=\"https:\/\/agora.xtec.cat\/iesserreta\/serveis-fp\/impuls-fp\/#activafp\">Activa FP<\/a><br \/>\n<a&hellip;  <a href=\"https:\/\/agora.xtec.cat\/iesserreta\/serveis-fp\/\" title=\"Read Serveis FP\">Llegeix m\u00e9s\u00bb<\/a><\/p>\n","protected":false},"author":3,"featured_media":0,"parent":0,"menu_order":0,"comment_status":"closed","ping_status":"closed","template":"page-templates\/side-menu.php","meta":{"_bbp_topic_count":0,"_bbp_reply_count":0,"_bbp_total_topic_count":0,"_bbp_total_reply_count":0,"_bbp_voice_count":0,"_bbp_anonymous_reply_count":0,"_bbp_topic_count_hidden":0,"_bbp_reply_count_hidden":0,"_bbp_forum_subforum_count":0,"footnotes":""},"class_list":["post-632","page","type-page","status-publish","hentry"],"post_mailing_queue_ids":[],"_links":{"self":[{"href":"https:\/\/agora.xtec.cat\/iesserreta\/wp-json\/wp\/v2\/pages\/632","targetHints":{"allow":["GET"]}}],"collection":[{"href":"https:\/\/agora.xtec.cat\/iesserreta\/wp-json\/wp\/v2\/pages"}],"about":[{"href":"https:\/\/agora.xtec.cat\/iesserreta\/wp-json\/wp\/v2\/types\/page"}],"author":[{"embeddable":true,"href":"https:\/\/agora.xtec.cat\/iesserreta\/wp-json\/wp\/v2\/users\/3"}],"replies":[{"embeddable":true,"href":"https:\/\/agora.xtec.cat\/iesserreta\/wp-json\/wp\/v2\/comments?post=632"}],"version-history":[{"count":5,"href":"https:\/\/agora.xtec.cat\/iesserreta\/wp-json\/wp\/v2\/pages\/632\/revisions"}],"predecessor-version":[{"id":5205,"href":"https:\/\/agora.xtec.cat\/iesserreta\/wp-json\/wp\/v2\/pages\/632\/revisions\/5205"}],"wp:attachment":[{"href":"https:\/\/agora.xtec.cat\/iesserreta\/wp-json\/wp\/v2\/media?parent=632"}],"curies":[{"name":"wp","href":"https:\/\/api.w.org\/{rel}","templated":true}]}}