{"id":5850,"date":"2024-07-01T12:24:49","date_gmt":"2024-07-01T10:24:49","guid":{"rendered":"https:\/\/agora.xtec.cat\/iesserreta\/?page_id=5850"},"modified":"2024-07-01T12:24:58","modified_gmt":"2024-07-01T10:24:58","slug":"mufps","status":"publish","type":"page","link":"https:\/\/agora.xtec.cat\/iesserreta\/mufps\/","title":{"rendered":"Programa d\u2019innovaci\u00f3 pedag\u00f2gica de Pr\u00e0ctiques del M\u00e0ster Universitari de Formaci\u00f3 del Professorat d\u2019educaci\u00f3 secund\u00e0ria obligat\u00f2ria i batxillerat, Formaci\u00f3 professional i Ensenyament d\u2019idiomes (MUFPS)"},"content":{"rendered":"<div style=\"text-align: justify;\"><span style=\"font-family: arial, sans-serif; font-size: 14pt;\"><a href=\"https:\/\/projectes.xtec.cat\/centresformadors\/\"><img loading=\"lazy\" decoding=\"async\" class=\"alignright wp-image-5851 \" src=\"https:\/\/agora.xtec.cat\/iesserreta\/wp-content\/uploads\/usu2147\/2024\/07\/LOGO-centres-formadors-scaled-1-296x300.jpg\" alt=\"\" width=\"240\" height=\"243\" srcset=\"https:\/\/agora.xtec.cat\/iesserreta\/wp-content\/uploads\/usu2147\/2024\/07\/LOGO-centres-formadors-scaled-1-296x300.jpg 296w, https:\/\/agora.xtec.cat\/iesserreta\/wp-content\/uploads\/usu2147\/2024\/07\/LOGO-centres-formadors-scaled-1-1975x2000.jpg 1975w, https:\/\/agora.xtec.cat\/iesserreta\/wp-content\/uploads\/usu2147\/2024\/07\/LOGO-centres-formadors-scaled-1-768x778.jpg 768w, https:\/\/agora.xtec.cat\/iesserreta\/wp-content\/uploads\/usu2147\/2024\/07\/LOGO-centres-formadors-scaled-1-1517x1536.jpg 1517w, https:\/\/agora.xtec.cat\/iesserreta\/wp-content\/uploads\/usu2147\/2024\/07\/LOGO-centres-formadors-scaled-1-2022x2048.jpg 2022w\" sizes=\"auto, (max-width: 240px) 100vw, 240px\" \/><\/a>La Serreta forma part del\u00a0<i>&#8220;Programa d\u2019innovaci\u00f3 pedag\u00f2gica de Pr\u00e0ctiques del M\u00e0ster Universitari de Formaci\u00f3 del Professorat d\u2019educaci\u00f3 secund\u00e0ria obligat\u00f2ria i batxillerat, Formaci\u00f3 professional i Ensenyament d\u2019idiomes&#8221;\u00a0<\/i>(MUFPS), essent un Centre Formador que acull estudiants del pr\u00e0cticum dels graus i m\u00e0sters universitaris.<br \/>\n<\/span><\/div>\n<div style=\"text-align: justify;\"><span style=\"font-family: arial, sans-serif; font-size: 14pt;\">\u00a0<\/span><\/div>\n<div><span style=\"font-family: arial, sans-serif; font-size: 14pt;\">Els objectius del programa s\u00f3n els seg\u00fcents:<br \/>\n<\/span><\/p>\n<ul>\n<li><span style=\"font-family: arial, sans-serif; font-size: 14pt;\">Assignar valor als centres formadors com a institucions clau en la formaci\u00f3 inicial de la funci\u00f3 docent.<\/span><\/li>\n<li><span style=\"font-family: arial, sans-serif; font-size: 14pt;\">Professionalitzar i recon\u00e8ixer la tasca d\u2019acompanyament dels mentors de centre i dels tutors de les universitats.<\/span><\/li>\n<li><span style=\"font-family: arial, sans-serif; font-size: 14pt;\">Incorporar l\u2019estudiant universitari al centre formador com a agent actiu.<\/span><\/li>\n<li><span style=\"font-family: arial, sans-serif; font-size: 14pt;\">Promoure la col\u00b7laboraci\u00f3 en projectes de recerca i de transformaci\u00f3 educativa entre les universitats i els centres formadors.\u00a0<\/span><\/li>\n<\/ul>\n<p><span style=\"font-size: 14pt;\">Podeu consultar una <a href=\"https:\/\/agora.xtec.cat\/iesserreta\/wp-content\/uploads\/usu2147\/2024\/07\/PIN-MUFPS.pdf\">presentaci\u00f3 sobre el projecte<\/a> o tamb\u00e9 visitar <a href=\"https:\/\/projectes.xtec.cat\/centresformadors\/\">la p\u00e0gina web dels centres formadors MUFPS<\/a>.<\/span><\/p>\n<\/div>\n","protected":false},"excerpt":{"rendered":"<p><a href=\"https:\/\/projectes.xtec.cat\/centresformadors\/\"><\/a>La Serreta forma part del\u00a0&#8220;Programa d\u2019innovaci\u00f3 pedag\u00f2gica de Pr\u00e0ctiques del M\u00e0ster Universitari de Formaci\u00f3 del Professorat d\u2019educaci\u00f3 secund\u00e0ria obligat\u00f2ria i batxillerat, Formaci\u00f3 professional i Ensenyament d\u2019idiomes&#8221;\u00a0(MUFPS), essent un Centre Formador que acull estudiants del pr\u00e0cticum dels graus i m\u00e0sters universitaris.<\/p>\n<p>\u00a0<br \/>\nEls objectius del programa s\u00f3n&hellip;  <a href=\"https:\/\/agora.xtec.cat\/iesserreta\/mufps\/\" title=\"Read Programa d\u2019innovaci\u00f3 pedag\u00f2gica de Pr\u00e0ctiques del M\u00e0ster Universitari de Formaci\u00f3 del Professorat d\u2019educaci\u00f3 secund\u00e0ria obligat\u00f2ria i batxillerat, Formaci\u00f3 professional i Ensenyament d\u2019idiomes (MUFPS)\">Llegeix m\u00e9s\u00bb<\/a><\/p>\n","protected":false},"author":15,"featured_media":0,"parent":0,"menu_order":0,"comment_status":"closed","ping_status":"closed","template":"","meta":{"_bbp_topic_count":0,"_bbp_reply_count":0,"_bbp_total_topic_count":0,"_bbp_total_reply_count":0,"_bbp_voice_count":0,"_bbp_anonymous_reply_count":0,"_bbp_topic_count_hidden":0,"_bbp_reply_count_hidden":0,"_bbp_forum_subforum_count":0,"footnotes":""},"class_list":["post-5850","page","type-page","status-publish","hentry"],"post_mailing_queue_ids":[],"_links":{"self":[{"href":"https:\/\/agora.xtec.cat\/iesserreta\/wp-json\/wp\/v2\/pages\/5850","targetHints":{"allow":["GET"]}}],"collection":[{"href":"https:\/\/agora.xtec.cat\/iesserreta\/wp-json\/wp\/v2\/pages"}],"about":[{"href":"https:\/\/agora.xtec.cat\/iesserreta\/wp-json\/wp\/v2\/types\/page"}],"author":[{"embeddable":true,"href":"https:\/\/agora.xtec.cat\/iesserreta\/wp-json\/wp\/v2\/users\/15"}],"replies":[{"embeddable":true,"href":"https:\/\/agora.xtec.cat\/iesserreta\/wp-json\/wp\/v2\/comments?post=5850"}],"version-history":[{"count":1,"href":"https:\/\/agora.xtec.cat\/iesserreta\/wp-json\/wp\/v2\/pages\/5850\/revisions"}],"predecessor-version":[{"id":5853,"href":"https:\/\/agora.xtec.cat\/iesserreta\/wp-json\/wp\/v2\/pages\/5850\/revisions\/5853"}],"wp:attachment":[{"href":"https:\/\/agora.xtec.cat\/iesserreta\/wp-json\/wp\/v2\/media?parent=5850"}],"curies":[{"name":"wp","href":"https:\/\/api.w.org\/{rel}","templated":true}]}}