{"id":3887,"date":"2022-01-24T10:34:14","date_gmt":"2022-01-24T09:34:14","guid":{"rendered":"https:\/\/agora.xtec.cat\/iesserreta\/?page_id=3887"},"modified":"2026-05-06T13:25:38","modified_gmt":"2026-05-06T11:25:38","slug":"portes-obertes","status":"publish","type":"page","link":"https:\/\/agora.xtec.cat\/iesserreta\/portes-obertes\/","title":{"rendered":"PORTES OBERTES"},"content":{"rendered":"<h3><\/h3>\n<h3><strong>CARACTER\u00edSTIQUES \u00a0DEL \u00a0CENTRE<\/strong><\/h3>\n<ul>\n<li>Ajudem l&#8217;alumnat a <strong>desenvolupar-se<\/strong> en les <strong>diferents dimensions: acad\u00e8mica, social i personal<\/strong>.<\/li>\n<li><strong>Comunicaci\u00f3 telem\u00e0tica entre les fam\u00edlies i el professorat<\/strong>\u00a0amb l&#8217;aplicaci\u00f3 <strong><a href=\"https:\/\/www.ieduca.com\/que-es-ieduca\/\">iEduca<\/a><\/strong>. Assist\u00e8ncia, horari, incid\u00e8ncies&#8230;<\/li>\n<li>Prioritzem l\u2019acompanyament en les<strong> transicions entre etapes educatives<\/strong>. Per aix\u00f2, projectem un acurat <strong>Pla d&#8217;Acollida per l&#8217;alumnat nou.<\/strong><\/li>\n<li>Una <strong>educaci\u00f3 completa i continuada<\/strong>, des 1r d&#8217;ESO fins als diferents Batxillerats i Formaci\u00f3 Professional.<\/li>\n<li dir=\"ltr\">Projectem la import\u00e0ncia de les <strong>lleng\u00fces estrangeres<\/strong>. L&#8217;<strong>angl\u00e8s<\/strong> \u00e9s la principal llengua estrangera.<\/li>\n<li dir=\"ltr\"><strong>Pla Lector<\/strong>: cada dia dediquem temps a la lectura personal per <strong>desenvolupar la compet\u00e8ncia lectora transversalment<\/strong>.<\/li>\n<li dir=\"ltr\"><strong>Segell i pol\u00edtica de qualitat<\/strong> amb auditoria externa i interna (<a href=\"https:\/\/agora.xtec.cat\/iesserreta\/pec-documentacio-qualitat\/#ISO\">Norma ISO 9001<\/a> i e2cat).<\/li>\n<li dir=\"ltr\">La llengua vehicular d\u2019ensenyament \u00e9s el catal\u00e0.<\/li>\n<\/ul>\n<h3>Conegueu com treballem a cada nivell fent clic a la imatge :<\/h3>\n<table style=\"height: 132px; width: 100%; border-collapse: hidden; border-style: hidden;\">\n<tbody>\n<tr style=\"height: 132px;\">\n<td style=\"width: 33.3333%; height: 132px; border-style: hidden;\"><a href=\"https:\/\/agora.xtec.cat\/iesserreta\/portes-obertes\/eso\/\"><img loading=\"lazy\" decoding=\"async\" class=\"aligncenter wp-image-4899 size-full\" src=\"https:\/\/agora.xtec.cat\/iesserreta\/wp-content\/uploads\/usu2147\/2023\/01\/ESO.png\" alt=\"\" width=\"570\" height=\"552\" srcset=\"https:\/\/agora.xtec.cat\/iesserreta\/wp-content\/uploads\/usu2147\/2023\/01\/ESO.png 570w, https:\/\/agora.xtec.cat\/iesserreta\/wp-content\/uploads\/usu2147\/2023\/01\/ESO-300x291.png 300w\" sizes=\"auto, (max-width: 570px) 100vw, 570px\" \/><\/a><\/td>\n<td style=\"width: 33.3333%; height: 132px; border-style: hidden;\"><a href=\"https:\/\/agora.xtec.cat\/iesserreta\/portes-obertes\/batxillerat\/\"><img loading=\"lazy\" decoding=\"async\" class=\"aligncenter wp-image-4900 size-full\" src=\"https:\/\/agora.xtec.cat\/iesserreta\/wp-content\/uploads\/usu2147\/2023\/01\/Batxillerat.png\" alt=\"\" width=\"570\" height=\"552\" srcset=\"https:\/\/agora.xtec.cat\/iesserreta\/wp-content\/uploads\/usu2147\/2023\/01\/Batxillerat.png 570w, https:\/\/agora.xtec.cat\/iesserreta\/wp-content\/uploads\/usu2147\/2023\/01\/Batxillerat-300x291.png 300w\" sizes=\"auto, (max-width: 570px) 100vw, 570px\" \/><\/a><\/td>\n<td style=\"width: 33.3333%; height: 132px; border-style: hidden;\"><a href=\"https:\/\/agora.xtec.cat\/iesserreta\/portes-obertes\/cicles-formatius\/\"><img loading=\"lazy\" decoding=\"async\" class=\"aligncenter wp-image-4901 size-full\" src=\"https:\/\/agora.xtec.cat\/iesserreta\/wp-content\/uploads\/usu2147\/2023\/01\/Cicles.png\" alt=\"\" width=\"570\" height=\"552\" srcset=\"https:\/\/agora.xtec.cat\/iesserreta\/wp-content\/uploads\/usu2147\/2023\/01\/Cicles.png 570w, https:\/\/agora.xtec.cat\/iesserreta\/wp-content\/uploads\/usu2147\/2023\/01\/Cicles-300x291.png 300w\" sizes=\"auto, (max-width: 570px) 100vw, 570px\" \/><\/a><\/td>\n<\/tr>\n<\/tbody>\n<\/table>\n<h3>Dates de preinscripci\u00f3 pel curs 2026-2027<\/h3>\n<p style=\"padding-left: 40px;\"><strong>Educaci\u00f3 secund\u00e0ria obligat\u00f2ria<\/strong>: Portes obertes dilluns 9 de febrer. Sol\u00b7licituds de preinscripci\u00f3 del 6 al 18 de mar\u00e7.<\/p>\n<p style=\"padding-left: 40px;\"><strong>Batxillerat<\/strong>: Portes obertes dilluns 16 de mar\u00e7. Sol\u00b7licituds de preinscripci\u00f3 del 9 al 16 d&#8217;abril.<\/p>\n<p style=\"padding-left: 40px;\"><strong>Cicles formatius: <\/strong><\/p>\n<ul>\n<li style=\"list-style-type: none;\">\n<ul>\n<li style=\"list-style-type: none;\">\n<ul>\n<li style=\"list-style-type: none;\">\n<ul>\n<li><strong>Grau Mitj\u00e0<\/strong>: Portes obertes dimecres 15 d&#8217;abril. Sol\u00b7licituds de preinscripci\u00f3 encara no disponibles.<\/li>\n<li><strong>Grau Superior<\/strong>: Portes obertes dijous 16 d&#8217;abril. Sol\u00b7licituds de preinscripci\u00f3 encara no disponibles.<\/li>\n<\/ul>\n<\/li>\n<\/ul>\n<\/li>\n<\/ul>\n<\/li>\n<\/ul>\n<p style=\"padding-left: 40px;\"><strong>PFI:<\/strong> Portes obertes dijous 9 d&#8217;abril. Sol\u00b7licituds de preinscripci\u00f3 encara no disponibles.<\/p>\n<p style=\"padding-left: 40px;\">Trobareu m\u00e9s informaci\u00f3 a la <a href=\"https:\/\/preinscripcio.gencat.cat\/ca\/inici\/\">p\u00e0gina de Preinscripci\u00f3<\/a> de la Generalitat.<\/p>\n<h3><strong>QUINA FORMACI\u00d3 ES POT FER A LA SERRETA?<\/strong><\/h3>\n<ul>\n<li style=\"list-style-type: none;\">\n<ul>\n<li dir=\"ltr\">\n<p dir=\"ltr\"><span style=\"font-size: 12pt;\">Educaci\u00f3 Secund\u00e0ria Obligat\u00f2ria (<a href=\"https:\/\/agora.xtec.cat\/iesserreta\/portes-obertes\/eso\/\"><strong>ESO<\/strong><\/a>), en horari de jornada intensiva, de dilluns a divendres de 08:00 a 14:30<\/span><\/p>\n<\/li>\n<li dir=\"ltr\">\n<p dir=\"ltr\"><span style=\"font-size: 12pt;\"><a href=\"https:\/\/agora.xtec.cat\/iesserreta\/portes-obertes\/batxillerat\/\"><strong>Batxillerat<\/strong><\/a>, \u00fanic centre a Rub\u00ed amb totes les especialitats:<\/span><\/p>\n<ul>\n<li dir=\"ltr\">\n<p dir=\"ltr\"><strong><span style=\"font-size: 12pt;\">Art\u00edstic<\/span><\/strong><\/p>\n<\/li>\n<li dir=\"ltr\">\n<p dir=\"ltr\"><strong><span style=\"font-size: 12pt;\">Cient\u00edfic &#8211; Tecnol\u00f2gic<\/span><\/strong><\/p>\n<\/li>\n<li dir=\"ltr\">\n<p dir=\"ltr\"><strong><span style=\"font-size: 12pt;\">Social &#8211; Human\u00edstic<\/span><\/strong><\/p>\n<\/li>\n<\/ul>\n<\/li>\n<li dir=\"ltr\">\n<p dir=\"ltr\"><span style=\"font-size: 12pt;\"><strong><a href=\"https:\/\/agora.xtec.cat\/iesserreta\/batxillerat-artistic-3x2-amb-grau-mitja-darts-plastiques-i-disseny\/\">Batxillerat Art\u00edstic 3&#215;2<\/a> <\/strong>conjuntament amb l\u2019 <a href=\"https:\/\/artedra.net\/\" target=\"_blank\" rel=\"noopener\">edRa<\/a> (Escola d\u2019Art i Disseny de Rub\u00ed ). Cursat en 3 anys acredita tamb\u00e9 el Grau Mitj\u00e0 d\u2019\u00a0Arts Pl\u00e0stiques i Disseny<\/span><\/p>\n<\/li>\n<li dir=\"ltr\">\n<p dir=\"ltr\"><strong><span style=\"font-size: 12pt;\">Formaci\u00f3 Professional de\u00a0Grau Mitj\u00e0<\/span><\/strong><\/p>\n<ul>\n<li dir=\"ltr\">\n<p dir=\"ltr\"><a href=\"https:\/\/agora.xtec.cat\/iesserreta\/portes-obertes\/cicles-formatius\/#pcc\"><strong><span style=\"font-size: 12pt;\">Perruqueria i Cosm\u00e8tica Capil\u00b7lar<\/span><\/strong><\/a><\/p>\n<\/li>\n<li dir=\"ltr\">\n<p dir=\"ltr\"><a href=\"https:\/\/agora.xtec.cat\/iesserreta\/portes-obertes\/cicles-formatius\/#estetica\"><b>Est\u00e8tica i Bellesa<\/b><\/a> <span style=\"color: #ff0000;\"><strong>(<\/strong><b>NOVETAT)<\/b>\u00a0<\/span><span style=\"font-size: 12pt;\">(horari de tarda)<\/span><\/p>\n<\/li>\n<li dir=\"ltr\">\n<p dir=\"ltr\"><a href=\"https:\/\/agora.xtec.cat\/iesserreta\/portes-obertes\/cicles-formatius\/#apsd\"><strong><span style=\"font-size: 12pt;\">Atenci\u00f3 a Persones en Situaci\u00f3 de Depend\u00e8ncia<\/span><\/strong><\/a><\/p>\n<\/li>\n<\/ul>\n<\/li>\n<li dir=\"ltr\">\n<p dir=\"ltr\"><strong><span style=\"font-size: 12pt;\">Formaci\u00f3 Professional de\u00a0Grau Superior<\/span><\/strong><\/p>\n<ul>\n<li dir=\"ltr\">\n<p dir=\"ltr\"><a href=\"https:\/\/agora.xtec.cat\/iesserreta\/portes-obertes\/cicles-formatius\/#ei\"><strong><span style=\"font-size: 12pt;\">Educaci\u00f3 Infantil<\/span><\/strong><\/a><\/p>\n<\/li>\n<li dir=\"ltr\">\n<p dir=\"ltr\"><a href=\"https:\/\/agora.xtec.cat\/iesserreta\/portes-obertes\/cicles-formatius\/#is\"><strong><span style=\"font-size: 12pt;\">Integraci\u00f3 Social<\/span><\/strong><\/a><\/p>\n<\/li>\n<\/ul>\n<\/li>\n<li><strong><span style=\"font-size: 12pt;\">Programes de Formaci\u00f3 i Inserci\u00f3 <\/span><\/strong><span style=\"font-size: 12pt;\">(horari de tarda)<\/span>\n<ul>\n<li dir=\"ltr\">\n<p dir=\"ltr\"><a href=\"https:\/\/agora.xtec.cat\/iesserreta\/portes-obertes\/pfi\/\"><span style=\"font-size: 12pt;\">PFI d&#8217;auxiliar de Perruqueria i Est\u00e8tica<\/span><\/a><span style=\"font-size: 12pt;\"><br \/>\n<\/span><\/p>\n<\/li>\n<li dir=\"ltr\">\n<p dir=\"ltr\"><a href=\"https:\/\/agora.xtec.cat\/iesserreta\/portes-obertes\/pfi\/\"><span style=\"font-size: 12pt;\">PFI d&#8217;auxiliar de Comer\u00e7 i atenci\u00f3 al p\u00fablic<\/span><\/a><\/p>\n<\/li>\n<\/ul>\n<\/li>\n<\/ul>\n<\/li>\n<\/ul>\n<hr \/>\n<table class=\" aligncenter\" style=\"height: 308px; width: 76.9486%; border-collapse: collapse; border-style: hidden;\">\n<tbody>\n<tr style=\"height: 381px;\">\n<td style=\"width: 33.3333%; height: 303px; border-style: hidden; vertical-align: top;\">\n<p style=\"text-align: center;\"><span style=\"font-size: 14pt;\"><strong>PASSEJADA 360\u00ba PEL NOSTRE CENTRE<\/strong><\/span><\/p>\n<p>&nbsp;<\/p>\n<p style=\"text-align: center;\"><a href=\"https:\/\/roundme.com\/tour\/672081\/view\/2128753\/\" target=\"_blank\" rel=\"noopener\"><img loading=\"lazy\" decoding=\"async\" class=\"wp-image-4926 aligncenter\" src=\"https:\/\/agora.xtec.cat\/iesserreta\/wp-content\/uploads\/usu2147\/2023\/01\/camara-360-300x300.png\" alt=\"\" width=\"221\" height=\"221\" srcset=\"https:\/\/agora.xtec.cat\/iesserreta\/wp-content\/uploads\/usu2147\/2023\/01\/camara-360-300x300.png 300w, https:\/\/agora.xtec.cat\/iesserreta\/wp-content\/uploads\/usu2147\/2023\/01\/camara-360-150x150.png 150w, https:\/\/agora.xtec.cat\/iesserreta\/wp-content\/uploads\/usu2147\/2023\/01\/camara-360.png 512w\" sizes=\"auto, (max-width: 221px) 100vw, 221px\" \/><\/a><\/p>\n<\/td>\n<td style=\"width: 33.3333%; height: 303px; border-style: hidden; vertical-align: top;\">\n<p style=\"text-align: center;\"><span style=\"font-size: 14pt;\"><strong>V\u00cdDEO-PRESENTACI\u00d3 DE LA SERRETA (9 min.)<\/strong><\/span><a href=\"https:\/\/youtu.be\/gYQjJyoD7Lw\" target=\"_blank\" rel=\"noopener\"><img loading=\"lazy\" decoding=\"async\" class=\"aligncenter wp-image-4928\" src=\"https:\/\/agora.xtec.cat\/iesserreta\/wp-content\/uploads\/usu2147\/2023\/01\/Video-presentacio.jpg\" alt=\"\" width=\"457\" height=\"325\" srcset=\"https:\/\/agora.xtec.cat\/iesserreta\/wp-content\/uploads\/usu2147\/2023\/01\/Video-presentacio.jpg 1314w, https:\/\/agora.xtec.cat\/iesserreta\/wp-content\/uploads\/usu2147\/2023\/01\/Video-presentacio-300x213.jpg 300w, https:\/\/agora.xtec.cat\/iesserreta\/wp-content\/uploads\/usu2147\/2023\/01\/Video-presentacio-768x545.jpg 768w\" sizes=\"auto, (max-width: 457px) 100vw, 457px\" \/><\/a><\/p>\n<\/td>\n<\/tr>\n<\/tbody>\n<\/table>\n<p>&nbsp;<\/p>\n<p>&nbsp;<\/p>\n<p><strong>LA SERRETA EN 1 MINUT:<\/strong><\/p>\n<blockquote class=\"instagram-media\" style=\"background: #FFF; border: 0; border-radius: 3px; box-shadow: 0 0 1px 0 rgba(0,0,0,0.5),0 1px 10px 0 rgba(0,0,0,0.15); margin: 1px; max-width: 540px; min-width: 326px; padding: 0; width: calc(100% - 2px);\" data-instgrm-permalink=\"https:\/\/www.instagram.com\/p\/CMP2mp5qmaS\/?utm_source=ig_embed&amp;utm_campaign=loading\" data-instgrm-version=\"14\">\n<div style=\"padding: 16px;\">\n<p>&nbsp;<\/p>\n<div style=\"display: flex; flex-direction: row; align-items: center;\">\n<div style=\"background-color: #f4f4f4; border-radius: 50%; flex-grow: 0; height: 40px; margin-right: 14px; width: 40px;\"><\/div>\n<div style=\"display: flex; flex-direction: column; flex-grow: 1; justify-content: center;\">\n<div style=\"background-color: #f4f4f4; border-radius: 4px; flex-grow: 0; height: 14px; margin-bottom: 6px; width: 100px;\"><\/div>\n<div style=\"background-color: #f4f4f4; border-radius: 4px; flex-grow: 0; height: 14px; width: 60px;\"><\/div>\n<\/div>\n<\/div>\n<div style=\"padding: 19% 0;\"><\/div>\n<div style=\"display: block; height: 50px; margin: 0 auto 12px; width: 50px;\"><\/div>\n<div style=\"padding-top: 8px;\">\n<div style=\"color: #3897f0; font-family: Arial,sans-serif; font-size: 14px; font-style: normal; font-weight: 550; line-height: 18px;\">Mireu aquesta publicaci\u00f3 a Instagram<\/div>\n<\/div>\n<div style=\"padding: 12.5% 0;\"><\/div>\n<div style=\"display: flex; flex-direction: row; margin-bottom: 14px; align-items: center;\">\n<div>\n<div style=\"background-color: #f4f4f4; border-radius: 50%; height: 12.5px; width: 12.5px; transform: translateX(0px) translateY(7px);\"><\/div>\n<div style=\"background-color: #f4f4f4; height: 12.5px; transform: rotate(-45deg) translateX(3px) translateY(1px); width: 12.5px; flex-grow: 0; margin-right: 14px; margin-left: 2px;\"><\/div>\n<div style=\"background-color: #f4f4f4; border-radius: 50%; height: 12.5px; width: 12.5px; transform: translateX(9px) translateY(-18px);\"><\/div>\n<\/div>\n<div style=\"margin-left: 8px;\">\n<div style=\"background-color: #f4f4f4; border-radius: 50%; flex-grow: 0; height: 20px; width: 20px;\"><\/div>\n<div style=\"width: 0; height: 0; border-top: 2px solid transparent; border-left: 6px solid #f4f4f4; border-bottom: 2px solid transparent; transform: translateX(16px) translateY(-4px) rotate(30deg);\"><\/div>\n<\/div>\n<div style=\"margin-left: auto;\">\n<div style=\"width: 0px; border-top: 8px solid #F4F4F4; border-right: 8px solid transparent; transform: translateY(16px);\"><\/div>\n<div style=\"background-color: #f4f4f4; flex-grow: 0; height: 12px; width: 16px; transform: translateY(-4px);\"><\/div>\n<div style=\"width: 0; height: 0; border-top: 8px solid #F4F4F4; border-left: 8px solid transparent; transform: translateY(-4px) translateX(8px);\"><\/div>\n<\/div>\n<\/div>\n<div style=\"display: flex; flex-direction: column; flex-grow: 1; justify-content: center; margin-bottom: 24px;\">\n<div style=\"background-color: #f4f4f4; border-radius: 4px; flex-grow: 0; height: 14px; margin-bottom: 6px; width: 224px;\"><\/div>\n<div style=\"background-color: #f4f4f4; border-radius: 4px; flex-grow: 0; height: 14px; width: 144px;\"><\/div>\n<\/div>\n<p>&nbsp;<\/p>\n<p style=\"color: #c9c8cd; font-family: Arial,sans-serif; font-size: 14px; line-height: 17px; margin-bottom: 0; margin-top: 8px; overflow: hidden; padding: 8px 0 7px; text-align: center; text-overflow: ellipsis; white-space: nowrap;\"><a style=\"color: #c9c8cd; font-family: Arial,sans-serif; font-size: 14px; font-style: normal; font-weight: normal; line-height: 17px; text-decoration: none;\" href=\"https:\/\/www.instagram.com\/p\/CMP2mp5qmaS\/?utm_source=ig_embed&amp;utm_campaign=loading\" target=\"_blank\" rel=\"noopener\">Post compartit per Institut La Serreta (Rub\u00ed) (@inslaserreta)<\/a><\/p>\n<\/div>\n<\/blockquote>\n<p><script async src=\"\/\/www.instagram.com\/embed.js\"><\/script><\/p>\n<div style=\"width: 100%;\">\n<div><span style=\"color: #ffffff;\">.<\/span><\/div>\n<\/div>\n","protected":false},"excerpt":{"rendered":"<p>CARACTER\u00edSTIQUES \u00a0DEL \u00a0CENTRE<\/p>\n<ul>\n<li>Ajudem l&#8217;alumnat a desenvolupar-se en les diferents dimensions: acad\u00e8mica, social i personal.<\/li>\n<li>Comunicaci\u00f3 telem\u00e0tica entre les fam\u00edlies i el professorat\u00a0amb l&#8217;aplicaci\u00f3 <a href=\"https:\/\/www.ieduca.com\/que-es-ieduca\/\">iEduca<\/a>. Assist\u00e8ncia, horari, incid\u00e8ncies&#8230;<\/li>\n<li>Prioritzem l\u2019acompanyament en les transicions entre etapes educatives. Per aix\u00f2, projectem un acurat Pla d&#8217;Acollida per l&#8217;alumnat nou.<\/li>\n<li>Una educaci\u00f3&hellip;  <a href=\"https:\/\/agora.xtec.cat\/iesserreta\/portes-obertes\/\" title=\"Read PORTES OBERTES\">Llegeix m\u00e9s\u00bb<\/a><br \/>\n","protected":false},"author":15,"featured_media":0,"parent":0,"menu_order":0,"comment_status":"closed","ping_status":"closed","template":"","meta":{"_bbp_topic_count":0,"_bbp_reply_count":0,"_bbp_total_topic_count":0,"_bbp_total_reply_count":0,"_bbp_voice_count":0,"_bbp_anonymous_reply_count":0,"_bbp_topic_count_hidden":0,"_bbp_reply_count_hidden":0,"_bbp_forum_subforum_count":0,"footnotes":""},"class_list":["post-3887","page","type-page","status-publish","hentry"],"post_mailing_queue_ids":[],"_links":{"self":[{"href":"https:\/\/agora.xtec.cat\/iesserreta\/wp-json\/wp\/v2\/pages\/3887","targetHints":{"allow":["GET"]}}],"collection":[{"href":"https:\/\/agora.xtec.cat\/iesserreta\/wp-json\/wp\/v2\/pages"}],"about":[{"href":"https:\/\/agora.xtec.cat\/iesserreta\/wp-json\/wp\/v2\/types\/page"}],"author":[{"embeddable":true,"href":"https:\/\/agora.xtec.cat\/iesserreta\/wp-json\/wp\/v2\/users\/15"}],"replies":[{"embeddable":true,"href":"https:\/\/agora.xtec.cat\/iesserreta\/wp-json\/wp\/v2\/comments?post=3887"}],"version-history":[{"count":6,"href":"https:\/\/agora.xtec.cat\/iesserreta\/wp-json\/wp\/v2\/pages\/3887\/revisions"}],"predecessor-version":[{"id":6806,"href":"https:\/\/agora.xtec.cat\/iesserreta\/wp-json\/wp\/v2\/pages\/3887\/revisions\/6806"}],"wp:attachment":[{"href":"https:\/\/agora.xtec.cat\/iesserreta\/wp-json\/wp\/v2\/media?parent=3887"}],"curies":[{"name":"wp","href":"https:\/\/api.w.org\/{rel}","templated":true}]}}