{"id":2809,"date":"2021-02-06T16:45:55","date_gmt":"2021-02-06T15:45:55","guid":{"rendered":"https:\/\/agora.xtec.cat\/iesserreta\/?page_id=2809"},"modified":"2025-07-02T19:02:34","modified_gmt":"2025-07-02T17:02:34","slug":"afa","status":"publish","type":"page","link":"https:\/\/agora.xtec.cat\/iesserreta\/afa\/","title":{"rendered":"AFA"},"content":{"rendered":"<p><img loading=\"lazy\" decoding=\"async\" class=\"aligncenter wp-image-2831\" src=\"https:\/\/agora.xtec.cat\/iesserreta\/wp-content\/uploads\/usu2147\/2021\/02\/Foto-AFA-1024x529.jpg\" alt=\"\" width=\"624\" height=\"322\" srcset=\"https:\/\/agora.xtec.cat\/iesserreta\/wp-content\/uploads\/usu2147\/2021\/02\/Foto-AFA-1024x529.jpg 1024w, https:\/\/agora.xtec.cat\/iesserreta\/wp-content\/uploads\/usu2147\/2021\/02\/Foto-AFA-300x155.jpg 300w, https:\/\/agora.xtec.cat\/iesserreta\/wp-content\/uploads\/usu2147\/2021\/02\/Foto-AFA-768x397.jpg 768w, https:\/\/agora.xtec.cat\/iesserreta\/wp-content\/uploads\/usu2147\/2021\/02\/Foto-AFA.jpg 1600w\" sizes=\"auto, (max-width: 624px) 100vw, 624px\" \/><\/p>\n<p><span style=\"font-family: Arial, serif;\"><span style=\"font-size: large;\"><span lang=\"ca-ES\"><span style=\"color: #000000;\">Aneu <a href=\"https:\/\/agora.xtec.cat\/iesserreta\/afa\/#info\">avall de tot<\/a> per veure els <strong>darrers butlletins<\/strong> i informacions.<\/span><\/span><\/span><\/span><\/p>\n<h1>Qui som?<\/h1>\n<p><span style=\"font-family: Arial, serif;\"><span style=\"font-size: large;\"><span lang=\"ca-ES\"><span style=\"color: #000000;\">L\u2019AFA \u00e9s l\u2019Associaci\u00f3 de Fam\u00edlies de l\u2019Alumnat. Som una part integrant de la comunitat educativa: la implicaci\u00f3 directa de les fam\u00edlies a l\u2019institut garanteix una millora en la qualitat de l\u2019educaci\u00f3 i el benestar dels nostres fills i filles.<\/span><\/span><\/span><\/span><\/p>\n<h1>Qu\u00e8 fem?<\/h1>\n<ul>\n<li><span style=\"font-family: Arial, serif;\"><span style=\"font-size: large;\"><span lang=\"ca-ES\"><span style=\"color: #000000;\">Participem i col\u00b7laborem amb l\u2019institut segons les necessitats del centre i de l\u2019alumnat<\/span><\/span><\/span><\/span><\/li>\n<li><span style=\"font-family: Arial, serif;\"><span style=\"font-size: large;\"><span lang=\"ca-ES\"><span style=\"color: #000000;\">Organitzem activitats que reforcen el vincle entre la comunitat educativa: alumnat, fam\u00edlies i equip docent<\/span><\/span><\/span><\/span><\/li>\n<li><span style=\"font-family: Arial, serif;\"><span style=\"font-size: large;\"><span lang=\"ca-ES\"><span style=\"color: #000000;\">Pr\u00e9stec de llibres de lectura: gestionem un servei gratu\u00eft de pr\u00e9stec de llibres de les lectures obligat\u00f2ries que proposa l\u2019institut<\/span><\/span><\/span><\/span><\/li>\n<li><span style=\"font-family: Arial, serif;\"><span style=\"font-size: large;\"><span lang=\"ca-ES\"><span style=\"color: #000000;\">Extraescolars<\/span><\/span><\/span><\/span><\/li>\n<li><span style=\"font-family: Arial, serif;\"><span style=\"font-size: large;\"><span lang=\"ca-ES\"><span style=\"color: #000000;\">Promoci\u00f3 d\u2019activitats solid\u00e0ries<\/span><\/span><\/span><\/span><\/li>\n<li><span style=\"font-family: Arial, serif;\"><span style=\"font-size: large;\"><span lang=\"ca-ES\"><span style=\"color: #000000;\">Adquisici\u00f3 de material complementari per a les activitats i estona d\u2019esbarjo dels alumnes<\/span><\/span><\/span><\/span><\/li>\n<li><span style=\"font-family: Arial, serif;\"><span style=\"font-size: large;\"><span lang=\"ca-ES\"><span style=\"color: #000000;\">Tenim representaci\u00f3 al Consell Escolar<\/span><\/span><\/span><\/span><\/li>\n<li><span style=\"font-family: Arial, serif;\"><span style=\"font-size: large;\"><span lang=\"ca-ES\"><span style=\"color: #000000;\">Ens coordinem amb les altres AFAs de secund\u00e0ria de Rub\u00ed<\/span><\/span><\/span><\/span><\/li>\n<\/ul>\n<header class=\"entry-header\">\n<h1 class=\"entry-title\">Com ens organitzem?<\/h1>\n<\/header>\n<div class=\"entry-content\">\n<p><span style=\"font-family: Arial, serif;\"><span style=\"font-size: large;\"><span lang=\"ca-ES\"><span style=\"color: #000000;\">Per funcionar de manera \u00e0gil i pr\u00e0ctica, l\u2019AFA ens organitzem per comissions, que s\u00f3n grups de persones que treballem un aspecte concret per despr\u00e9s posar-nos d\u2019acord amb la resta de l\u2019equip a les reunions mensuals. Actualment l\u2019AFA consta de les seg\u00fcents comissions:\u00a0<\/span><\/span><\/span><\/span><\/p>\n<ul>\n<li><span style=\"font-family: Arial, serif;\"><span style=\"font-size: large;\"><span lang=\"ca-ES\"><span style=\"color: #000000;\">Comissi\u00f3 d\u2019extraescolars<\/span><\/span><\/span><\/span><\/li>\n<li><span style=\"font-family: Arial, serif;\"><span style=\"font-size: large;\"><span lang=\"ca-ES\"><span style=\"color: #000000;\">Comissi\u00f3 de festes<\/span><\/span><\/span><\/span><\/li>\n<li><span style=\"font-family: Arial, serif;\"><span style=\"font-size: large;\"><span lang=\"ca-ES\"><span style=\"color: #000000;\">Comissi\u00f3 de pr\u00e9stec de llibres de lectura\u00a0\u00a0<\/span><\/span><\/span><\/span><\/li>\n<li><span style=\"font-family: Arial, serif;\"><span style=\"font-size: large;\"><span lang=\"ca-ES\"><span style=\"color: #000000;\">Comissi\u00f3 solid\u00e0ria <\/span><\/span><\/span><\/span><\/li>\n<li><span style=\"font-family: Arial, serif;\"><span style=\"font-size: large;\"><span lang=\"ca-ES\"><span style=\"color: #000000;\">Comissi\u00f3 de millora cont\u00ednua<\/span><\/span><\/span><\/span><\/li>\n<li><span style=\"font-family: Arial, serif;\"><span style=\"font-size: large;\"><span lang=\"ca-ES\"><span style=\"color: #000000;\">Comissi\u00f3 de comunicaci\u00f3 i tecnologies<\/span><\/span><\/span><\/span><\/li>\n<li><span style=\"font-family: Arial, serif;\"><span style=\"font-size: large;\"><span lang=\"ca-ES\"><span style=\"color: #000000;\">Comissi\u00f3 de salut<\/span><\/span><\/span><\/span><\/li>\n<\/ul>\n<p><span style=\"font-family: Arial, serif;\"><span style=\"font-size: large;\"><span lang=\"ca-ES\"><span style=\"color: #000000;\">Segons les necessitats de la comunitat educativa, poden sorgir noves comissions.\u00a0<\/span><\/span><\/span><\/span><\/p>\n<h1 class=\"entry-title\"><strong>Com fer-se fam\u00edlia s\u00f2cia de l\u2019AFA?<span style=\"font-size: 24pt;\"> \/ Renovaci\u00f3<\/span><\/strong><\/h1>\n<p><strong>Alumnat de continu\u00eftat (alumnat que ja ha estat a La Serreta durant el curs 24-25):<\/strong><\/p>\n<\/div>\n<ol>\n<li style=\"list-style-type: none;\">\n<ol>\n<li>Pagar la quota de 20 \u20ac per fam\u00edlia (no per alumne\/a!). A trav\u00e9s de la petici\u00f3 de pagament que us far\u00e0 l\u2019app d\u2019IEDUCA.<\/li>\n<li>Omplir <a href=\"https:\/\/docs.google.com\/forms\/d\/e\/1FAIpQLSeLObtrG4UIAaHGcw4lWQ6UWFRmbTw59dzDJeWcS7MaMC7WTw\/viewform?usp=header\">el formulari<\/a>\u00a0per enviar les vostres dades.<br \/>\n<em>Data l\u00edmit: <strong>22 de setembre de 2025.<\/strong><\/em><\/li>\n<\/ol>\n<\/li>\n<\/ol>\n<p><strong>Alumnat nou a l&#8217;Institut:<\/strong><\/p>\n<div class=\"entry-content\">\n<p style=\"padding-left: 40px;\"><strong>1. Pagar la quota de 20 \u20ac per fam\u00edlia (no per alumne\/a!).<\/strong><br \/>\nPagament per transfer\u00e8ncia banc\u00e0ria: Banc de Sabadell<br \/>\nES43 0081 0347 730001246035 (Atenci\u00f3! \u00e9s un n\u00famero de CC diferent al de l\u2019Institut).<br \/>\nPagament per caixer autom\u00e0tic: Banc Sabadell. Codi: 144326<\/p>\n<p style=\"padding-left: 40px;\"><strong>CONCEPTE:<\/strong> NOM, COGNOMS i CURS <strong><span style=\"text-decoration: underline;\">DE TOTS<\/span> ELS FILLS\/ES<\/strong> ESCOLARITZATS A LA SERRETA <span style=\"text-decoration: underline;\"><strong>DURANT EL CURS 25-26<\/strong><\/span> (p.e. Manel Vila P\u00e9rez 1ESO \/ Manel i Maria Vila P\u00e9rez 1ESO i 3ESO).<br \/>\n<strong>2. Omplir <a href=\"https:\/\/docs.google.com\/forms\/d\/e\/1FAIpQLSeLObtrG4UIAaHGcw4lWQ6UWFRmbTw59dzDJeWcS7MaMC7WTw\/viewform?usp=header\">el formulari<\/a>\u00a0per enviar les vostres dades.<\/strong><br \/>\n<strong>3. Enviar el comprovant de pagament a <a href=\"mailto:afa@serreta.cat\">afa@serreta.cat<\/a> o deixar-lo a la b\u00fastia de l&#8217;entrada de l&#8217;Institut.<\/strong><\/p>\n<p><em>Data l\u00edmit per fer-se fam\u00edlia s\u00f2cia: <strong>22 de setembre de 2025.<\/strong><\/em><\/p>\n<p><strong>I\u2026 per qu\u00e8 fer-se de l\u2019AFA?<\/strong><br \/>\n\u25cf Pr\u00e9stec gratu\u00eft de les lectures obligat\u00f2ries de catal\u00e0 i castell\u00e0<br \/>\n\u25cf Descomptes a sortides curriculars<br \/>\n\u25cf Invertim en millores de l\u2019Institut en benefici de tot l\u2019alumnat<br \/>\n\u25cf Obsequi per fam\u00edlia<br \/>\n\u25cf Perqu\u00e8 \u201cfer\u201d comunitat educativa \u00e9s bo per als alumnes, el professorat i les fam\u00edlies<\/p>\n<p>En fer-se fam\u00edlia s\u00f2cia s\u2019accepten les seg\u00fcents normes i condicions:<br \/>\n\u25cf No s\u2019acceptaran pagaments posteriors al 22 de setembre de 2025.<br \/>\n\u25cf No s\u2019acceptaran devolucions de la quota per baixa del centre.<br \/>\n\u25cf En cas de pagaments erronis, la fam\u00edlia ha d\u2019assumir el cost de la transfer\u00e8ncia banc\u00e0ria per poder retornar els diners.<br \/>\n\u25cf Cal tornar els llibres prestats quan indiqui el professorat. En cas de p\u00e8rdua, mal estat o no retorn del llibre la fam\u00edlia haur\u00e0 de comprar-ne un de nou o abonar el seu cost al CC de l\u2019AFA.<br \/>\n\u25cf<strong><span style=\"text-decoration: underline;\"> \u00c9s molt important<\/span> posar b\u00e9 el concepte a l\u2019ingr\u00e9s bancari. Si no s\u2019indica correctament el nom dels fills\/es i el curs que faran no assegurem poder incloure l\u2019alumnat en el pr\u00e9stec dels llibres o en el descompte de les sortides.<\/strong><\/p>\n<h1 class=\"entry-title\">Contacte<\/h1>\n<p><span style=\"font-family: Arial, serif;\"><span style=\"font-size: large;\"><span lang=\"ca-ES\"><span style=\"color: #000000;\">El correu de contacte \u00e9s\u00a0<\/span><\/span><\/span><\/span><span style=\"color: #0000ff;\"><span style=\"font-family: Arial, serif;\"><span style=\"font-size: large;\"><span lang=\"ca-ES\"><u><a href=\"mailto:afa@serreta.cat\" target=\"_blank\" rel=\"noopener noreferrer\">afa@serreta.cat<\/a><\/u><\/span><\/span><\/span><\/span><\/p>\n<p><span style=\"font-family: Arial, serif;\"><span style=\"font-size: large;\"><span lang=\"ca-ES\"><span style=\"color: #000000;\">A l\u2019Instagram de l\u2019Institut tamb\u00e9 trobareu publicacions relacionades amb l\u2019AFA.<\/span><\/span><\/span><\/span><\/p>\n<hr \/>\n<h1 class=\"entry-title\">BUTLLETINS DE NOT\u00cdCIES I ALTRES INFORMACIONS<\/h1>\n<ul>\n<li><span style=\"font-size: 14pt;\"><a href=\"https:\/\/agora.xtec.cat\/iesserreta\/wp-content\/uploads\/usu2147\/2024\/11\/ASSEMBLEA-AFA-23-OCTUBRE-24-25.pdf\">Presentaci\u00f3 Assemblea del 23 d&#8217;octubre de 2024<\/a>.<\/span><\/li>\n<li><span style=\"font-size: 14pt;\"><a href=\"https:\/\/drive.google.com\/file\/d\/1v6ryvbMMOoWqXdTJmKNEYybCYMwAbnSB\/view\">Balan\u00e7 econ\u00f2mic aprovat Assemblea 23\/10\/2024<\/a>.<\/span><\/li>\n<li><span style=\"font-size: 14pt;\"><a href=\"https:\/\/drive.google.com\/file\/d\/1dlXdaVq58ZUPksq9-45xJKu3L0bDzPG_\/view?usp=share_link\">Presentaci\u00f3 del 26 de novembre del 2022<\/a>: informaci\u00f3 general per a les fam\u00edlies, pressupostos, comissions&#8230;<\/span><\/li>\n<\/ul>\n<p><span style=\"font-family: Arial, serif;\"><span style=\"font-size: large;\"><span lang=\"ca-ES\"><span style=\"color: #000000;\">Descarrega els <strong>darrers butlletins de not\u00edcies:<\/strong><\/span><\/span><\/span><\/span><\/p>\n<figure class=\"figure wp-caption alignleft\"><a href=\"https:\/\/agora.xtec.cat\/iesserreta\/wp-content\/uploads\/usu2147\/2024\/03\/Noticies-AFA-LS-Febrer-24.pdf\"><img loading=\"lazy\" decoding=\"async\" class=\"wp-image-4301 size-medium\" src=\"https:\/\/agora.xtec.cat\/iesserreta\/wp-content\/uploads\/usu2147\/2024\/03\/butlleti-afa-la-serreta-febrer-2024.jpg\" alt=\"\" width=\"212\" height=\"300\" \/><\/a><figcaption class=\"wp-caption-text\"><span style=\"font-size: 14pt;\"><a href=\"https:\/\/agora.xtec.cat\/iesserreta\/wp-content\/uploads\/usu2147\/2024\/03\/Noticies-AFA-LS-Febrer-24.pdf\" target=\"_blank\" rel=\"noopener\">Febrer 2024<\/a><\/span><\/figcaption><\/figure>\n<figure class=\"figure wp-caption alignleft\"><a href=\"https:\/\/agora.xtec.cat\/iesserreta\/wp-content\/uploads\/usu2147\/2023\/07\/Noticies-AFA-LS-Febrer-23.pdf\"><img loading=\"lazy\" decoding=\"async\" class=\"wp-image-4301 size-medium\" src=\"https:\/\/agora.xtec.cat\/iesserreta\/wp-content\/uploads\/usu2147\/2023\/07\/afa-febrer-2023.jpg\" alt=\"\" width=\"212\" height=\"300\" \/><\/a><figcaption class=\"wp-caption-text\"><span style=\"font-size: 14pt;\"><a href=\"https:\/\/agora.xtec.cat\/iesserreta\/wp-content\/uploads\/usu2147\/2023\/07\/Noticies-AFA-LS-Febrer-23.pdf\" target=\"_blank\" rel=\"noopener\">Febrer 2023<\/a><\/span><\/figcaption><\/figure>\n<figure class=\"figure wp-caption alignleft\"><a href=\"https:\/\/agora.xtec.cat\/iesserreta\/wp-content\/uploads\/usu2147\/2022\/05\/Butlleti-AFA-Serreta-Maig-2022.pdf\"><img loading=\"lazy\" decoding=\"async\" class=\"wp-image-4301 size-medium\" src=\"https:\/\/agora.xtec.cat\/iesserreta\/wp-content\/uploads\/usu2147\/2022\/05\/Butlleti-AFA-Serreta-Maig-2022-212x300.jpg\" alt=\"\" width=\"212\" height=\"300\" srcset=\"https:\/\/agora.xtec.cat\/iesserreta\/wp-content\/uploads\/usu2147\/2022\/05\/Butlleti-AFA-Serreta-Maig-2022-212x300.jpg 212w, https:\/\/agora.xtec.cat\/iesserreta\/wp-content\/uploads\/usu2147\/2022\/05\/Butlleti-AFA-Serreta-Maig-2022-1414x2000.jpg 1414w, https:\/\/agora.xtec.cat\/iesserreta\/wp-content\/uploads\/usu2147\/2022\/05\/Butlleti-AFA-Serreta-Maig-2022-768x1086.jpg 768w, https:\/\/agora.xtec.cat\/iesserreta\/wp-content\/uploads\/usu2147\/2022\/05\/Butlleti-AFA-Serreta-Maig-2022-1086x1536.jpg 1086w, https:\/\/agora.xtec.cat\/iesserreta\/wp-content\/uploads\/usu2147\/2022\/05\/Butlleti-AFA-Serreta-Maig-2022-1448x2048.jpg 1448w, https:\/\/agora.xtec.cat\/iesserreta\/wp-content\/uploads\/usu2147\/2022\/05\/Butlleti-AFA-Serreta-Maig-2022-scaled.jpg 1810w\" sizes=\"auto, (max-width: 212px) 100vw, 212px\" \/><\/a><figcaption class=\"wp-caption-text\"><span style=\"font-size: 14pt;\"><a href=\"https:\/\/agora.xtec.cat\/iesserreta\/wp-content\/uploads\/usu2147\/2022\/05\/Butlleti-AFA-Serreta-Maig-2022.pdf\" target=\"_blank\" rel=\"noopener\">MAIG 2022<\/a><\/span><\/figcaption><\/figure>\n<figure class=\"figure wp-caption alignleft\"><a href=\"https:\/\/agora.xtec.cat\/iesserreta\/wp-content\/uploads\/usu2147\/2021\/11\/Noticies-AFA-oct-2021.pdf\"><img loading=\"lazy\" decoding=\"async\" class=\"wp-image-3762\" src=\"https:\/\/agora.xtec.cat\/iesserreta\/wp-content\/uploads\/usu2147\/2021\/11\/AFA-BUTLLETI-OCTUBRE-2021.png\" alt=\"\" width=\"197\" height=\"295\" srcset=\"https:\/\/agora.xtec.cat\/iesserreta\/wp-content\/uploads\/usu2147\/2021\/11\/AFA-BUTLLETI-OCTUBRE-2021.png 613w, https:\/\/agora.xtec.cat\/iesserreta\/wp-content\/uploads\/usu2147\/2021\/11\/AFA-BUTLLETI-OCTUBRE-2021-200x300.png 200w\" sizes=\"auto, (max-width: 197px) 100vw, 197px\" \/><\/a><figcaption class=\"wp-caption-text\"><span style=\"font-size: 14pt;\"><a href=\"https:\/\/agora.xtec.cat\/iesserreta\/wp-content\/uploads\/usu2147\/2021\/11\/Noticies-AFA-oct-2021.pdf\" target=\"_blank\" rel=\"noopener\">OCTUBRE 2021<\/a><\/span><\/figcaption><\/figure>\n<p>&nbsp;<\/p>\n<\/div>\n<hr \/>\n","protected":false},"excerpt":{"rendered":"<p>Aneu <a href=\"https:\/\/agora.xtec.cat\/iesserreta\/afa\/#info\">avall de tot<\/a> per veure els darrers butlletins i informacions.<br \/>\nQui som?<br \/>\nL\u2019AFA \u00e9s l\u2019Associaci\u00f3 de Fam\u00edlies de l\u2019Alumnat. Som una part integrant de la comunitat educativa: la implicaci\u00f3 directa de les fam\u00edlies a l\u2019institut garanteix una millora en la qualitat de l\u2019educaci\u00f3 i el&hellip;  <a href=\"https:\/\/agora.xtec.cat\/iesserreta\/afa\/\" title=\"Read AFA\">Llegeix m\u00e9s\u00bb<\/a><\/p>\n","protected":false},"author":4,"featured_media":0,"parent":0,"menu_order":0,"comment_status":"closed","ping_status":"closed","template":"","meta":{"_bbp_topic_count":0,"_bbp_reply_count":0,"_bbp_total_topic_count":0,"_bbp_total_reply_count":0,"_bbp_voice_count":0,"_bbp_anonymous_reply_count":0,"_bbp_topic_count_hidden":0,"_bbp_reply_count_hidden":0,"_bbp_forum_subforum_count":0,"footnotes":""},"class_list":["post-2809","page","type-page","status-publish","hentry"],"post_mailing_queue_ids":[],"_links":{"self":[{"href":"https:\/\/agora.xtec.cat\/iesserreta\/wp-json\/wp\/v2\/pages\/2809","targetHints":{"allow":["GET"]}}],"collection":[{"href":"https:\/\/agora.xtec.cat\/iesserreta\/wp-json\/wp\/v2\/pages"}],"about":[{"href":"https:\/\/agora.xtec.cat\/iesserreta\/wp-json\/wp\/v2\/types\/page"}],"author":[{"embeddable":true,"href":"https:\/\/agora.xtec.cat\/iesserreta\/wp-json\/wp\/v2\/users\/4"}],"replies":[{"embeddable":true,"href":"https:\/\/agora.xtec.cat\/iesserreta\/wp-json\/wp\/v2\/comments?post=2809"}],"version-history":[{"count":7,"href":"https:\/\/agora.xtec.cat\/iesserreta\/wp-json\/wp\/v2\/pages\/2809\/revisions"}],"predecessor-version":[{"id":6475,"href":"https:\/\/agora.xtec.cat\/iesserreta\/wp-json\/wp\/v2\/pages\/2809\/revisions\/6475"}],"wp:attachment":[{"href":"https:\/\/agora.xtec.cat\/iesserreta\/wp-json\/wp\/v2\/media?parent=2809"}],"curies":[{"name":"wp","href":"https:\/\/api.w.org\/{rel}","templated":true}]}}