{"id":1652,"date":"2020-04-25T20:35:00","date_gmt":"2020-04-25T18:35:00","guid":{"rendered":"https:\/\/agora.xtec.cat\/iesserreta\/?page_id=1652"},"modified":"2021-05-09T19:46:34","modified_gmt":"2021-05-09T17:46:34","slug":"cr-av-btx1","status":"publish","type":"page","link":"https:\/\/agora.xtec.cat\/iesserreta\/cr-av-btx1\/","title":{"rendered":"Criteris Avaluaci\u00f3 1r Batxillerat"},"content":{"rendered":"<ul>\n<li><a href=\"https:\/\/agora.xtec.cat\/iesserreta\/wp-content\/uploads\/usu2147\/2021\/05\/ca_btx_mc_1btx_depcn_v2.8.pdf\" target=\"_blank\" rel=\"noopener noreferrer\">Biologia, F\u00edsica, Qu\u00edmica i Ci\u00e8ncies per al M\u00f3n Contemporani<\/a><\/li>\n<li><a href=\"https:\/\/agora.xtec.cat\/iesserreta\/wp-content\/uploads\/usu2147\/2021\/05\/ca_btx_mcaud-1r-btx_20_21_depVIP_v2.3.pdf\" target=\"_blank\" rel=\"noopener noreferrer\">Cultura Audiovisual<\/a><\/li>\n<li><a href=\"https:\/\/agora.xtec.cat\/iesserreta\/wp-content\/uploads\/usu2147\/2020\/04\/CA-Dib-art\u00edstic-1r-btx.pdf\" target=\"_blank\" rel=\"noopener noreferrer\">Dibuix Art\u00edstic<\/a><\/li>\n<li><a href=\"https:\/\/agora.xtec.cat\/iesserreta\/wp-content\/uploads\/usu2147\/2021\/05\/Criteris-d_avaluaci\u00f3-EF-1r-Batxillerat-v4.0.doc-1.pdf\" target=\"_blank\" rel=\"noopener noreferrer\">Educaci\u00f3 F\u00edsica<\/a><\/li>\n<li><a href=\"https:\/\/agora.xtec.cat\/iesserreta\/wp-content\/uploads\/usu2147\/2021\/05\/ca_btx_m1fonart1_1rbatx_depvip_v2.1.pdf\" target=\"_blank\" rel=\"noopener noreferrer\">Hist\u00f2ria i Fonaments de l&#8217;Art<\/a><\/li>\n<li><a href=\"https:\/\/agora.xtec.cat\/iesserreta\/wp-content\/uploads\/usu2147\/2021\/05\/ca_btx_mlct_1btx_deplct_2021.docx.pdf\" target=\"_blank\" rel=\"noopener noreferrer\">Llengua Catalana i Literatura<\/a><\/li>\n<li><a href=\"https:\/\/agora.xtec.cat\/iesserreta\/wp-content\/uploads\/usu2147\/2021\/05\/ca_btx_mma_1btxct_depma_2021_v2.1.pdf\" target=\"_blank\" rel=\"noopener noreferrer\">Matem\u00e0tiques<\/a><\/li>\n<li><a href=\"https:\/\/agora.xtec.cat\/iesserreta\/wp-content\/uploads\/usu2147\/2021\/05\/ca_btx_mma_1btxcs_depma_2021_v2.1.pdf\" target=\"_blank\" rel=\"noopener noreferrer\">Matem\u00e0tiques per Ci\u00e8ncies Socials<\/a><\/li>\n<li><a href=\"https:\/\/agora.xtec.cat\/iesserreta\/wp-content\/uploads\/usu2147\/2021\/05\/CRITERIOS-BAT-2020-2021.docx-1.pdf\" target=\"_blank\" rel=\"noopener noreferrer\">Llengua Castellana i Literatura<\/a>.<\/li>\n<li><a href=\"https:\/\/agora.xtec.cat\/iesserreta\/wp-content\/uploads\/usu2147\/2021\/05\/ca_btx_m1tind_btx_deptec_v2.1.pdf\" target=\"_blank\" rel=\"noopener noreferrer\">Tecnologia<\/a><\/li>\n<\/ul>\n","protected":false},"excerpt":{"rendered":"<ul>\n<li><a href=\"https:\/\/agora.xtec.cat\/iesserreta\/wp-content\/uploads\/usu2147\/2021\/05\/ca_btx_mc_1btx_depcn_v2.8.pdf\" target=\"_blank\" rel=\"noopener noreferrer\">Biologia, F\u00edsica, Qu\u00edmica i Ci\u00e8ncies per al M\u00f3n Contemporani<\/a><\/li>\n<li><a href=\"https:\/\/agora.xtec.cat\/iesserreta\/wp-content\/uploads\/usu2147\/2021\/05\/ca_btx_mcaud-1r-btx_20_21_depVIP_v2.3.pdf\" target=\"_blank\" rel=\"noopener noreferrer\">Cultura Audiovisual<\/a><\/li>\n<li><a href=\"https:\/\/agora.xtec.cat\/iesserreta\/wp-content\/uploads\/usu2147\/2020\/04\/CA-Dib-art\u00edstic-1r-btx.pdf\" target=\"_blank\" rel=\"noopener noreferrer\">Dibuix Art\u00edstic<\/a><\/li>\n<li><a href=\"https:\/\/agora.xtec.cat\/iesserreta\/wp-content\/uploads\/usu2147\/2021\/05\/Criteris-d_avaluaci\u00f3-EF-1r-Batxillerat-v4.0.doc-1.pdf\" target=\"_blank\" rel=\"noopener noreferrer\">Educaci\u00f3 F\u00edsica<\/a><\/li>\n<li><a href=\"https:\/\/agora.xtec.cat\/iesserreta\/wp-content\/uploads\/usu2147\/2021\/05\/ca_btx_m1fonart1_1rbatx_depvip_v2.1.pdf\" target=\"_blank\" rel=\"noopener noreferrer\">Hist\u00f2ria i Fonaments de l&#8217;Art<\/a><\/li>\n<li><a href=\"https:\/\/agora.xtec.cat\/iesserreta\/wp-content\/uploads\/usu2147\/2021\/05\/ca_btx_mlct_1btx_deplct_2021.docx.pdf\" target=\"_blank\" rel=\"noopener noreferrer\">Llengua Catalana i Literatura<\/a><\/li>\n<li><a href=\"https:\/\/agora.xtec.cat\/iesserreta\/wp-content\/uploads\/usu2147\/2021\/05\/ca_btx_mma_1btxct_depma_2021_v2.1.pdf\" target=\"_blank\"&hellip;  <a href=\"https:\/\/agora.xtec.cat\/iesserreta\/cr-av-btx1\/\" title=\"Read Criteris Avaluaci\u00f3 1r Batxillerat\">Llegeix m\u00e9s\u00bb<\/a><br \/>\n","protected":false},"author":3,"featured_media":0,"parent":0,"menu_order":0,"comment_status":"closed","ping_status":"closed","template":"","meta":{"_bbp_topic_count":0,"_bbp_reply_count":0,"_bbp_total_topic_count":0,"_bbp_total_reply_count":0,"_bbp_voice_count":0,"_bbp_anonymous_reply_count":0,"_bbp_topic_count_hidden":0,"_bbp_reply_count_hidden":0,"_bbp_forum_subforum_count":0,"footnotes":""},"class_list":["post-1652","page","type-page","status-publish","hentry"],"post_mailing_queue_ids":[],"_links":{"self":[{"href":"https:\/\/agora.xtec.cat\/iesserreta\/wp-json\/wp\/v2\/pages\/1652","targetHints":{"allow":["GET"]}}],"collection":[{"href":"https:\/\/agora.xtec.cat\/iesserreta\/wp-json\/wp\/v2\/pages"}],"about":[{"href":"https:\/\/agora.xtec.cat\/iesserreta\/wp-json\/wp\/v2\/types\/page"}],"author":[{"embeddable":true,"href":"https:\/\/agora.xtec.cat\/iesserreta\/wp-json\/wp\/v2\/users\/3"}],"replies":[{"embeddable":true,"href":"https:\/\/agora.xtec.cat\/iesserreta\/wp-json\/wp\/v2\/comments?post=1652"}],"version-history":[{"count":4,"href":"https:\/\/agora.xtec.cat\/iesserreta\/wp-json\/wp\/v2\/pages\/1652\/revisions"}],"predecessor-version":[{"id":3088,"href":"https:\/\/agora.xtec.cat\/iesserreta\/wp-json\/wp\/v2\/pages\/1652\/revisions\/3088"}],"wp:attachment":[{"href":"https:\/\/agora.xtec.cat\/iesserreta\/wp-json\/wp\/v2\/media?parent=1652"}],"curies":[{"name":"wp","href":"https:\/\/api.w.org\/{rel}","templated":true}]}}