{"id":1007,"date":"2020-04-13T11:38:26","date_gmt":"2020-04-13T09:38:26","guid":{"rendered":"https:\/\/agora.xtec.cat\/iesserreta\/?page_id=1007"},"modified":"2025-02-17T09:01:03","modified_gmt":"2025-02-17T08:01:03","slug":"pec-documentacio-qualitat","status":"publish","type":"page","link":"https:\/\/agora.xtec.cat\/iesserreta\/pec-documentacio-qualitat\/","title":{"rendered":"Projecte Educatiu, Documentaci\u00f3 Estrat\u00e8gica, Pol\u00edtica de Qualitat"},"content":{"rendered":"<ul>\n<li style=\"text-align: justify;\"><span style=\"font-size: 14pt;\"><a href=\"https:\/\/agora.xtec.cat\/iesserreta\/wp-content\/uploads\/usu2147\/2021\/05\/PROJECTE_EDUCATIU_DE_CENTRE.pdf\" target=\"_blank\" rel=\"noopener noreferrer\">Projecte Educatiu de Centre<\/a> <em>(en revisi\u00f3)<\/em><\/span><br \/>\n<span style=\"font-size: 14pt;\"><em>El projecte educatiu de centre (PEC) \u00e9s un document que inclou els trets d\u2019identitat del centre, els principis pedag\u00f2gics, els principis organitzatius i el projecte ling\u00fc\u00edstic. En aquest document s\u2019especifiquen els valors, els objectius i les prioritats d\u2019actuaci\u00f3 del centre, la concreci\u00f3 dels curr\u00edculums que s\u2019imparteixen i el tractament transversal en les \u00e0rees, mat\u00e8ries o m\u00f2duls de l\u2019educaci\u00f3 en valors i altres ensenyaments.<\/em><\/span><\/li>\n<li style=\"text-align: justify;\"><span style=\"font-size: 14pt;\"><a href=\"https:\/\/agora.xtec.cat\/iesserreta\/wp-content\/uploads\/usu2147\/2023\/04\/Projecte-Direccio-2022_26.pdf\" target=\"_blank\" rel=\"noopener noreferrer\">Projecte de Direcci\u00f3 2022-26<\/a><\/span><br \/>\n<span style=\"font-size: 14pt;\"><em>El projecte de direcci\u00f3 \u00e9s un document b\u00e0sic de gesti\u00f3 del centre docent i un instrument de la seva autonomia: en desplega el projecte educatiu, en quantifica i temporitza les millores i en vincula l&#8217;acci\u00f3 dels \u00f2rgans unipersonals i col\u00b7legiats.<\/em><\/span><\/li>\n<li style=\"text-align: justify;\"><span style=\"font-size: 14pt;\">Projecte Ling\u00fc\u00edstic <em>(en revisi\u00f3)<\/em><\/span><br \/>\n<span style=\"font-size: 14pt;\"><em>El projecte ling\u00fc\u00edstic \u00e9s el document que recull els aspectes relatius a l&#8217;ensenyament i a l&#8217;\u00fas de les lleng\u00fces en el centre educatiu. En aquest document queden definits el tractament de la llengua catalana com a llengua vehicular i d&#8217;aprenentatge, el proc\u00e9s d&#8217;ensenyament i aprenentatge de la llengua castellana, les diferents opcions amb refer\u00e8ncia a les lleng\u00fces estrangeres i els criteris generals per a les adequacions de les lleng\u00fces a la realitat socioling\u00fc\u00edstica del centre.<\/em><\/span><\/li>\n<li style=\"text-align: justify;\"><span style=\"font-size: 14pt;\"><a href=\"https:\/\/agora.xtec.cat\/iesserreta\/wp-content\/uploads\/usu2147\/2020\/04\/nofc_v2.0-1.pdf\" target=\"_blank\" rel=\"noopener noreferrer\">Normes Organitzaci\u00f3 i Funcionament del Centre<\/a> (<em>NOFC<\/em>) <em>(en revisi\u00f3)<\/em><\/span><br \/>\n<span style=\"font-size: 14pt;\"><em><em>Els centres determinen les seves Normes d\u2019Organitzaci\u00f3 i Funcionament (NOFC) que recullen el conjunt d\u2019acords i decisions d\u2019organitzaci\u00f3 i de funcionament que s\u2019hi adopten per fer possible, en el dia a dia, el treball educatiu i de gesti\u00f3 que permet assolir els objectius proposats en el Projecte Educatiu del Centre.<\/em><\/em><\/span><\/li>\n<li><span style=\"font-size: 14pt;\"><a href=\"https:\/\/sites.google.com\/xtec.cat\/edclaserreta\/p%C3%A0gina-principal\">Estrat\u00e8gia Digital de Centre<\/a><\/span><br \/>\n<span style=\"font-size: 14pt;\"><em>Defineix i concreta les l\u00ednies d&#8217;actuaci\u00f3 d&#8217;un centre que fan possible que docents, alumnat i centre assoleixin la compet\u00e8ncia digital. Per aconseguir aquesta compet\u00e8ncia digital, l&#8217;EDC compr\u00e8n tots els \u00e0mbits del centre: organitzatius, metodol\u00f2gics, curriculars i comunicatius, els quals s&#8217;han de veure necess\u00e0riament implicats i, si escau, transformats, des d\u2019una perspectiva d&#8217;innovaci\u00f3 i de millora cont\u00ednua.<\/em><\/span><\/li>\n<\/ul>\n<h1>Pol\u00edtica de qualitat<a id=\"ISO\"><\/a><\/h1>\n<p><img loading=\"lazy\" decoding=\"async\" class=\"alignright wp-image-5695\" src=\"https:\/\/agora.xtec.cat\/iesserreta\/wp-content\/uploads\/usu2147\/2024\/03\/applus-iso-9001-institut-la-serreta.png\" alt=\"\" width=\"209\" height=\"320\" srcset=\"https:\/\/agora.xtec.cat\/iesserreta\/wp-content\/uploads\/usu2147\/2024\/03\/applus-iso-9001-institut-la-serreta.png 335w, https:\/\/agora.xtec.cat\/iesserreta\/wp-content\/uploads\/usu2147\/2024\/03\/applus-iso-9001-institut-la-serreta-196x300.png 196w\" sizes=\"auto, (max-width: 209px) 100vw, 209px\" \/>Per a l&#8217;Institut La Serreta la Qualitat \u00e9s la part fonamental i priorit\u00e0ria de la seva filosofia i estrat\u00e8gia. L\u2019actuaci\u00f3 de l\u2019institut, d\u2019acord amb el projecte educatiu del centre, est\u00e0 dirigida a:<\/p>\n<ul>\n<li>Satisfer les expectatives i necessitats educatives de l\u2019alumnat.<\/li>\n<li>Contribuir a l\u2019assoliment dels objectius que la societat li assigna com a instituci\u00f3 educativa i centre de formaci\u00f3. Per aix\u00f2 ha de vetllar per la millora dels resultats educatius, millora de la cohesi\u00f3 social i millora de la confian\u00e7a dels grups d\u2019inter\u00e8s.<\/li>\n<li>Establir una sistem\u00e0tica de planificaci\u00f3, actuaci\u00f3, avaluaci\u00f3 i revisi\u00f3 de la Qualitat en conson\u00e0ncia amb la missi\u00f3 del centre.<\/li>\n<li>Implicar el conjunt de l\u2019equip hum\u00e0 que forma part de l\u2019Institut per tal d\u2019assegurar un alt nivell de satisfacci\u00f3 de tota la comunitat educativa.<\/li>\n<li>Potenciar la comunicaci\u00f3 interna (ascendent, descendent i transversal) per el desenvolupament dels objectius de centre.<\/li>\n<li>Potenciar la comunicaci\u00f3 externa sent el centre model en el desenvolupament del sistema de gesti\u00f3 de la Qualitat.<\/li>\n<li>Complir amb els requisits i la millora cont\u00ednua de les activitats i els serveis que desenvolupa i presta a la comunitat.<\/li>\n<li>Impulsar la Millora qualitativa a partir dels seg\u00fcents Models o Pol\u00edtiques: Gesti\u00f3 per processos; Model Europeu de Gesti\u00f3 de la Qualitat segons la norma <strong>ISO 9001:2015<\/strong>.<\/li>\n<li>Obtenir satisfacci\u00f3 interna i externa dels nivells de Qualitat aconseguits.<\/li>\n<\/ul>\n<p>El comprom\u00eds amb la qualitat afecta tota l\u2019organitzaci\u00f3, i la millora cont\u00ednua \u00e9s una responsabilitat de tot l\u2019equip professional del centre. L\u2019Equip Directiu vetllar\u00e0 i facilitar\u00e0 el seu assoliment a trav\u00e9s de la seva gesti\u00f3 i amb els mitjans al seu abast.<\/p>\n<h1><a href=\"https:\/\/agora.xtec.cat\/iesserreta\/wp-content\/uploads\/usu2147\/2025\/02\/certificat-applus.jpg\"><img loading=\"lazy\" decoding=\"async\" class=\"aligncenter wp-image-6169 \" src=\"https:\/\/agora.xtec.cat\/iesserreta\/wp-content\/uploads\/usu2147\/2025\/02\/certificat-applus-1414x2000.jpg\" alt=\"\" width=\"559\" height=\"791\" srcset=\"https:\/\/agora.xtec.cat\/iesserreta\/wp-content\/uploads\/usu2147\/2025\/02\/certificat-applus-1414x2000.jpg 1414w, https:\/\/agora.xtec.cat\/iesserreta\/wp-content\/uploads\/usu2147\/2025\/02\/certificat-applus-212x300.jpg 212w, https:\/\/agora.xtec.cat\/iesserreta\/wp-content\/uploads\/usu2147\/2025\/02\/certificat-applus-768x1086.jpg 768w, https:\/\/agora.xtec.cat\/iesserreta\/wp-content\/uploads\/usu2147\/2025\/02\/certificat-applus-1086x1536.jpg 1086w, https:\/\/agora.xtec.cat\/iesserreta\/wp-content\/uploads\/usu2147\/2025\/02\/certificat-applus-1448x2048.jpg 1448w, https:\/\/agora.xtec.cat\/iesserreta\/wp-content\/uploads\/usu2147\/2025\/02\/certificat-applus.jpg 1500w\" sizes=\"auto, (max-width: 559px) 100vw, 559px\" \/><\/a>Pol\u00edtica de Prove\u00efdors<\/h1>\n<p style=\"text-align: justify;\"><span style=\"font-size: 14pt;\">L\u2019Institut La Serreta disposa d&#8217;un procediment d&#8217;homologaci\u00f3 de prove\u00efdors. Tot el material destinat a l&#8217;ensenyament i aprenentatge dels alumnes, aix\u00ed com els serveis contractats pel centre, disposen d\u2019un control de qualitat, assegurant que els prove\u00efdors compleixin els requisits seg\u00fcents:<\/span><\/p>\n<p style=\"text-align: justify;\"><span style=\"font-size: 14pt;\">1. Preus i condicions de pagament. <\/span><br \/>\n<span style=\"font-size: 14pt;\">2. Facilitat per realitzar la comanda o contactar amb el servei o l&#8217;empresa. <\/span><br \/>\n<span style=\"font-size: 14pt;\">3. Relaci\u00f3 qualitat \/ preu. <\/span><br \/>\n<span style=\"font-size: 14pt;\">4.Servei: temps de resposta en atendre la comanda o la necessitat d&#8217;un servei o manteniment o postvenda.<\/span><\/p>\n<p style=\"text-align: justify;\"><span style=\"font-size: 14pt;\">Es considerar\u00e0 favorablement el fet que el prove\u00efdor disposi d&#8217;un Sistema de Qualitat certificat per organismes de certificaci\u00f3 reconeguts, nacional o internacionalment.<\/span><\/p>\n","protected":false},"excerpt":{"rendered":"<ul>\n<li style=\"text-align: justify;\"><a href=\"https:\/\/agora.xtec.cat\/iesserreta\/wp-content\/uploads\/usu2147\/2021\/05\/PROJECTE_EDUCATIU_DE_CENTRE.pdf\" target=\"_blank\" rel=\"noopener noreferrer\">Projecte Educatiu de Centre<\/a> (en revisi\u00f3)<br \/>\nEl projecte educatiu de centre (PEC) \u00e9s un document que inclou els trets d\u2019identitat del centre, els principis pedag\u00f2gics, els principis organitzatius i el projecte ling\u00fc\u00edstic. En aquest document s\u2019especifiquen els valors, els objectius&hellip;  <a href=\"https:\/\/agora.xtec.cat\/iesserreta\/pec-documentacio-qualitat\/\" title=\"Read Projecte Educatiu, Documentaci\u00f3 Estrat\u00e8gica, Pol\u00edtica de Qualitat\">Llegeix m\u00e9s\u00bb<\/a><\/p>\n","protected":false},"author":3,"featured_media":0,"parent":0,"menu_order":20,"comment_status":"closed","ping_status":"closed","template":"page-templates\/side-menu.php","meta":{"_bbp_topic_count":0,"_bbp_reply_count":0,"_bbp_total_topic_count":0,"_bbp_total_reply_count":0,"_bbp_voice_count":0,"_bbp_anonymous_reply_count":0,"_bbp_topic_count_hidden":0,"_bbp_reply_count_hidden":0,"_bbp_forum_subforum_count":0,"footnotes":""},"class_list":["post-1007","page","type-page","status-publish","hentry"],"post_mailing_queue_ids":[],"_links":{"self":[{"href":"https:\/\/agora.xtec.cat\/iesserreta\/wp-json\/wp\/v2\/pages\/1007","targetHints":{"allow":["GET"]}}],"collection":[{"href":"https:\/\/agora.xtec.cat\/iesserreta\/wp-json\/wp\/v2\/pages"}],"about":[{"href":"https:\/\/agora.xtec.cat\/iesserreta\/wp-json\/wp\/v2\/types\/page"}],"author":[{"embeddable":true,"href":"https:\/\/agora.xtec.cat\/iesserreta\/wp-json\/wp\/v2\/users\/3"}],"replies":[{"embeddable":true,"href":"https:\/\/agora.xtec.cat\/iesserreta\/wp-json\/wp\/v2\/comments?post=1007"}],"version-history":[{"count":7,"href":"https:\/\/agora.xtec.cat\/iesserreta\/wp-json\/wp\/v2\/pages\/1007\/revisions"}],"predecessor-version":[{"id":6177,"href":"https:\/\/agora.xtec.cat\/iesserreta\/wp-json\/wp\/v2\/pages\/1007\/revisions\/6177"}],"wp:attachment":[{"href":"https:\/\/agora.xtec.cat\/iesserreta\/wp-json\/wp\/v2\/media?parent=1007"}],"curies":[{"name":"wp","href":"https:\/\/api.w.org\/{rel}","templated":true}]}}