{"id":65,"date":"2014-09-18T10:12:22","date_gmt":"2014-09-18T10:12:22","guid":{"rendered":"http:\/\/agora.xtec.cat\/iesserrallarga\/?page_id=65"},"modified":"2015-04-08T20:02:33","modified_gmt":"2015-04-08T19:02:33","slug":"serveis-digitals","status":"publish","type":"page","link":"https:\/\/agora.xtec.cat\/iesserrallarga\/serveis\/serveis-digitals\/","title":{"rendered":"Serveis digitals"},"content":{"rendered":"<p style=\"color: #444444;\"><strong><a href=\"http:\/\/agora.xtec.cat\/iesserrallarga\/moodle\" target=\"_blank\">Moodle \u00e0gora<\/a><\/strong><\/p>\n<p><em>Moodle<\/em> del Departament d\u2019Ensenyament allotjat en el servidor \u00c0<em>gora<\/em>.<\/p>\n<p>Utilitzat pels professors per crear cursos dirigits als seus alumnes de postobligat\u00f2ria (batxillerat i cicles formatius) amb materials, activitats, f\u00f2rums i altres recursos.<\/p>\n<p><a href=\"http:\/\/moodle.iesserrallarga.cat\" target=\"_blank\"><strong>Aula virtual EDUCAT 1&#215;1<\/strong><\/a><\/p>\n<p><em>Moodle<\/em> de l\u2019Institut del projecte Educat 1&#215;1 allotjat en un servidor del centre i en un edifici de l\u2019institut.<\/p>\n<p>Utilitzat pels professors per crear cursos dirigits als alumnes de l\u2019ESO amb materials, activitats, f\u00f2rums i altres recursos.<\/p>\n<p style=\"color: #444444;\"><a href=\"http:\/\/serrallarga.ieducacio.com\" target=\"_blank\"><strong>Programa de gesti\u00f3 documental ieducaci\u00f3<\/strong><\/a><\/p>\n<p>\u00c9s un programa de gesti\u00f3 documental del centre.<\/p>\n<p>Est\u00e0 organitzat en funci\u00f3 de l\u2019horari del professorat i les seves mat\u00e8ries. Hi ha grups de professors amb documents compartits, i la documentaci\u00f3 del projecte de qualitat.<\/p>\n<p>\u00c9s l\u2019eina de gesti\u00f3 de\u00a0 les faltes d\u2019assist\u00e8ncia dels alumnes. Els pares poden consultar l\u2019assist\u00e8ncia i les incid\u00e8ncies del seu fill al programari <em>ieducaci\u00f3<\/em>.<\/p>\n<p style=\"color: #444444;\"><a href=\"https:\/\/www.google.com\/a\/iesserrallarga.cat\/\" target=\"_blank\"><strong>Google apps del centre<\/strong><\/a><\/p>\n<p style=\"color: #444444;\">\u00c9s un espai que l\u2019empresa <em>Google<\/em> posa a disposici\u00f3 dels centres educatius\u00a0 amb un servei de correu, de documents, calendari, p\u00e0gines web&#8230; \u00e9s a dir, el mateix que el servei de l\u2019xtec, per\u00f2 les adreces de correu s\u00f3n el domini del centre.<\/p>\n<p><a href=\"https:\/\/login.microsoftonline.com\/\" target=\"_blank\"><strong>Office 365 versi\u00f3 educativa del centre <\/strong><\/a><\/p>\n<p>\u00c9s un espai que l\u2019empresa <em>Microsoft<\/em> posa a disposici\u00f3 dels centres educatius\u00a0 amb un servei de correu, de documents (<em>skydrive<\/em>), calendari, p\u00e0gines web&#8230; \u00e9s a dir, el mateix que el servei de <em>google apps,<\/em> per\u00f2 les adreces de correu s\u00f3n el domini <em>@serrallarga.cat<\/em> .\u00a0El correu funciona b\u00e9 i sense publicitat. Compatible amb el programari office2007 i office 2010. Interessant per als professors habituats al seu <em>hotmail<\/em>.<\/p>\n<p style=\"color: #444444;\">\n","protected":false},"excerpt":{"rendered":"<p><a href=\"http:\/\/agora.xtec.cat\/iesserrallarga\/moodle\" target=\"_blank\">Moodle \u00e0gora<\/a><br \/>\nMoodle del Departament d\u2019Ensenyament allotjat en el servidor \u00c0gora.<br \/>\nUtilitzat pels professors per crear cursos dirigits als seus alumnes de postobligat\u00f2ria (batxillerat i cicles formatius) amb materials, activitats, f\u00f2rums i altres recursos.<br \/>\n<a href=\"http:\/\/moodle.iesserrallarga.cat\" target=\"_blank\">Aula virtual EDUCAT 1&#215;1<\/a><br \/>\nMoodle de l\u2019Institut del projecte Educat 1&#215;1&hellip;  <a href=\"https:\/\/agora.xtec.cat\/iesserrallarga\/serveis\/serveis-digitals\/\" title=\"Read Serveis digitals\">Llegeix m\u00e9s\u00bb<\/a><\/p>\n","protected":false},"author":1,"featured_media":0,"parent":63,"menu_order":10,"comment_status":"closed","ping_status":"closed","template":"page-templates\/side-menu.php","meta":{"footnotes":""},"class_list":["post-65","page","type-page","status-publish","hentry"],"post_mailing_queue_ids":[],"_links":{"self":[{"href":"https:\/\/agora.xtec.cat\/iesserrallarga\/wp-json\/wp\/v2\/pages\/65","targetHints":{"allow":["GET"]}}],"collection":[{"href":"https:\/\/agora.xtec.cat\/iesserrallarga\/wp-json\/wp\/v2\/pages"}],"about":[{"href":"https:\/\/agora.xtec.cat\/iesserrallarga\/wp-json\/wp\/v2\/types\/page"}],"author":[{"embeddable":true,"href":"https:\/\/agora.xtec.cat\/iesserrallarga\/wp-json\/wp\/v2\/users\/1"}],"replies":[{"embeddable":true,"href":"https:\/\/agora.xtec.cat\/iesserrallarga\/wp-json\/wp\/v2\/comments?post=65"}],"version-history":[{"count":3,"href":"https:\/\/agora.xtec.cat\/iesserrallarga\/wp-json\/wp\/v2\/pages\/65\/revisions"}],"predecessor-version":[{"id":653,"href":"https:\/\/agora.xtec.cat\/iesserrallarga\/wp-json\/wp\/v2\/pages\/65\/revisions\/653"}],"up":[{"embeddable":true,"href":"https:\/\/agora.xtec.cat\/iesserrallarga\/wp-json\/wp\/v2\/pages\/63"}],"wp:attachment":[{"href":"https:\/\/agora.xtec.cat\/iesserrallarga\/wp-json\/wp\/v2\/media?parent=65"}],"curies":[{"name":"wp","href":"https:\/\/api.w.org\/{rel}","templated":true}]}}