{"id":14619,"date":"2025-09-10T21:47:52","date_gmt":"2025-09-10T19:47:52","guid":{"rendered":"https:\/\/agora.xtec.cat\/iesserrallarga\/?page_id=14619"},"modified":"2025-09-11T18:37:04","modified_gmt":"2025-09-11T16:37:04","slug":"cd-portatils","status":"publish","type":"page","link":"https:\/\/agora.xtec.cat\/iesserrallarga\/cd-portatils\/","title":{"rendered":"Port\u00e0tils de dotaci\u00f3"},"content":{"rendered":"<h3>Port\u00e0tils docents<\/h3>\n<p><strong>Equipament<\/strong><br \/>\nAquestes s\u00f3n les caracter\u00edstiques dels ordinadors pels docents: Lenovo model Thinkbook 14 IIL, amb pantalla de 14\u2019\u2019, RAM de 8 GB i disc dur de 256 GB. El sistema operatiu \u00e9s Windows 10 amb m\u00e0quina virtual de Linkat.<\/p>\n<p>De la mateixa manera que els equipaments destinats a l\u2019alumnat s\u00f3n propietat dels centres, tamb\u00e9 ho s\u00f3n els que estan destinats als docents. Cada ordinador estar\u00e0 associat a un docent que accedir\u00e0 mitjan\u00e7ant un usuari exclusiu per a aquests ordinadors.<\/p>\n<p>Aquests ordinadors s\u00f3n gestionats per la consola Intune del centre i, per tant, se\u2019n pot fer la seva tra\u00e7abilitat. Cal recordar que es tracta d\u2019una eina de feina i no d\u2019\u00fas privat. \u00c9s per aix\u00f2 que est\u00e0 limitada la possibilitat d\u2019instal\u00b7lar aplicacions, que ser\u00e0 supervisada i aprovada pel coordinador digital del centre.<\/p>\n<h5>Identifiaci\u00f3<\/h5>\n<table style=\"border-collapse: collapse; width: 55.8291%; height: 26px;\">\n<tbody>\n<tr>\n<td style=\"width: 53.7613%; border-style: hidden;\"><a href=\"https:\/\/agora.xtec.cat\/iesserrallarga\/wp-content\/uploads\/usu54\/2025\/09\/user_id-copia-300x80-1.png\"><img loading=\"lazy\" decoding=\"async\" class=\"alignnone size-full wp-image-14653\" src=\"https:\/\/agora.xtec.cat\/iesserrallarga\/wp-content\/uploads\/usu54\/2025\/09\/user_id-copia-300x80-1.png\" alt=\"\" width=\"300\" height=\"80\" \/><\/a><\/td>\n<td style=\"width: 46.2387%; border-style: hidden;\"><span style=\"font-size: 16px;\">Els docents accedeixen als <\/span>seus dispositius mitjan\u00e7ant un usuari format pel seu usuari XTEC, afegint-hi @edu.gencat.cat, i la <strong>contrasenya ATRI\/GICAR.<\/strong><\/td>\n<\/tr>\n<\/tbody>\n<\/table>\n<h5>Incid\u00e8ncies<\/h5>\n<table style=\"border-collapse: collapse; width: 58.4359%;\">\n<tbody>\n<tr>\n<td style=\"width: 36.3143%; border-style: hidden;\"><span style=\"font-size: 16px;\">Hi ha disponible un formulari per gestionar una incid\u00e8ncia. Una vegada comunicada s\u2019indicar\u00e0 a trav\u00e9s del correu subministrat durant el registre les instruccions a seguir.<\/span><\/p>\n<p><a href=\"https:\/\/docs.google.com\/forms\/d\/e\/1FAIpQLScQutLdd8KcKlEK8dnkA0VNOR7Liwppz8Dh5UzwT8muXlZ8vw\/viewform\">Enlla\u00e7 al formulari<\/a><\/td>\n<td style=\"width: 22.1216%; border-style: hidden;\"><a href=\"https:\/\/agora.xtec.cat\/iesserrallarga\/wp-content\/uploads\/usu54\/2025\/09\/QR-profe.png\"><img loading=\"lazy\" decoding=\"async\" class=\"alignnone size-full wp-image-14649\" src=\"https:\/\/agora.xtec.cat\/iesserrallarga\/wp-content\/uploads\/usu54\/2025\/09\/QR-profe.png\" alt=\"\" width=\"294\" height=\"294\" srcset=\"https:\/\/agora.xtec.cat\/iesserrallarga\/wp-content\/uploads\/usu54\/2025\/09\/QR-profe.png 294w, https:\/\/agora.xtec.cat\/iesserrallarga\/wp-content\/uploads\/usu54\/2025\/09\/QR-profe-150x150.png 150w\" sizes=\"auto, (max-width: 294px) 100vw, 294px\" \/><\/a><\/td>\n<\/tr>\n<\/tbody>\n<\/table>\n<h4>Bitlocker, ordinador bloquejat<\/h4>\n<p>A vegades a l\u2019obrir el port\u00e0til assignat al professorat mestres ens surt una pantalla com aquesta:<\/p>\n<figure class=\"figure wp-caption aligncenter\"><a href=\"https:\/\/agora.xtec.cat\/iesserrallarga\/wp-content\/uploads\/usu54\/2025\/09\/bitlocker.png\"><img loading=\"lazy\" decoding=\"async\" class=\"wp-image-14639\" src=\"https:\/\/agora.xtec.cat\/iesserrallarga\/wp-content\/uploads\/usu54\/2025\/09\/bitlocker.png\" alt=\"Imatge d\u2019ordinador bloquejat amb Bitlocker\" width=\"542\" height=\"306\" srcset=\"https:\/\/agora.xtec.cat\/iesserrallarga\/wp-content\/uploads\/usu54\/2025\/09\/bitlocker.png 324w, https:\/\/agora.xtec.cat\/iesserrallarga\/wp-content\/uploads\/usu54\/2025\/09\/bitlocker-300x169.png 300w\" sizes=\"auto, (max-width: 542px) 100vw, 542px\" \/><\/a><figcaption class=\"wp-caption-text\">Imatge d\u2019ordinador bloquejat amb Bitlocker<\/figcaption><\/figure>\n<p>&nbsp;<\/p>\n<p>Quan surt aquest error a l\u2019engegar l\u2019ordinador la nostra primera recomanaci\u00f3 ser\u00eda apagar i reiniciar el port\u00e0til. La majoria de vegades amb aquesta opci\u00f3 l\u2019ordinador arrenca correctament.<\/p>\n<p>Si ens continua sortint la mateixa pantalla:<\/p>\n<ol>\n<li>Amb un ordinador connectat a internet entreu a l\u2019adre\u00e7a: <a href=\"http:\/\/www.aka.ms\/aadrecoverykey\">www.aka.ms\/aadrecoverykey<\/a> . S\u2019obrir\u00e0 una finestra que ens demana que ens identifiquem. Introduirem les nostres credencials: <strong>nomusuarixtec@edu.gencat.cat<\/strong> i la mateixa contrasenya que feu servir a<strong> ATRI\/GICAR<\/strong>.<\/li>\n<\/ol>\n<table style=\"border-collapse: collapse; width: 72.4839%; height: 362px;\">\n<tbody>\n<tr style=\"height: 362px;\">\n<td style=\"width: 32.0083%; height: 362px; border-style: hidden;\"><a href=\"https:\/\/agora.xtec.cat\/iesserrallarga\/wp-content\/uploads\/usu54\/2025\/09\/inicSes.png\"><img loading=\"lazy\" decoding=\"async\" class=\"alignnone wp-image-14641\" src=\"https:\/\/agora.xtec.cat\/iesserrallarga\/wp-content\/uploads\/usu54\/2025\/09\/inicSes.png\" alt=\"\" width=\"540\" height=\"411\" \/><\/a><\/td>\n<td style=\"width: 48.4067%; height: 362px; border-style: hidden;\"><a href=\"https:\/\/agora.xtec.cat\/iesserrallarga\/wp-content\/uploads\/usu54\/2025\/09\/unnamed.png\"><img loading=\"lazy\" decoding=\"async\" class=\"alignnone wp-image-14652\" src=\"https:\/\/agora.xtec.cat\/iesserrallarga\/wp-content\/uploads\/usu54\/2025\/09\/unnamed.png\" alt=\"\" width=\"492\" height=\"566\" \/><\/a><\/td>\n<\/tr>\n<\/tbody>\n<\/table>\n<p>2. Despr\u00e9s apareixen les vostres dades i del vostre port\u00e0til i heu de pr\u00e9mer a l\u2019opci\u00f3 <strong>OBT\u00c9N LES CLAUS DEL BITLOCKER<\/strong><\/p>\n<p><a href=\"https:\/\/agora.xtec.cat\/iesserrallarga\/wp-content\/uploads\/usu54\/2025\/09\/perfil.png\"><img loading=\"lazy\" decoding=\"async\" class=\"alignnone wp-image-14647\" src=\"https:\/\/agora.xtec.cat\/iesserrallarga\/wp-content\/uploads\/usu54\/2025\/09\/perfil.png\" alt=\"\" width=\"757\" height=\"257\" srcset=\"https:\/\/agora.xtec.cat\/iesserrallarga\/wp-content\/uploads\/usu54\/2025\/09\/perfil.png 471w, https:\/\/agora.xtec.cat\/iesserrallarga\/wp-content\/uploads\/usu54\/2025\/09\/perfil-300x102.png 300w\" sizes=\"auto, (max-width: 757px) 100vw, 757px\" \/><\/a><\/p>\n<p>3. Un cop clicat aquest link apareixer\u00e0 una finestra amb dos claus molt llargues. La segona, on es pot llegir <strong>CLAU DE RECUPERACI\u00d3<\/strong> ser\u00e0 la clau que haureu de copiar per despr\u00e9s introduir-la a la pantalla inicial.<\/p>\n<p><strong>V\u00cddeo explicatiu<\/strong><\/p>\n<div style=\"width: 1280px;\" class=\"wp-video\"><!--[if lt IE 9]><script>document.createElement('video');<\/script><![endif]-->\n<video class=\"wp-video-shortcode\" id=\"video-14619-1\" width=\"1280\" height=\"720\" preload=\"metadata\" controls=\"controls\"><source type=\"video\/mp4\" src=\"https:\/\/agora.xtec.cat\/iesserrallarga\/wp-content\/uploads\/usu54\/2025\/09\/bitlocker.mp4?_=1\" \/><a href=\"https:\/\/agora.xtec.cat\/iesserrallarga\/wp-content\/uploads\/usu54\/2025\/09\/bitlocker.mp4\">https:\/\/agora.xtec.cat\/iesserrallarga\/wp-content\/uploads\/usu54\/2025\/09\/bitlocker.mp4<\/a><\/video><\/div>\n<h4>Impressi\u00f3 i PaperCut<\/h4>\n<p><strong>La impressora el servidor i el port\u00e0til<\/strong><br \/>\nAl centre disposem de tres impressores Konica Minolta. Aquestes impressores estan connectades a un servidor d\u2019impressi\u00f3. Quan es selecciona la impressora Konika per imprimir, el treball s\u2019envia al servidor. Les impressores est\u00e0n a consergeria del G3 i l\u2019altra a la sala de professors del G1, una vegada s\u2019ha tram\u00e8s el treball a imprimir, hem d\u2019anar a la impressora que vulguem, i en introduir el pin, apareixeran els treballs pendents d\u2019imprimir. El o els seleccionem i s\u2019imprimiran.<\/p>\n<p><strong>Configuraci\u00f3 del port\u00e0til<\/strong><br \/>\nLa configuraci\u00f3 \u00e9s molt f\u00e0cil i no cal un usuari administrador, per tant, cada docent pot configurar el seu port\u00e0til. Nom\u00e9s caldr\u00e0 executar un arxiu amb el nom de ConfiguracioImpressio. (C:\\Fitxers de programa (x86)\\Configuracio). Feu servir l\u2019explorador d\u2019arxius per arribar-hi. El codi de centre \u00e9s el 17005662<\/p>\n<p><a href=\"https:\/\/agora.xtec.cat\/iesserrallarga\/wp-content\/uploads\/usu54\/2025\/09\/papercut_config.png\"><img loading=\"lazy\" decoding=\"async\" class=\"alignnone size-large wp-image-14644\" src=\"https:\/\/agora.xtec.cat\/iesserrallarga\/wp-content\/uploads\/usu54\/2025\/09\/papercut_config-1024x530.png\" alt=\"\" width=\"1024\" height=\"530\" srcset=\"https:\/\/agora.xtec.cat\/iesserrallarga\/wp-content\/uploads\/usu54\/2025\/09\/papercut_config-1024x530.png 1024w, https:\/\/agora.xtec.cat\/iesserrallarga\/wp-content\/uploads\/usu54\/2025\/09\/papercut_config-300x155.png 300w, https:\/\/agora.xtec.cat\/iesserrallarga\/wp-content\/uploads\/usu54\/2025\/09\/papercut_config-768x398.png 768w, https:\/\/agora.xtec.cat\/iesserrallarga\/wp-content\/uploads\/usu54\/2025\/09\/papercut_config-1536x795.png 1536w, https:\/\/agora.xtec.cat\/iesserrallarga\/wp-content\/uploads\/usu54\/2025\/09\/papercut_config.png 1928w\" sizes=\"auto, (max-width: 1024px) 100vw, 1024px\" \/><\/a><\/p>\n<p>Si tot ha anat b\u00e9, podrem veure la impressora configurada d\u2019aquesta manera.<\/p>\n<p><a href=\"https:\/\/agora.xtec.cat\/iesserrallarga\/wp-content\/uploads\/usu54\/2025\/09\/papercut_impressores.png\"><img loading=\"lazy\" decoding=\"async\" class=\"alignnone size-large wp-image-14645\" src=\"https:\/\/agora.xtec.cat\/iesserrallarga\/wp-content\/uploads\/usu54\/2025\/09\/papercut_impressores-1024x549.png\" alt=\"\" width=\"1024\" height=\"549\" srcset=\"https:\/\/agora.xtec.cat\/iesserrallarga\/wp-content\/uploads\/usu54\/2025\/09\/papercut_impressores-1024x549.png 1024w, https:\/\/agora.xtec.cat\/iesserrallarga\/wp-content\/uploads\/usu54\/2025\/09\/papercut_impressores-300x161.png 300w, https:\/\/agora.xtec.cat\/iesserrallarga\/wp-content\/uploads\/usu54\/2025\/09\/papercut_impressores-768x412.png 768w, https:\/\/agora.xtec.cat\/iesserrallarga\/wp-content\/uploads\/usu54\/2025\/09\/papercut_impressores-1536x823.png 1536w, https:\/\/agora.xtec.cat\/iesserrallarga\/wp-content\/uploads\/usu54\/2025\/09\/papercut_impressores.png 1911w\" sizes=\"auto, (max-width: 1024px) 100vw, 1024px\" \/><\/a><\/p>\n<p>A l\u2019hora d\u2019imprimir haureu d\u2019introduir el vostre usuari i el pin. Si no el teniu, demaneu-lo a Administraci\u00f3.<\/p>\n<p><a href=\"https:\/\/agora.xtec.cat\/iesserrallarga\/wp-content\/uploads\/usu54\/2025\/09\/papercut_mapa.png\"><img loading=\"lazy\" decoding=\"async\" class=\"alignnone size-full wp-image-14646\" src=\"https:\/\/agora.xtec.cat\/iesserrallarga\/wp-content\/uploads\/usu54\/2025\/09\/papercut_mapa.png\" alt=\"\" width=\"838\" height=\"631\" srcset=\"https:\/\/agora.xtec.cat\/iesserrallarga\/wp-content\/uploads\/usu54\/2025\/09\/papercut_mapa.png 838w, https:\/\/agora.xtec.cat\/iesserrallarga\/wp-content\/uploads\/usu54\/2025\/09\/papercut_mapa-300x226.png 300w, https:\/\/agora.xtec.cat\/iesserrallarga\/wp-content\/uploads\/usu54\/2025\/09\/papercut_mapa-768x578.png 768w, https:\/\/agora.xtec.cat\/iesserrallarga\/wp-content\/uploads\/usu54\/2025\/09\/papercut_mapa-200x150.png 200w\" sizes=\"auto, (max-width: 838px) 100vw, 838px\" \/><\/a><\/p>\n<h4><strong>Estaci\u00f3 de treball amb port\u00e0til docent<\/strong><\/h4>\n<p>En els espais destinats a l\u2019\u00fas de port\u00e0tils de dotaci\u00f3 per als docents, nom\u00e9s caldr\u00e0 connectar un cable per treballar.<\/p>\n<p>Una vegada connectat, el port\u00e0til estar\u00e0 alimentat i, per tant, es carregar\u00e0 la bateria, tamb\u00e9 estar\u00e0 connectat a una pantalla, que es pot fer servir com a pantalla principal o com a secund\u00e0ria i tamb\u00e9 disposarem d\u2019un ratol\u00ed per poder treballar m\u00e9s c\u00f2modament.<\/p>\n<p><strong>Connexi\u00f3 del port\u00e0til<\/strong><br \/>\nHi ha un cable de tipus USB C que surt d\u2019un aparell que est\u00e0 col\u00b7locat en el suport de la pantalla. Aquest cable s\u2019ha de connectar a un port usb C del port\u00e0til, per\u00f2 ha ser en el que es mostra en aquesta imatge.<\/p>\n<table style=\"border-collapse: collapse; width: 100%;\">\n<tbody>\n<tr>\n<td style=\"width: 50%; border-style: hidden;\"><a href=\"https:\/\/agora.xtec.cat\/iesserrallarga\/wp-content\/uploads\/usu54\/2025\/09\/portatil1.png\"><img loading=\"lazy\" decoding=\"async\" class=\"alignnone size-large wp-image-14673\" src=\"https:\/\/agora.xtec.cat\/iesserrallarga\/wp-content\/uploads\/usu54\/2025\/09\/portatil1.png\" alt=\"\" width=\"900\" height=\"630\" srcset=\"https:\/\/agora.xtec.cat\/iesserrallarga\/wp-content\/uploads\/usu54\/2025\/09\/portatil1.png 900w, https:\/\/agora.xtec.cat\/iesserrallarga\/wp-content\/uploads\/usu54\/2025\/09\/portatil1-300x210.png 300w, https:\/\/agora.xtec.cat\/iesserrallarga\/wp-content\/uploads\/usu54\/2025\/09\/portatil1-768x538.png 768w\" sizes=\"auto, (max-width: 900px) 100vw, 900px\" \/><\/a><\/td>\n<td style=\"width: 50%; border-style: hidden;\"><a href=\"https:\/\/agora.xtec.cat\/iesserrallarga\/wp-content\/uploads\/usu54\/2025\/09\/portatil2.png\"><img loading=\"lazy\" decoding=\"async\" class=\"alignnone wp-image-14672\" src=\"https:\/\/agora.xtec.cat\/iesserrallarga\/wp-content\/uploads\/usu54\/2025\/09\/portatil2.png\" alt=\"\" width=\"497\" height=\"489\" srcset=\"https:\/\/agora.xtec.cat\/iesserrallarga\/wp-content\/uploads\/usu54\/2025\/09\/portatil2.png 813w, https:\/\/agora.xtec.cat\/iesserrallarga\/wp-content\/uploads\/usu54\/2025\/09\/portatil2-300x295.png 300w, https:\/\/agora.xtec.cat\/iesserrallarga\/wp-content\/uploads\/usu54\/2025\/09\/portatil2-768x756.png 768w\" sizes=\"auto, (max-width: 497px) 100vw, 497px\" \/><\/a><\/td>\n<\/tr>\n<\/tbody>\n<\/table>\n<p>&nbsp;<\/p>\n<p><strong>Configuraci\u00f3 de la pantalla<\/strong><br \/>\nHi ha quatre possibilitats:<\/p>\n<ul>\n<li>Nom\u00e9s la pantalla del port\u00e0til (1)<\/li>\n<li>Pantalles duplicades (2)<\/li>\n<li>Les dues pantalles, com una de sola (escriptori de treballa m\u00e9s gran) (3)<\/li>\n<li>Nom\u00e9s la pantalla de sobretaula (4)<\/li>\n<\/ul>\n<table style=\"border-collapse: collapse; width: 52.7154%;\">\n<tbody>\n<tr>\n<td style=\"width: 26.0319%; border-style: hidden;\"><a href=\"https:\/\/agora.xtec.cat\/iesserrallarga\/wp-content\/uploads\/usu54\/2025\/09\/WinP.png\"><img loading=\"lazy\" decoding=\"async\" class=\"alignnone wp-image-14655\" src=\"https:\/\/agora.xtec.cat\/iesserrallarga\/wp-content\/uploads\/usu54\/2025\/09\/WinP.png\" alt=\"\" width=\"192\" height=\"74\" srcset=\"https:\/\/agora.xtec.cat\/iesserrallarga\/wp-content\/uploads\/usu54\/2025\/09\/WinP.png 714w, https:\/\/agora.xtec.cat\/iesserrallarga\/wp-content\/uploads\/usu54\/2025\/09\/WinP-300x116.png 300w\" sizes=\"auto, (max-width: 192px) 100vw, 192px\" \/><\/a><\/td>\n<td style=\"width: 26.6835%; border-style: hidden;\">Per escollir com volem fer servir la pantalla s\u2019ha de pr\u00e9mer la tecla Windows i la tecla P al mateix temps, d\u2019aquesta manera apareix el men\u00fa de configuraci\u00f3.<\/td>\n<\/tr>\n<\/tbody>\n<\/table>\n<table style=\"border-collapse: collapse; width: 65.0978%;\">\n<tbody>\n<tr>\n<td style=\"width: 40.9325%; border-style: hidden;\"><strong>Les opcions<\/strong><\/p>\n<p>Nom\u00e9s la pantalla del port\u00e0til (1)<br \/>\nPantalles duplicades (2)<br \/>\nLes dues pantalles, com una de sola (escriptori de treballa m\u00e9s gran) (3)<br \/>\nNom\u00e9s la pantalla de sobretaula (4)<\/td>\n<td style=\"width: 24.1653%; border-style: hidden;\"><a href=\"https:\/\/agora.xtec.cat\/iesserrallarga\/wp-content\/uploads\/usu54\/2025\/09\/panatalles.jpg\"><img loading=\"lazy\" decoding=\"async\" class=\"alignnone wp-image-14643\" src=\"https:\/\/agora.xtec.cat\/iesserrallarga\/wp-content\/uploads\/usu54\/2025\/09\/panatalles.jpg\" alt=\"\" width=\"208\" height=\"279\" srcset=\"https:\/\/agora.xtec.cat\/iesserrallarga\/wp-content\/uploads\/usu54\/2025\/09\/panatalles.jpg 344w, https:\/\/agora.xtec.cat\/iesserrallarga\/wp-content\/uploads\/usu54\/2025\/09\/panatalles-223x300.jpg 223w\" sizes=\"auto, (max-width: 208px) 100vw, 208px\" \/><\/a><\/td>\n<\/tr>\n<\/tbody>\n<\/table>\n<h4>Imprimir amb el port\u00e0til<\/h4>\n<p>En aquesta mateixa p\u00e0gina est\u00e0 descrit el procediment per configurar la impressora Konica.<\/p>\n<p>&nbsp;<\/p>\n<h3>Port\u00e0tils alumnat<\/h3>\n<p><strong>Equipament<\/strong><\/p>\n<table style=\"border-collapse: collapse; width: 52.5706%;\">\n<tbody>\n<tr>\n<td style=\"width: 24.0639%; border-style: hidden;\"><span style=\"font-size: 16px;\"><a href=\"https:\/\/agora.xtec.cat\/iesserrallarga\/wp-content\/uploads\/usu54\/2025\/09\/lenovo-300e-windows-hero-.png\"><img loading=\"lazy\" decoding=\"async\" class=\"alignnone  wp-image-14677\" src=\"https:\/\/agora.xtec.cat\/iesserrallarga\/wp-content\/uploads\/usu54\/2025\/09\/lenovo-300e-windows-hero-.png\" alt=\"\" width=\"383\" height=\"272\" srcset=\"https:\/\/agora.xtec.cat\/iesserrallarga\/wp-content\/uploads\/usu54\/2025\/09\/lenovo-300e-windows-hero-.png 725w, https:\/\/agora.xtec.cat\/iesserrallarga\/wp-content\/uploads\/usu54\/2025\/09\/lenovo-300e-windows-hero--300x213.png 300w\" sizes=\"auto, (max-width: 383px) 100vw, 383px\" \/><\/a><\/span><\/td>\n<td style=\"width: 21.5279%; border-style: hidden;\">Les caracter\u00edstiques dels ordinadors s\u00f3n les seg\u00fcents.<\/p>\n<p>Model: Ordinadors de Lenovo model 300e, t\u00e0ctils de 11,6\u201d.<\/p>\n<p>RAM i disc dur: pels ordinadors amb sistema operatiu Linkat GNU\/Linux \u00e9s de 4\/64 GB, pel sistema operatiu Windows i Windows+Linkat de 8\/128 GB i pels Chromebooks \u00e9s de 4\/32 GB.<\/td>\n<\/tr>\n<\/tbody>\n<\/table>\n<p><strong>Incid\u00e8ncies<\/strong><\/p>\n<table style=\"border-collapse: collapse; width: 54.3085%;\">\n<tbody>\n<tr>\n<td style=\"width: 33.7075%;\">Hi ha disponible un formulari per gestionar una incid\u00e8ncia. Una vegada comunicada s\u2019indicar\u00e0 a trav\u00e9s del correu subministrat durant el registre les instruccions a seguir.<\/p>\n<p><a href=\"https:\/\/docs.google.com\/forms\/d\/e\/1FAIpQLScaQwBtBREe3K7Z6zzj9YukAx9SC7UrbnJE-FeyrElM_rsVzg\/viewform\">Enlla\u00e7 a formulari<\/a><\/p>\n<p>&nbsp;<\/td>\n<td style=\"width: 20.601%;\"><a href=\"https:\/\/agora.xtec.cat\/iesserrallarga\/wp-content\/uploads\/usu54\/2025\/09\/QR-Alumnat.png\"><img loading=\"lazy\" decoding=\"async\" class=\"alignnone  wp-image-14678\" src=\"https:\/\/agora.xtec.cat\/iesserrallarga\/wp-content\/uploads\/usu54\/2025\/09\/QR-Alumnat.png\" alt=\"\" width=\"199\" height=\"199\" srcset=\"https:\/\/agora.xtec.cat\/iesserrallarga\/wp-content\/uploads\/usu54\/2025\/09\/QR-Alumnat.png 328w, https:\/\/agora.xtec.cat\/iesserrallarga\/wp-content\/uploads\/usu54\/2025\/09\/QR-Alumnat-300x300.png 300w, https:\/\/agora.xtec.cat\/iesserrallarga\/wp-content\/uploads\/usu54\/2025\/09\/QR-Alumnat-150x150.png 150w\" sizes=\"auto, (max-width: 199px) 100vw, 199px\" \/><\/a><\/td>\n<\/tr>\n<\/tbody>\n<\/table>\n<p><strong>Connexi\u00f3 a la xarxa Wifi de l\u2019institut<\/strong><\/p>\n<p>Amb els port\u00e0tils, l\u2019alumat pot fer servir la xarxa wifi per connetar-se a internet. Preferiblement, la xarxa <strong>GENCAT_ENS_EDU_PORTAL<\/strong> (a la secci\u00f3 de P+F podeu trobar una explicaci\u00f3 m\u00e9s detallada de les xarxes).<\/p>\n<p>La xarxa <strong>GENCAT_ENS_EDU_PORTAL<\/strong>, \u00e9s un portal captiu, per connectar-se a la xarxa necessitaran el seu IDI (Identitficador digital), \u00e9s l\u2019usuari i la contrasenya que fan servir per entrar al port\u00e0til que tenen assignat.<\/p>\n<p>En cas de p\u00e8rdua o desconeixement del <strong>IDI<\/strong>, caldr\u00e0 obrir una incid\u00e8ncia.<\/p>\n<p>Exemple de credencials<\/p>\n<p><a href=\"https:\/\/agora.xtec.cat\/iesserrallarga\/wp-content\/uploads\/usu54\/2025\/09\/idi.jpg\"><img loading=\"lazy\" decoding=\"async\" class=\"alignnone size-full wp-image-14640\" src=\"https:\/\/agora.xtec.cat\/iesserrallarga\/wp-content\/uploads\/usu54\/2025\/09\/idi.jpg\" alt=\"\" width=\"547\" height=\"797\" srcset=\"https:\/\/agora.xtec.cat\/iesserrallarga\/wp-content\/uploads\/usu54\/2025\/09\/idi.jpg 547w, https:\/\/agora.xtec.cat\/iesserrallarga\/wp-content\/uploads\/usu54\/2025\/09\/idi-206x300.jpg 206w\" sizes=\"auto, (max-width: 547px) 100vw, 547px\" \/><\/a><\/p>\n","protected":false},"excerpt":{"rendered":"<p>Port\u00e0tils docents<br \/>\nEquipament<br \/>\nAquestes s\u00f3n les caracter\u00edstiques dels ordinadors pels docents: Lenovo model Thinkbook 14 IIL, amb pantalla de 14\u2019\u2019, RAM de 8 GB i disc dur de 256 GB. El sistema operatiu \u00e9s Windows 10 amb m\u00e0quina virtual de Linkat.<br \/>\nDe la mateixa manera que els equipaments&hellip;  <a href=\"https:\/\/agora.xtec.cat\/iesserrallarga\/cd-portatils\/\" title=\"Read Port\u00e0tils de dotaci\u00f3\">Llegeix m\u00e9s\u00bb<\/a><\/p>\n","protected":false},"author":146,"featured_media":0,"parent":0,"menu_order":0,"comment_status":"closed","ping_status":"closed","template":"","meta":{"_bbp_topic_count":0,"_bbp_reply_count":0,"_bbp_total_topic_count":0,"_bbp_total_reply_count":0,"_bbp_voice_count":0,"_bbp_anonymous_reply_count":0,"_bbp_topic_count_hidden":0,"_bbp_reply_count_hidden":0,"_bbp_forum_subforum_count":0,"footnotes":""},"class_list":["post-14619","page","type-page","status-publish","hentry"],"post_mailing_queue_ids":[],"_links":{"self":[{"href":"https:\/\/agora.xtec.cat\/iesserrallarga\/wp-json\/wp\/v2\/pages\/14619","targetHints":{"allow":["GET"]}}],"collection":[{"href":"https:\/\/agora.xtec.cat\/iesserrallarga\/wp-json\/wp\/v2\/pages"}],"about":[{"href":"https:\/\/agora.xtec.cat\/iesserrallarga\/wp-json\/wp\/v2\/types\/page"}],"author":[{"embeddable":true,"href":"https:\/\/agora.xtec.cat\/iesserrallarga\/wp-json\/wp\/v2\/users\/146"}],"replies":[{"embeddable":true,"href":"https:\/\/agora.xtec.cat\/iesserrallarga\/wp-json\/wp\/v2\/comments?post=14619"}],"version-history":[{"count":6,"href":"https:\/\/agora.xtec.cat\/iesserrallarga\/wp-json\/wp\/v2\/pages\/14619\/revisions"}],"predecessor-version":[{"id":14679,"href":"https:\/\/agora.xtec.cat\/iesserrallarga\/wp-json\/wp\/v2\/pages\/14619\/revisions\/14679"}],"wp:attachment":[{"href":"https:\/\/agora.xtec.cat\/iesserrallarga\/wp-json\/wp\/v2\/media?parent=14619"}],"curies":[{"name":"wp","href":"https:\/\/api.w.org\/{rel}","templated":true}]}}