{"id":12399,"date":"2024-07-09T12:30:04","date_gmt":"2024-07-09T10:30:04","guid":{"rendered":"https:\/\/agora.xtec.cat\/iesserrallarga\/?page_id=12399"},"modified":"2025-06-29T23:00:46","modified_gmt":"2025-06-29T21:00:46","slug":"criteris-mobilitat","status":"publish","type":"page","link":"https:\/\/agora.xtec.cat\/iesserrallarga\/criteris-mobilitat\/","title":{"rendered":"Criteris de selecci\u00f3 d&#8217;alumnat per a mobilitats"},"content":{"rendered":"<p>Aqu\u00ed teniu els criteris de selecci\u00f3 de l&#8217;alumnat que participa en les mobilitats del centre.<\/p>\n<p><a href=\"https:\/\/agora.xtec.cat\/iesserrallarga\/wp-content\/uploads\/usu54\/2025\/06\/CRITERIS-SELECCIO-ALUMNAT-25-26.pdf\">CRITERIS SELECCI\u00d3 ALUMNAT 25-26<\/a><\/p>\n<p><a href=\"https:\/\/sites.google.com\/xtec.cat\/mobilitat-institut-serrallarga?usp=sharing\">Mobilitat Institut Serrallarga (google.com)<\/a><\/p>\n","protected":false},"excerpt":{"rendered":"<p>Aqu\u00ed teniu els criteris de selecci\u00f3 de l&#8217;alumnat que participa en les mobilitats del centre.<br \/>\n<a href=\"https:\/\/agora.xtec.cat\/iesserrallarga\/wp-content\/uploads\/usu54\/2025\/06\/CRITERIS-SELECCIO-ALUMNAT-25-26.pdf\">CRITERIS SELECCI\u00d3 ALUMNAT 25-26<\/a><br \/>\n<a href=\"https:\/\/sites.google.com\/xtec.cat\/mobilitat-institut-serrallarga?usp=sharing\">Mobilitat Institut Serrallarga (google.com)<\/a><\/p>\n","protected":false},"author":1,"featured_media":0,"parent":0,"menu_order":0,"comment_status":"closed","ping_status":"closed","template":"","meta":{"_bbp_topic_count":0,"_bbp_reply_count":0,"_bbp_total_topic_count":0,"_bbp_total_reply_count":0,"_bbp_voice_count":0,"_bbp_anonymous_reply_count":0,"_bbp_topic_count_hidden":0,"_bbp_reply_count_hidden":0,"_bbp_forum_subforum_count":0,"footnotes":""},"class_list":["post-12399","page","type-page","status-publish","hentry"],"post_mailing_queue_ids":[],"_links":{"self":[{"href":"https:\/\/agora.xtec.cat\/iesserrallarga\/wp-json\/wp\/v2\/pages\/12399","targetHints":{"allow":["GET"]}}],"collection":[{"href":"https:\/\/agora.xtec.cat\/iesserrallarga\/wp-json\/wp\/v2\/pages"}],"about":[{"href":"https:\/\/agora.xtec.cat\/iesserrallarga\/wp-json\/wp\/v2\/types\/page"}],"author":[{"embeddable":true,"href":"https:\/\/agora.xtec.cat\/iesserrallarga\/wp-json\/wp\/v2\/users\/1"}],"replies":[{"embeddable":true,"href":"https:\/\/agora.xtec.cat\/iesserrallarga\/wp-json\/wp\/v2\/comments?post=12399"}],"version-history":[{"count":4,"href":"https:\/\/agora.xtec.cat\/iesserrallarga\/wp-json\/wp\/v2\/pages\/12399\/revisions"}],"predecessor-version":[{"id":14345,"href":"https:\/\/agora.xtec.cat\/iesserrallarga\/wp-json\/wp\/v2\/pages\/12399\/revisions\/14345"}],"wp:attachment":[{"href":"https:\/\/agora.xtec.cat\/iesserrallarga\/wp-json\/wp\/v2\/media?parent=12399"}],"curies":[{"name":"wp","href":"https:\/\/api.w.org\/{rel}","templated":true}]}}