{"id":10210,"date":"2023-06-27T12:04:45","date_gmt":"2023-06-27T10:04:45","guid":{"rendered":"https:\/\/agora.xtec.cat\/iesserrallarga\/?page_id=10210"},"modified":"2023-06-27T12:39:25","modified_gmt":"2023-06-27T10:39:25","slug":"avaluacio-i-millora","status":"publish","type":"page","link":"https:\/\/agora.xtec.cat\/iesserrallarga\/linstitut\/edc\/estrategia-digital\/avaluacio-i-millora\/","title":{"rendered":"Avaluaci\u00f3 i millora"},"content":{"rendered":"<p><span style=\"font-weight: 400;\">Es portar\u00e0 a terme un proc\u00e9s d\u2019avaluaci\u00f3 cont\u00ednua per seguir i modificar, si s\u2019escau, l\u2019Estrat\u00e8gia Digital de Centre (EDC).\u00a0 Se seguiran els seg\u00fcents acords:<\/span><\/p>\n<ol>\n<li><span style=\"font-weight: 400;\"> Reunions peri\u00f2diques amb el director del centre (m\u00ednim 1 cop al trimestre), per informar sobre les accions i activitats portades a terme, segons la planificaci\u00f3 de l\u2019EDC.<\/span><\/li>\n<li><span style=\"font-weight: 400;\"> Reuni\u00f3 a final de cada curs amb l\u2019equip directiu i caps de departament per avaluar l\u2019evoluci\u00f3 de l\u2019EDC durant el curs i acordar noves accions\/activitats pel pr\u00f2xim curs escolar.<\/span><\/li>\n<li><span style=\"font-weight: 400;\"> Reuni\u00f3 al final del per\u00edode d\u2019implantaci\u00f3 de l\u2019EDC el curs 2025-2026 per avaluar tot el proc\u00e9s d\u2019accions i activitats i la repercussi\u00f3 segons els objectius inicials plantejats.<\/span><\/li>\n<\/ol>\n<p>&nbsp;<\/p>\n<p><span style=\"font-weight: 400;\">Per a poder fer el seguiment de les activitats i l\u2019assoliment dels objectius s\u2019usar\u00e0 la seg\u00fcent taula:<\/span><\/p>\n<p><a href=\"https:\/\/agora.xtec.cat\/iesserrallarga\/wp-content\/uploads\/usu54\/2023\/06\/image56.png\"><img loading=\"lazy\" decoding=\"async\" class=\"alignnone size-full wp-image-10262\" src=\"https:\/\/agora.xtec.cat\/iesserrallarga\/wp-content\/uploads\/usu54\/2023\/06\/image56.png\" alt=\"\" width=\"801\" height=\"733\" srcset=\"https:\/\/agora.xtec.cat\/iesserrallarga\/wp-content\/uploads\/usu54\/2023\/06\/image56.png 801w, https:\/\/agora.xtec.cat\/iesserrallarga\/wp-content\/uploads\/usu54\/2023\/06\/image56-300x275.png 300w, https:\/\/agora.xtec.cat\/iesserrallarga\/wp-content\/uploads\/usu54\/2023\/06\/image56-768x703.png 768w\" sizes=\"auto, (max-width: 801px) 100vw, 801px\" \/><\/a><\/p>\n<p>&nbsp;<\/p>\n","protected":false},"excerpt":{"rendered":"<p>Es portar\u00e0 a terme un proc\u00e9s d\u2019avaluaci\u00f3 cont\u00ednua per seguir i modificar, si s\u2019escau, l\u2019Estrat\u00e8gia Digital de Centre (EDC).\u00a0 Se seguiran els seg\u00fcents acords:<\/p>\n<ol>\n<li> Reunions peri\u00f2diques amb el director del centre (m\u00ednim 1 cop al trimestre), per informar sobre les accions i activitats portades a&hellip;  <a href=\"https:\/\/agora.xtec.cat\/iesserrallarga\/linstitut\/edc\/estrategia-digital\/avaluacio-i-millora\/\" title=\"Read Avaluaci\u00f3 i millora\">Llegeix m\u00e9s\u00bb<\/a><br \/>\n","protected":false},"author":146,"featured_media":0,"parent":10159,"menu_order":0,"comment_status":"closed","ping_status":"closed","template":"page-templates\/side-menu.php","meta":{"_bbp_topic_count":0,"_bbp_reply_count":0,"_bbp_total_topic_count":0,"_bbp_total_reply_count":0,"_bbp_voice_count":0,"_bbp_anonymous_reply_count":0,"_bbp_topic_count_hidden":0,"_bbp_reply_count_hidden":0,"_bbp_forum_subforum_count":0,"footnotes":""},"class_list":["post-10210","page","type-page","status-publish","hentry"],"post_mailing_queue_ids":[],"_links":{"self":[{"href":"https:\/\/agora.xtec.cat\/iesserrallarga\/wp-json\/wp\/v2\/pages\/10210","targetHints":{"allow":["GET"]}}],"collection":[{"href":"https:\/\/agora.xtec.cat\/iesserrallarga\/wp-json\/wp\/v2\/pages"}],"about":[{"href":"https:\/\/agora.xtec.cat\/iesserrallarga\/wp-json\/wp\/v2\/types\/page"}],"author":[{"embeddable":true,"href":"https:\/\/agora.xtec.cat\/iesserrallarga\/wp-json\/wp\/v2\/users\/146"}],"replies":[{"embeddable":true,"href":"https:\/\/agora.xtec.cat\/iesserrallarga\/wp-json\/wp\/v2\/comments?post=10210"}],"version-history":[{"count":3,"href":"https:\/\/agora.xtec.cat\/iesserrallarga\/wp-json\/wp\/v2\/pages\/10210\/revisions"}],"predecessor-version":[{"id":10281,"href":"https:\/\/agora.xtec.cat\/iesserrallarga\/wp-json\/wp\/v2\/pages\/10210\/revisions\/10281"}],"up":[{"embeddable":true,"href":"https:\/\/agora.xtec.cat\/iesserrallarga\/wp-json\/wp\/v2\/pages\/10159"}],"wp:attachment":[{"href":"https:\/\/agora.xtec.cat\/iesserrallarga\/wp-json\/wp\/v2\/media?parent=10210"}],"curies":[{"name":"wp","href":"https:\/\/api.w.org\/{rel}","templated":true}]}}