{"id":652,"date":"2021-02-26T00:01:31","date_gmt":"2021-02-25T23:01:31","guid":{"rendered":"https:\/\/agora.xtec.cat\/iessentmenat\/?page_id=652"},"modified":"2026-04-29T10:55:44","modified_gmt":"2026-04-29T08:55:44","slug":"preinscripcio-eso","status":"publish","type":"page","link":"https:\/\/agora.xtec.cat\/iessentmenat\/secretaria\/preinscripcio-eso\/","title":{"rendered":"Preinscripci\u00f3 ESO"},"content":{"rendered":"<p><strong>ESO 2026-2027<\/strong><\/p>\n<ul>\n<li><strong>Preinscripci\u00f3: del 6 al 18 mar\u00e7<\/strong><\/li>\n<li><strong>Matr\u00edcula: del 22 al 30 de juny<\/strong><\/li>\n<\/ul>\n<div>\n<div id=\"m_-6456615928279158061gmail-h.2b5e6ff0570e7c53_36\">\n<div>\n<div>\n<p dir=\"ltr\">Tota la informaci\u00f3 de la preinscripci\u00f3 al web del Departament d\u2019Educaci\u00f3:<br \/>\n<a href=\"https:\/\/preinscripcio.gencat.cat\/ca\/estudis\/eso\/inici\/\" target=\"_blank\" rel=\"noopener\">La preinscripci\u00f3 escolar a l\u2019educaci\u00f3 secund\u00e0ria obligat\u00f2ria (ESO)<\/a><\/p>\n<\/div>\n<\/div>\n<\/div>\n<\/div>\n<hr \/>\n<p><a href=\"https:\/\/agora.xtec.cat\/iessentmenat\/docs\/llista-de-sollicituds-que-han-demanat-el-centre-i-lensenyament-en-primera-peticio-ordenada-a-29-04-2026\/?bp-attachment=Llista-ordenada-barem-definitiu-ESO.pdf\" target=\"_blank\" rel=\"noopener\">Llista de sol\u00b7licituds que han demanat el centre i l&#8217;ensenyament en primera petici\u00f3 ordenada a 29\/04\/2026 amb barem definitiu.<\/a><\/p>\n<hr \/>\n<p><a href=\"https:\/\/agora.xtec.cat\/iessentmenat\/docs\/llista-de-sollicituds-que-han-demanat-el-centre-i-lensenyament-en-primera-peticio-amb-la-puntuacio-provisional-a-15-04-2026\/?bp-attachment=Llista-puntuacio-provisional-ESO-26-27.pdf\" target=\"_blank\" rel=\"noopener\">Llista de sol\u00b7licituds que han demanat el centre i l&#8217;ensenyament en primera petici\u00f3 amb la puntuaci\u00f3 provisional a 15\/04\/2026<\/a><\/p>\n<hr \/>\n<p><a href=\"https:\/\/agora.xtec.cat\/iessentmenat\/wp-content\/uploads\/usu2420\/2026\/03\/oferta-eso-26.jpg\"><img loading=\"lazy\" decoding=\"async\" class=\"alignnone wp-image-4346 size-full\" src=\"https:\/\/agora.xtec.cat\/iessentmenat\/wp-content\/uploads\/usu2420\/2026\/03\/oferta-eso-26.jpg\" alt=\"\" width=\"861\" height=\"416\" srcset=\"https:\/\/agora.xtec.cat\/iessentmenat\/wp-content\/uploads\/usu2420\/2026\/03\/oferta-eso-26.jpg 861w, https:\/\/agora.xtec.cat\/iessentmenat\/wp-content\/uploads\/usu2420\/2026\/03\/oferta-eso-26-300x145.jpg 300w, https:\/\/agora.xtec.cat\/iessentmenat\/wp-content\/uploads\/usu2420\/2026\/03\/oferta-eso-26-768x371.jpg 768w\" sizes=\"auto, (max-width: 861px) 100vw, 861px\" \/><\/a><\/p>\n","protected":false},"excerpt":{"rendered":"<p>ESO 2026-2027<\/p>\n<ul>\n<li>Preinscripci\u00f3: del 6 al 18 mar\u00e7<\/li>\n<li>Matr\u00edcula: del 22 al 30 de juny<\/li>\n<\/ul>\n<p>Tota la informaci\u00f3 de la preinscripci\u00f3 al web del Departament d\u2019Educaci\u00f3:<br \/>\n<a href=\"https:\/\/preinscripcio.gencat.cat\/ca\/estudis\/eso\/inici\/\" target=\"_blank\" rel=\"noopener\">La preinscripci\u00f3 escolar a l\u2019educaci\u00f3 secund\u00e0ria obligat\u00f2ria (ESO)<\/a><\/p>\n<p><a href=\"https:\/\/agora.xtec.cat\/iessentmenat\/docs\/llista-de-sollicituds-que-han-demanat-el-centre-i-lensenyament-en-primera-peticio-ordenada-a-29-04-2026\/?bp-attachment=Llista-ordenada-barem-definitiu-ESO.pdf\" target=\"_blank\" rel=\"noopener\">Llista de sol\u00b7licituds que han demanat el centre i l&#8217;ensenyament&hellip;  <a href=\"https:\/\/agora.xtec.cat\/iessentmenat\/secretaria\/preinscripcio-eso\/\" title=\"Read Preinscripci\u00f3 ESO\">Llegeix m\u00e9s\u00bb<\/a><\/p>\n","protected":false},"author":1,"featured_media":0,"parent":81,"menu_order":40,"comment_status":"closed","ping_status":"closed","template":"page-templates\/side-menu.php","meta":{"_bbp_topic_count":0,"_bbp_reply_count":0,"_bbp_total_topic_count":0,"_bbp_total_reply_count":0,"_bbp_voice_count":0,"_bbp_anonymous_reply_count":0,"_bbp_topic_count_hidden":0,"_bbp_reply_count_hidden":0,"_bbp_forum_subforum_count":0,"footnotes":""},"class_list":["post-652","page","type-page","status-publish","hentry"],"post_mailing_queue_ids":[],"_links":{"self":[{"href":"https:\/\/agora.xtec.cat\/iessentmenat\/wp-json\/wp\/v2\/pages\/652","targetHints":{"allow":["GET"]}}],"collection":[{"href":"https:\/\/agora.xtec.cat\/iessentmenat\/wp-json\/wp\/v2\/pages"}],"about":[{"href":"https:\/\/agora.xtec.cat\/iessentmenat\/wp-json\/wp\/v2\/types\/page"}],"author":[{"embeddable":true,"href":"https:\/\/agora.xtec.cat\/iessentmenat\/wp-json\/wp\/v2\/users\/1"}],"replies":[{"embeddable":true,"href":"https:\/\/agora.xtec.cat\/iessentmenat\/wp-json\/wp\/v2\/comments?post=652"}],"version-history":[{"count":6,"href":"https:\/\/agora.xtec.cat\/iessentmenat\/wp-json\/wp\/v2\/pages\/652\/revisions"}],"predecessor-version":[{"id":4527,"href":"https:\/\/agora.xtec.cat\/iessentmenat\/wp-json\/wp\/v2\/pages\/652\/revisions\/4527"}],"up":[{"embeddable":true,"href":"https:\/\/agora.xtec.cat\/iessentmenat\/wp-json\/wp\/v2\/pages\/81"}],"wp:attachment":[{"href":"https:\/\/agora.xtec.cat\/iessentmenat\/wp-json\/wp\/v2\/media?parent=652"}],"curies":[{"name":"wp","href":"https:\/\/api.w.org\/{rel}","templated":true}]}}