{"id":3922,"date":"2025-10-25T21:07:42","date_gmt":"2025-10-25T19:07:42","guid":{"rendered":"https:\/\/agora.xtec.cat\/iessentmenat\/?page_id=3922"},"modified":"2025-10-30T12:48:17","modified_gmt":"2025-10-30T11:48:17","slug":"programa-salut-i-escola","status":"publish","type":"page","link":"https:\/\/agora.xtec.cat\/iessentmenat\/serveis\/programa-salut-i-escola\/","title":{"rendered":"Programa Salut i Escola"},"content":{"rendered":"<p dir=\"ltr\">El programa Salut i Escola (PSiE) impulsat pel Departament d&#8217;Educaci\u00f3 i el Depar<a href=\"https:\/\/agora.xtec.cat\/iessentmenat\/wp-content\/uploads\/usu2420\/2025\/10\/logo_sie-1.png\"><img loading=\"lazy\" decoding=\"async\" class=\"size-full wp-image-3951 alignright\" src=\"https:\/\/agora.xtec.cat\/iessentmenat\/wp-content\/uploads\/usu2420\/2025\/10\/logo_sie-1.png\" alt=\"\" width=\"247\" height=\"222\" \/><\/a>tament de Salut, busca, mitjan\u00e7ant la <strong>Consulta Oberta <\/strong>(professional d\u2019infermeria despla\u00e7at peri\u00f2dicament al centre docent), millorar la salut dels adolescents mitjan\u00e7ant accions de promoci\u00f3 de la salut, de prevenci\u00f3 de situacions de risc i d\u2019atenci\u00f3 preco\u00e7 per als problemes relacionats amb la salut mental, la salut afectiva i sexual, el consum de drogues, alcohol i tabac, amb garanties de privacitat, confidencialitat i proximitat.<\/p>\n<p dir=\"ltr\">\u00c9s un recurs que el pot demanar TOT l&#8217;alumnat de l&#8217;Institut. La infermera responsable del programa Salut i Escola estar\u00e0 al centre tots els <strong>dimecres de 11:00h a 13:30h<\/strong>. L&#8217;atenci\u00f3 es fa a <b>espai polivalent<\/b> que hi ha al costat de la cantina<\/p>\n<p dir=\"ltr\">Com a novetat, aquest curs es podr\u00e0 demanar cita de manera discreta a trav\u00e9s de l\u2019agenda digital de la infermera, a la qual s&#8217;accedeix mitjan\u00e7ant l\u2019enlla\u00e7 del Classroom de tutoria.<\/p>\n<p dir=\"ltr\">L&#8217;alumnat que hi vagi ha de demanar la targeta &#8220;Perm\u00eds per sortir de l&#8217;aula&#8221;, ha d&#8217;anar-hi sol\/a i no tindr\u00e0 falta d&#8217;assist\u00e8ncia.<\/p>\n<p dir=\"ltr\">Teniu m\u00e9s informaci\u00f3 aqu\u00ed:<\/p>\n<p dir=\"ltr\"><a href=\"https:\/\/xtec.gencat.cat\/ca\/comunitat\/salutescola\/programasalutescola\/\" target=\"_blank\" rel=\"noopener\" data-saferedirecturl=\"https:\/\/www.google.com\/url?q=https:\/\/xtec.gencat.cat\/ca\/comunitat\/salutescola\/programasalutescola\/&amp;source=gmail&amp;ust=1761501170703000&amp;usg=AOvVaw3qnjS2qBUGC48_OLUpWtVv\">https:\/\/xtec.gencat.cat\/ca\/<wbr \/>comunitat\/salutescola\/<wbr \/>programasalutescola\/<\/a><\/p>\n","protected":false},"excerpt":{"rendered":"<p>El programa Salut i Escola (PSiE) impulsat pel Departament d&#8217;Educaci\u00f3 i el Depar<a href=\"https:\/\/agora.xtec.cat\/iessentmenat\/wp-content\/uploads\/usu2420\/2025\/10\/logo_sie-1.png\"><\/a>tament de Salut, busca, mitjan\u00e7ant la Consulta Oberta (professional d\u2019infermeria despla\u00e7at peri\u00f2dicament al centre docent), millorar la salut dels adolescents mitjan\u00e7ant accions de promoci\u00f3 de la salut, de prevenci\u00f3 de situacions de&hellip;  <a href=\"https:\/\/agora.xtec.cat\/iessentmenat\/serveis\/programa-salut-i-escola\/\" title=\"Read Programa Salut i Escola\">Llegeix m\u00e9s\u00bb<\/a><\/p>\n","protected":false},"author":1,"featured_media":0,"parent":63,"menu_order":40,"comment_status":"closed","ping_status":"closed","template":"page-templates\/side-menu.php","meta":{"_bbp_topic_count":0,"_bbp_reply_count":0,"_bbp_total_topic_count":0,"_bbp_total_reply_count":0,"_bbp_voice_count":0,"_bbp_anonymous_reply_count":0,"_bbp_topic_count_hidden":0,"_bbp_reply_count_hidden":0,"_bbp_forum_subforum_count":0,"footnotes":""},"class_list":["post-3922","page","type-page","status-publish","hentry"],"post_mailing_queue_ids":[],"_links":{"self":[{"href":"https:\/\/agora.xtec.cat\/iessentmenat\/wp-json\/wp\/v2\/pages\/3922","targetHints":{"allow":["GET"]}}],"collection":[{"href":"https:\/\/agora.xtec.cat\/iessentmenat\/wp-json\/wp\/v2\/pages"}],"about":[{"href":"https:\/\/agora.xtec.cat\/iessentmenat\/wp-json\/wp\/v2\/types\/page"}],"author":[{"embeddable":true,"href":"https:\/\/agora.xtec.cat\/iessentmenat\/wp-json\/wp\/v2\/users\/1"}],"replies":[{"embeddable":true,"href":"https:\/\/agora.xtec.cat\/iessentmenat\/wp-json\/wp\/v2\/comments?post=3922"}],"version-history":[{"count":2,"href":"https:\/\/agora.xtec.cat\/iessentmenat\/wp-json\/wp\/v2\/pages\/3922\/revisions"}],"predecessor-version":[{"id":3952,"href":"https:\/\/agora.xtec.cat\/iessentmenat\/wp-json\/wp\/v2\/pages\/3922\/revisions\/3952"}],"up":[{"embeddable":true,"href":"https:\/\/agora.xtec.cat\/iessentmenat\/wp-json\/wp\/v2\/pages\/63"}],"wp:attachment":[{"href":"https:\/\/agora.xtec.cat\/iessentmenat\/wp-json\/wp\/v2\/media?parent=3922"}],"curies":[{"name":"wp","href":"https:\/\/api.w.org\/{rel}","templated":true}]}}