{"id":1949,"date":"2023-01-25T12:49:07","date_gmt":"2023-01-25T11:49:07","guid":{"rendered":"https:\/\/agora.xtec.cat\/iessentmenat\/?page_id=1949"},"modified":"2023-12-15T11:04:45","modified_gmt":"2023-12-15T10:04:45","slug":"gestio-economica","status":"publish","type":"page","link":"https:\/\/agora.xtec.cat\/iessentmenat\/linstitut\/gestio-economica\/","title":{"rendered":"Gesti\u00f3 econ\u00f2mica"},"content":{"rendered":"<p>Consulteu aqu\u00ed tota la informaci\u00f3 de la <a href=\"https:\/\/drive.google.com\/drive\/folders\/1DGnRkQNCxHJki4N66fdMSLBIiCoRnzxq?usp=sharing\" target=\"_blank\" rel=\"noopener\">gesti\u00f3 econ\u00f2mica del nostre centre.<\/a><\/p>\n","protected":false},"excerpt":{"rendered":"<p>Consulteu aqu\u00ed tota la informaci\u00f3 de la <a href=\"https:\/\/drive.google.com\/drive\/folders\/1DGnRkQNCxHJki4N66fdMSLBIiCoRnzxq?usp=sharing\" target=\"_blank\" rel=\"noopener\">gesti\u00f3 econ\u00f2mica del nostre centre.<\/a><\/p>\n","protected":false},"author":1,"featured_media":0,"parent":19,"menu_order":120,"comment_status":"closed","ping_status":"closed","template":"page-templates\/side-menu.php","meta":{"_bbp_topic_count":0,"_bbp_reply_count":0,"_bbp_total_topic_count":0,"_bbp_total_reply_count":0,"_bbp_voice_count":0,"_bbp_anonymous_reply_count":0,"_bbp_topic_count_hidden":0,"_bbp_reply_count_hidden":0,"_bbp_forum_subforum_count":0,"footnotes":""},"class_list":["post-1949","page","type-page","status-publish","hentry"],"post_mailing_queue_ids":[],"_links":{"self":[{"href":"https:\/\/agora.xtec.cat\/iessentmenat\/wp-json\/wp\/v2\/pages\/1949","targetHints":{"allow":["GET"]}}],"collection":[{"href":"https:\/\/agora.xtec.cat\/iessentmenat\/wp-json\/wp\/v2\/pages"}],"about":[{"href":"https:\/\/agora.xtec.cat\/iessentmenat\/wp-json\/wp\/v2\/types\/page"}],"author":[{"embeddable":true,"href":"https:\/\/agora.xtec.cat\/iessentmenat\/wp-json\/wp\/v2\/users\/1"}],"replies":[{"embeddable":true,"href":"https:\/\/agora.xtec.cat\/iessentmenat\/wp-json\/wp\/v2\/comments?post=1949"}],"version-history":[{"count":3,"href":"https:\/\/agora.xtec.cat\/iessentmenat\/wp-json\/wp\/v2\/pages\/1949\/revisions"}],"predecessor-version":[{"id":2464,"href":"https:\/\/agora.xtec.cat\/iessentmenat\/wp-json\/wp\/v2\/pages\/1949\/revisions\/2464"}],"up":[{"embeddable":true,"href":"https:\/\/agora.xtec.cat\/iessentmenat\/wp-json\/wp\/v2\/pages\/19"}],"wp:attachment":[{"href":"https:\/\/agora.xtec.cat\/iessentmenat\/wp-json\/wp\/v2\/media?parent=1949"}],"curies":[{"name":"wp","href":"https:\/\/api.w.org\/{rel}","templated":true}]}}