{"id":7,"date":"2024-01-31T10:14:31","date_gmt":"2024-01-31T09:14:31","guid":{"rendered":"http:\/\/agora.xtec.cat\/iessantramon\/?page_id=7"},"modified":"2024-10-31T14:09:12","modified_gmt":"2024-10-31T13:09:12","slug":"pagines-dinici","status":"publish","type":"page","link":"https:\/\/agora.xtec.cat\/iessantramon\/pagines-dinici\/","title":{"rendered":"Beques i Ajuts"},"content":{"rendered":"<p>Des de l&#8217;institut us informem\u00a0 de totes les beques i\/o ajuts destinats a l&#8217;alumnat.<\/p>\n<table style=\"height: 124px;\">\n<tbody>\n<tr style=\"height: 31px;\">\n<td style=\"height: 31px; width: 317px;\">Beca NEE, de Necessitats educatives especials<\/td>\n<td style=\"height: 31px; width: 265px;\">Termini de sol\u00b7licituds: de maig a 30 de setembre<\/td>\n<td style=\"height: 31px; width: 566px;\">Alumnat d&#8217;ESO amb Necessitats Educatives que acudeixin a centres de suport educatiu<\/td>\n<\/tr>\n<tr style=\"height: 31px;\">\n<td style=\"height: 31px; width: 317px;\">Beca Batxillerat o Cicles<\/td>\n<td style=\"height: 31px; width: 265px;\">Termini de sol\u00b7licituds: del 27 de mar\u00e7 al 17 de maig. <a href=\"https:\/\/educacio.gencat.cat\/ca\/serveis-tramits\/beques\/beques-postobligatoris\/\">https:\/\/educacio.gencat.cat\/ca\/serveis-tramits\/beques\/beques-postobligatoris\/<\/a><\/p>\n<p><a href=\"https:\/\/agora.xtec.cat\/iessantramon\/wp-content\/uploads\/usu387\/2023\/04\/Pas_a_pas_alta_sol_licitud_beca_curs_23_24.pdf\">Pas_a_pas_alta_sol_licitud_beca_curs_23_24<\/a><\/td>\n<td style=\"height: 31px; width: 566px;\">Ajut als estudis i a l&#8217;excel\u00b7l\u00e8ncia acad\u00e8mica.<\/td>\n<\/tr>\n<tr>\n<td style=\"width: 317px;\">Beca Universit\u00e0ria<\/td>\n<td style=\"width: 265px;\">Termini de sol\u00b7licituds: del 27 de mar\u00e7 al 17 de maig. <a href=\"https:\/\/agaur.gencat.cat\/ca\/beques-i-ajuts\/pagines-especials\/beques-i-ajuts-per-estudis-universitaris1\/beca-general-ministeri\/\">https:\/\/agaur.gencat.cat\/ca\/beques-i-ajuts\/pagines-especials\/beques-i-ajuts-per-estudis-universitaris1\/beca-general-ministeri\/<\/a><\/td>\n<td style=\"width: 566px;\">Ajuts als estudis universitaris<\/td>\n<\/tr>\n<tr style=\"height: 31px;\">\n<td style=\"height: 31px; width: 317px;\">Ajut Ajuntament (serveis socials)<\/td>\n<td style=\"height: 31px; width: 265px;\">Termini de sol\u00b7licituds: setembre<\/td>\n<td style=\"height: 31px; width: 566px;\">Ajut per material escolar i did\u00e0ctic de prim\u00e0ria i ESO. 70 \u20ac<\/td>\n<\/tr>\n<tr style=\"height: 31px;\">\n<td style=\"height: 31px; width: 317px;\">Premis Extraordinaris de Batxillerat<\/td>\n<td style=\"height: 31px; width: 265px;\">Termini de sol\u00b7licituds: finals de maig<\/td>\n<td style=\"height: 31px; width: 566px;\">Alumnes amb qualificaci\u00f3 mitjana igual o superior a 8,75<\/td>\n<\/tr>\n<\/tbody>\n<\/table>\n<blockquote class=\"wp-embedded-content\" data-secret=\"usAHjZNfHp\"><p><a href=\"https:\/\/agora.xtec.cat\/iessantramon\/ajuts-destudis-24-25\/\">AJUTS D&#8217;ESTUDIS 24\/25<\/a><\/p><\/blockquote>\n<p><iframe loading=\"lazy\" class=\"wp-embedded-content\" sandbox=\"allow-scripts\" security=\"restricted\" style=\"position: absolute; clip: rect(1px, 1px, 1px, 1px);\" title=\"&#8220;AJUTS D&#8217;ESTUDIS 24\/25&#8221; &#8212; Institut Sant Ramon\" src=\"https:\/\/agora.xtec.cat\/iessantramon\/ajuts-destudis-24-25\/embed\/#?secret=gmsgQ4QEFM#?secret=usAHjZNfHp\" data-secret=\"usAHjZNfHp\" width=\"500\" height=\"282\" frameborder=\"0\" marginwidth=\"0\" marginheight=\"0\" scrolling=\"no\"><\/iframe><\/p>\n<p>Aqu\u00ed us deixem l&#8217;enlla\u00e7 de les principals beques i\/o ajuts disponibles:\u00a0<a href=\"http:\/\/ensenyament.gencat.cat\/ca\/serveis-tramits\/beques\/\">http:\/\/ensenyament.gencat.cat\/ca\/serveis-tramits\/beques\/<\/a><\/p>\n<p>I dels ajuts d&#8217;immersi\u00f3 ling\u00fc\u00edstica:<a href=\"http:\/\/www.educacionyfp.gob.es\/servicios-al-ciudadano-mecd\/catalogo\/educacion\/estudiantes\/becas-ayudas\/para-estudiar\/idiomas.html\">\u00a0http:\/\/www.educacionyfp.gob.es\/servicios-al-ciudadano-mecd\/catalogo\/educacion\/estudiantes\/becas-ayudas\/para-estudiar\/idiomas.html<\/a><\/p>\n<p>&nbsp;<\/p>\n","protected":false},"excerpt":{"rendered":"<p>Des de l&#8217;institut us informem\u00a0 de totes les beques i\/o ajuts destinats a l&#8217;alumnat. Beca NEE, de Necessitats educatives especials Termini de sol\u00b7licituds: de maig a 30 de setembre Alumnat d&#8217;ESO amb Necessitats Educatives que acudeixin a centres de suport educatiu Beca Batxillerat o Cicles Termini de sol\u00b7licituds: del 27 de mar\u00e7 al 17 de [&hellip;]<\/p>\n","protected":false},"author":1,"featured_media":0,"parent":0,"menu_order":0,"comment_status":"closed","ping_status":"closed","template":"","meta":{"_bbp_topic_count":0,"_bbp_reply_count":0,"_bbp_total_topic_count":0,"_bbp_total_reply_count":0,"_bbp_voice_count":0,"_bbp_anonymous_reply_count":0,"_bbp_topic_count_hidden":0,"_bbp_reply_count_hidden":0,"_bbp_forum_subforum_count":0,"site-sidebar-layout":"default","site-content-layout":"","ast-site-content-layout":"","site-content-style":"default","site-sidebar-style":"default","ast-global-header-display":"","ast-banner-title-visibility":"","ast-main-header-display":"","ast-hfb-above-header-display":"","ast-hfb-below-header-display":"","ast-hfb-mobile-header-display":"","site-post-title":"","ast-breadcrumbs-content":"","ast-featured-img":"","footer-sml-layout":"","theme-transparent-header-meta":"","adv-header-id-meta":"","stick-header-meta":"","header-above-stick-meta":"","header-main-stick-meta":"","header-below-stick-meta":"","astra-migrate-meta-layouts":"default","ast-page-background-enabled":"default","ast-page-background-meta":{"desktop":{"background-color":"var(--ast-global-color-4)","background-image":"","background-repeat":"repeat","background-position":"center center","background-size":"auto","background-attachment":"scroll","background-type":"","background-media":"","overlay-type":"","overlay-color":"","overlay-opacity":"","overlay-gradient":""},"tablet":{"background-color":"","background-image":"","background-repeat":"repeat","background-position":"center center","background-size":"auto","background-attachment":"scroll","background-type":"","background-media":"","overlay-type":"","overlay-color":"","overlay-opacity":"","overlay-gradient":""},"mobile":{"background-color":"","background-image":"","background-repeat":"repeat","background-position":"center center","background-size":"auto","background-attachment":"scroll","background-type":"","background-media":"","overlay-type":"","overlay-color":"","overlay-opacity":"","overlay-gradient":""}},"ast-content-background-meta":{"desktop":{"background-color":"var(--ast-global-color-5)","background-image":"","background-repeat":"repeat","background-position":"center center","background-size":"auto","background-attachment":"scroll","background-type":"","background-media":"","overlay-type":"","overlay-color":"","overlay-opacity":"","overlay-gradient":""},"tablet":{"background-color":"var(--ast-global-color-5)","background-image":"","background-repeat":"repeat","background-position":"center center","background-size":"auto","background-attachment":"scroll","background-type":"","background-media":"","overlay-type":"","overlay-color":"","overlay-opacity":"","overlay-gradient":""},"mobile":{"background-color":"var(--ast-global-color-5)","background-image":"","background-repeat":"repeat","background-position":"center center","background-size":"auto","background-attachment":"scroll","background-type":"","background-media":"","overlay-type":"","overlay-color":"","overlay-opacity":"","overlay-gradient":""}},"footnotes":""},"class_list":["post-7","page","type-page","status-publish","hentry"],"post_mailing_queue_ids":[],"_links":{"self":[{"href":"https:\/\/agora.xtec.cat\/iessantramon\/wp-json\/wp\/v2\/pages\/7","targetHints":{"allow":["GET"]}}],"collection":[{"href":"https:\/\/agora.xtec.cat\/iessantramon\/wp-json\/wp\/v2\/pages"}],"about":[{"href":"https:\/\/agora.xtec.cat\/iessantramon\/wp-json\/wp\/v2\/types\/page"}],"author":[{"embeddable":true,"href":"https:\/\/agora.xtec.cat\/iessantramon\/wp-json\/wp\/v2\/users\/1"}],"replies":[{"embeddable":true,"href":"https:\/\/agora.xtec.cat\/iessantramon\/wp-json\/wp\/v2\/comments?post=7"}],"version-history":[{"count":8,"href":"https:\/\/agora.xtec.cat\/iessantramon\/wp-json\/wp\/v2\/pages\/7\/revisions"}],"predecessor-version":[{"id":6337,"href":"https:\/\/agora.xtec.cat\/iessantramon\/wp-json\/wp\/v2\/pages\/7\/revisions\/6337"}],"wp:attachment":[{"href":"https:\/\/agora.xtec.cat\/iessantramon\/wp-json\/wp\/v2\/media?parent=7"}],"curies":[{"name":"wp","href":"https:\/\/api.w.org\/{rel}","templated":true}]}}