{"id":6415,"date":"2024-11-18T09:03:28","date_gmt":"2024-11-18T08:03:28","guid":{"rendered":"https:\/\/agora.xtec.cat\/iessantramon\/?page_id=6415"},"modified":"2024-11-28T08:20:20","modified_gmt":"2024-11-28T07:20:20","slug":"servei-de-transport-cicles-formatius","status":"publish","type":"page","link":"https:\/\/agora.xtec.cat\/iessantramon\/servei-de-transport-cicles-formatius\/","title":{"rendered":"Servei de transport cicles formatius"},"content":{"rendered":"<p>Transport subvencionat per la Generalitat per l&#8217;alumnat que viu a La Coromina o a Solsona (incl\u00f2s Pi de Sant Just) i vol realitzar el nostre cicle formatiu de grau mitj\u00e0 de Gesti\u00f3 administrativa.<\/p>\n<p>Per sol\u00b7licitar el servei cal trucar al Consell Comarcal del Solson\u00e8s, al tel. 973 48 20 03 i demanar per la Remei.<\/p>\n<p><strong>&#8211; Trajecte Solsona &#8211; Cardona, per iniciar les classes.<\/strong><\/p>\n<p>7.05 h &#8211; Sortida des de davant de la <em>Llibreria 3punts<\/em> (<a href=\"https:\/\/maps.app.goo.gl\/m4dXz2pgK6J2EDZdA\" target=\"_blank\" rel=\"noopener\" data-saferedirecturl=\"https:\/\/www.google.com\/url?q=https:\/\/maps.app.goo.gl\/m4dXz2pgK6J2EDZdA&amp;source=gmail&amp;ust=1732003111230000&amp;usg=AOvVaw1d7Hs8-y0WjObk3GnrWYiU\">https:\/\/maps.app.goo.<wbr \/>gl\/m4dXz2pgK6J2EDZdA<\/a>).<\/p>\n<p>7.35 h &#8211; Arribada a Cardona, a la parada del bus.<\/p>\n<p>&nbsp;<\/p>\n<p>&#8211; <strong>Trajecte\u00a0 Cardona &#8211; Solsona, en finalitzar les classes.<\/strong><\/p>\n<p>15.25 h &#8211; Sortida des de la parada de bus de Cardona.<\/p>\n<p>15.50 h &#8211; Arribada a Solsona, <em>Llibreria 3punts<\/em>.<\/p>\n<p>&nbsp;<\/p>\n<p>Tamb\u00e9 podeu trobar el servei de bus de Solsona a Manresa, o de Manresa a Solsona, en aquest enlla\u00e7:<\/p>\n<p><strong><a href=\"https:\/\/www.elsolsones.cat\/serveis-a-les-persones\/transport-1\/transport-public-solsona-manresa-barcelona\">https:\/\/www.elsolsones.cat\/serveis-a-les-persones\/transport-1\/transport-public-solsona-manresa-barcelona<\/a><\/strong><\/p>\n","protected":false},"excerpt":{"rendered":"<p>Transport subvencionat per la Generalitat per l&#8217;alumnat que viu a La Coromina o a Solsona (incl\u00f2s Pi de Sant Just) i vol realitzar el nostre cicle formatiu de grau mitj\u00e0 de Gesti\u00f3 administrativa. Per sol\u00b7licitar el servei cal trucar al Consell Comarcal del Solson\u00e8s, al tel. 973 48 20 03 i demanar per la Remei. [&hellip;]<\/p>\n","protected":false},"author":38,"featured_media":0,"parent":0,"menu_order":0,"comment_status":"closed","ping_status":"closed","template":"","meta":{"_bbp_topic_count":0,"_bbp_reply_count":0,"_bbp_total_topic_count":0,"_bbp_total_reply_count":0,"_bbp_voice_count":0,"_bbp_anonymous_reply_count":0,"_bbp_topic_count_hidden":0,"_bbp_reply_count_hidden":0,"_bbp_forum_subforum_count":0,"site-sidebar-layout":"default","site-content-layout":"","ast-site-content-layout":"","site-content-style":"default","site-sidebar-style":"default","ast-global-header-display":"","ast-banner-title-visibility":"","ast-main-header-display":"","ast-hfb-above-header-display":"","ast-hfb-below-header-display":"","ast-hfb-mobile-header-display":"","site-post-title":"","ast-breadcrumbs-content":"","ast-featured-img":"","footer-sml-layout":"","theme-transparent-header-meta":"","adv-header-id-meta":"","stick-header-meta":"","header-above-stick-meta":"","header-main-stick-meta":"","header-below-stick-meta":"","astra-migrate-meta-layouts":"default","ast-page-background-enabled":"default","ast-page-background-meta":{"desktop":{"background-color":"var(--ast-global-color-4)","background-image":"","background-repeat":"repeat","background-position":"center center","background-size":"auto","background-attachment":"scroll","background-type":"","background-media":"","overlay-type":"","overlay-color":"","overlay-opacity":"","overlay-gradient":""},"tablet":{"background-color":"","background-image":"","background-repeat":"repeat","background-position":"center center","background-size":"auto","background-attachment":"scroll","background-type":"","background-media":"","overlay-type":"","overlay-color":"","overlay-opacity":"","overlay-gradient":""},"mobile":{"background-color":"","background-image":"","background-repeat":"repeat","background-position":"center center","background-size":"auto","background-attachment":"scroll","background-type":"","background-media":"","overlay-type":"","overlay-color":"","overlay-opacity":"","overlay-gradient":""}},"ast-content-background-meta":{"desktop":{"background-color":"var(--ast-global-color-5)","background-image":"","background-repeat":"repeat","background-position":"center center","background-size":"auto","background-attachment":"scroll","background-type":"","background-media":"","overlay-type":"","overlay-color":"","overlay-opacity":"","overlay-gradient":""},"tablet":{"background-color":"var(--ast-global-color-5)","background-image":"","background-repeat":"repeat","background-position":"center center","background-size":"auto","background-attachment":"scroll","background-type":"","background-media":"","overlay-type":"","overlay-color":"","overlay-opacity":"","overlay-gradient":""},"mobile":{"background-color":"var(--ast-global-color-5)","background-image":"","background-repeat":"repeat","background-position":"center center","background-size":"auto","background-attachment":"scroll","background-type":"","background-media":"","overlay-type":"","overlay-color":"","overlay-opacity":"","overlay-gradient":""}},"footnotes":""},"class_list":["post-6415","page","type-page","status-publish","hentry"],"post_mailing_queue_ids":[],"_links":{"self":[{"href":"https:\/\/agora.xtec.cat\/iessantramon\/wp-json\/wp\/v2\/pages\/6415","targetHints":{"allow":["GET"]}}],"collection":[{"href":"https:\/\/agora.xtec.cat\/iessantramon\/wp-json\/wp\/v2\/pages"}],"about":[{"href":"https:\/\/agora.xtec.cat\/iessantramon\/wp-json\/wp\/v2\/types\/page"}],"author":[{"embeddable":true,"href":"https:\/\/agora.xtec.cat\/iessantramon\/wp-json\/wp\/v2\/users\/38"}],"replies":[{"embeddable":true,"href":"https:\/\/agora.xtec.cat\/iessantramon\/wp-json\/wp\/v2\/comments?post=6415"}],"version-history":[{"count":6,"href":"https:\/\/agora.xtec.cat\/iessantramon\/wp-json\/wp\/v2\/pages\/6415\/revisions"}],"predecessor-version":[{"id":6508,"href":"https:\/\/agora.xtec.cat\/iessantramon\/wp-json\/wp\/v2\/pages\/6415\/revisions\/6508"}],"wp:attachment":[{"href":"https:\/\/agora.xtec.cat\/iessantramon\/wp-json\/wp\/v2\/media?parent=6415"}],"curies":[{"name":"wp","href":"https:\/\/api.w.org\/{rel}","templated":true}]}}