{"id":27,"date":"2022-09-17T16:24:03","date_gmt":"2022-09-17T14:24:03","guid":{"rendered":"http:\/\/agora.xtec.cat\/iessantramon\/?page_id=27"},"modified":"2025-11-06T13:43:09","modified_gmt":"2025-11-06T12:43:09","slug":"historia","status":"publish","type":"page","link":"https:\/\/agora.xtec.cat\/iessantramon\/linstitut\/historia\/","title":{"rendered":"Hist\u00f2ria:  m\u00e9s de 50 anys dedicats a l\u2019ensenyament."},"content":{"rendered":"<p><span style=\"text-decoration: underline;\"><strong>Quin \u00e9s l&#8217;or\u00edgen del nostre edifici?<\/strong><\/span><\/p>\n<p>Aqu\u00ed podeu trobar-hi una mica d&#8217;hist\u00f2ria del que fou anteriorment el nostre centre: <a href=\"https:\/\/agora.xtec.cat\/iessantramon\/wp-content\/uploads\/usu387\/2025\/01\/UnaMicahistoria_Institut-Sant-Ramon.pdf\">UnaMicahist\u00f2ria_Institut Sant Ramon<\/a><\/p>\n<p><span style=\"text-decoration: underline;\"><strong>I despr\u00e9s? quin \u00e9s l&#8217;or\u00edgen com a centre educatiu?<\/strong><\/span><\/p>\n<p>El curs 1969-1970 va ser inaugurat el Centre Sindical de Formaci\u00f3 Professional, impartint els nivells que es determinaven a la Llei d\u2019Educaci\u00f3: Iniciaci\u00f3 Professional, Oficialia Industrial i Maestria Industrial, i les branques de Mec\u00e0nica, Electricitat, Qu\u00edmica i Delineaci\u00f3.<\/p>\n<p>El 14 de mar\u00e7 de 1980 es cre\u00e0 l\u2019Institut F.P. Sant Ramon; aquest es traspassaria a la Generalitat el 4 de novembre de 1983\u00a0 i, posteriorment, al Dept. d&#8217;Ensenyament (25-01-1984).<\/p>\n<p>L&#8217;any 1987 es cre\u00e0 l\u2019institut de Formaci\u00f3 Professional i d\u2019Ensenyament Secundari. I, no fou fins al juny de 1996 que hi hauria una transformaci\u00f3 en Institut d\u2019Educaci\u00f3 Secund\u00e0ria i\u00a0 s&#8217;implementaria del Batxillerat.<\/p>\n<p>El curs 19-20 es van celebrar els actes del cinquantenari de l&#8217;institut, els quals no es van poder dur a terme del tot degut a la pand\u00e8mia (covid-19).<\/p>\n<p>&nbsp;<\/p>\n<p><a href=\"https:\/\/agora.xtec.cat\/iessantramon\/wp-content\/uploads\/usu387\/2023\/03\/cartell-50-anys-scaled.jpg\"><img loading=\"lazy\" decoding=\"async\" class=\"alignnone size-medium wp-image-5313\" src=\"https:\/\/agora.xtec.cat\/iessantramon\/wp-content\/uploads\/usu387\/2023\/03\/cartell-50-anys-215x300.jpg\" alt=\"\" width=\"215\" height=\"300\" srcset=\"https:\/\/agora.xtec.cat\/iessantramon\/wp-content\/uploads\/usu387\/2023\/03\/cartell-50-anys-215x300.jpg 215w, https:\/\/agora.xtec.cat\/iessantramon\/wp-content\/uploads\/usu387\/2023\/03\/cartell-50-anys-735x1024.jpg 735w, https:\/\/agora.xtec.cat\/iessantramon\/wp-content\/uploads\/usu387\/2023\/03\/cartell-50-anys-768x1070.jpg 768w, https:\/\/agora.xtec.cat\/iessantramon\/wp-content\/uploads\/usu387\/2023\/03\/cartell-50-anys-1103x1536.jpg 1103w, https:\/\/agora.xtec.cat\/iessantramon\/wp-content\/uploads\/usu387\/2023\/03\/cartell-50-anys-1470x2048.jpg 1470w, https:\/\/agora.xtec.cat\/iessantramon\/wp-content\/uploads\/usu387\/2023\/03\/cartell-50-anys-scaled.jpg 1838w\" sizes=\"auto, (max-width: 215px) 100vw, 215px\" \/><\/a><\/p>\n","protected":false},"excerpt":{"rendered":"<p>Quin \u00e9s l&#8217;or\u00edgen del nostre edifici? Aqu\u00ed podeu trobar-hi una mica d&#8217;hist\u00f2ria del que fou anteriorment el nostre centre: UnaMicahist\u00f2ria_Institut Sant Ramon I despr\u00e9s? quin \u00e9s l&#8217;or\u00edgen com a centre educatiu? El curs 1969-1970 va ser inaugurat el Centre Sindical de Formaci\u00f3 Professional, impartint els nivells que es determinaven a la Llei d\u2019Educaci\u00f3: Iniciaci\u00f3 Professional, [&hellip;]<\/p>\n","protected":false},"author":1,"featured_media":0,"parent":19,"menu_order":20,"comment_status":"closed","ping_status":"closed","template":"","meta":{"_bbp_topic_count":0,"_bbp_reply_count":0,"_bbp_total_topic_count":0,"_bbp_total_reply_count":0,"_bbp_voice_count":0,"_bbp_anonymous_reply_count":0,"_bbp_topic_count_hidden":0,"_bbp_reply_count_hidden":0,"_bbp_forum_subforum_count":0,"site-sidebar-layout":"default","site-content-layout":"","ast-site-content-layout":"default","site-content-style":"default","site-sidebar-style":"default","ast-global-header-display":"","ast-banner-title-visibility":"","ast-main-header-display":"","ast-hfb-above-header-display":"","ast-hfb-below-header-display":"","ast-hfb-mobile-header-display":"","site-post-title":"","ast-breadcrumbs-content":"","ast-featured-img":"","footer-sml-layout":"","theme-transparent-header-meta":"default","adv-header-id-meta":"","stick-header-meta":"","header-above-stick-meta":"","header-main-stick-meta":"","header-below-stick-meta":"","astra-migrate-meta-layouts":"set","ast-page-background-enabled":"default","ast-page-background-meta":{"desktop":{"background-color":"var(--ast-global-color-4)","background-image":"","background-repeat":"repeat","background-position":"center center","background-size":"auto","background-attachment":"scroll","background-type":"","background-media":"","overlay-type":"","overlay-color":"","overlay-opacity":"","overlay-gradient":""},"tablet":{"background-color":"","background-image":"","background-repeat":"repeat","background-position":"center center","background-size":"auto","background-attachment":"scroll","background-type":"","background-media":"","overlay-type":"","overlay-color":"","overlay-opacity":"","overlay-gradient":""},"mobile":{"background-color":"","background-image":"","background-repeat":"repeat","background-position":"center center","background-size":"auto","background-attachment":"scroll","background-type":"","background-media":"","overlay-type":"","overlay-color":"","overlay-opacity":"","overlay-gradient":""}},"ast-content-background-meta":{"desktop":{"background-color":"var(--ast-global-color-5)","background-image":"","background-repeat":"repeat","background-position":"center center","background-size":"auto","background-attachment":"scroll","background-type":"","background-media":"","overlay-type":"","overlay-color":"","overlay-opacity":"","overlay-gradient":""},"tablet":{"background-color":"var(--ast-global-color-5)","background-image":"","background-repeat":"repeat","background-position":"center center","background-size":"auto","background-attachment":"scroll","background-type":"","background-media":"","overlay-type":"","overlay-color":"","overlay-opacity":"","overlay-gradient":""},"mobile":{"background-color":"var(--ast-global-color-5)","background-image":"","background-repeat":"repeat","background-position":"center center","background-size":"auto","background-attachment":"scroll","background-type":"","background-media":"","overlay-type":"","overlay-color":"","overlay-opacity":"","overlay-gradient":""}},"footnotes":""},"class_list":["post-27","page","type-page","status-publish","hentry"],"post_mailing_queue_ids":[],"_links":{"self":[{"href":"https:\/\/agora.xtec.cat\/iessantramon\/wp-json\/wp\/v2\/pages\/27","targetHints":{"allow":["GET"]}}],"collection":[{"href":"https:\/\/agora.xtec.cat\/iessantramon\/wp-json\/wp\/v2\/pages"}],"about":[{"href":"https:\/\/agora.xtec.cat\/iessantramon\/wp-json\/wp\/v2\/types\/page"}],"author":[{"embeddable":true,"href":"https:\/\/agora.xtec.cat\/iessantramon\/wp-json\/wp\/v2\/users\/1"}],"replies":[{"embeddable":true,"href":"https:\/\/agora.xtec.cat\/iessantramon\/wp-json\/wp\/v2\/comments?post=27"}],"version-history":[{"count":6,"href":"https:\/\/agora.xtec.cat\/iessantramon\/wp-json\/wp\/v2\/pages\/27\/revisions"}],"predecessor-version":[{"id":7386,"href":"https:\/\/agora.xtec.cat\/iessantramon\/wp-json\/wp\/v2\/pages\/27\/revisions\/7386"}],"up":[{"embeddable":true,"href":"https:\/\/agora.xtec.cat\/iessantramon\/wp-json\/wp\/v2\/pages\/19"}],"wp:attachment":[{"href":"https:\/\/agora.xtec.cat\/iessantramon\/wp-json\/wp\/v2\/media?parent=27"}],"curies":[{"name":"wp","href":"https:\/\/api.w.org\/{rel}","templated":true}]}}