{"id":664,"date":"2019-01-13T15:38:19","date_gmt":"2019-01-13T14:38:19","guid":{"rendered":"https:\/\/agora.xtec.cat\/iessantquirze\/?page_id=664"},"modified":"2026-04-08T19:31:25","modified_gmt":"2026-04-08T17:31:25","slug":"batxillerat","status":"publish","type":"page","link":"https:\/\/agora.xtec.cat\/iessantquirze\/estudis\/batxillerat\/","title":{"rendered":"Batxillerat"},"content":{"rendered":"<h4>Organitzaci\u00f3 batxillerat<\/h4>\n<h6 style=\"padding-left: 40px;\"><a href=\"https:\/\/drive.google.com\/file\/d\/1oTdMNdNVmAuGaRnfUR-LUSBM2rCyPJE2\/view?usp=sharing\" target=\"_blank\" rel=\"noopener\">Itineraris Batxillerat\u00a0<\/a><\/h6>\n<h5 style=\"padding-left: 40px;\"><a href=\"https:\/\/docs.google.com\/presentation\/d\/1v_oGHfCH-IioSy-zepTvL6i9WWnxDAC4\/edit?usp=sharing&amp;ouid=104792183891342258257&amp;rtpof=true&amp;sd=true\" target=\"_blank\" rel=\"noopener\">Projecte educatiu de l&#8217;Institut Sant Quirze del Vall\u00e8s<\/a><\/h5>\n<h4>Modalitats de Batxillerat a l&#8217;ISQV<\/h4>\n<h6 style=\"padding-left: 40px;\"><a href=\"https:\/\/agora.xtec.cat\/iessantquirze\/batxillerat-artistic\/\">Batxillerat d&#8217;arts pl\u00e0stiques, imatge i disseny<\/a><\/h6>\n<h6 style=\"padding-left: 40px;\"><a href=\"https:\/\/drive.google.com\/file\/d\/1xafdvQuzfcS9MJpOm0jpX7obrGqvEkvp\/view?usp=sharing\" target=\"_blank\" rel=\"noopener\">Batxillerat cient\u00edfic-tecnol\u00f2gic<\/a><\/h6>\n<h6 style=\"padding-left: 40px;\"><a href=\"https:\/\/drive.google.com\/file\/d\/1Bk_qQCWcO9Q50M3CXd5-XxJTBrmZA04u\/view?usp=sharing\" target=\"_blank\" rel=\"noopener\">Batxillerat human\u00edstic-social<\/a><\/h6>\n<h4>PAU<\/h4>\n<p>Pots trobar tota la informaci\u00f3 sobre les PAU<a href=\"https:\/\/universitats.gencat.cat\/ca\/inici\/\" target=\"_blank\" rel=\"noopener\"> clicant aqu\u00ed.\u00a0<\/a><\/p>\n<h4>CICLES FORMATIUS DE GRAU SUPERIOR<\/h4>\n<p>Pots trobar tota la informaci\u00f3 sobre els CFGS <a href=\"https:\/\/triaeducativa.gencat.cat\/ca\/fp\/grau-superior\/index.html\" target=\"_blank\" rel=\"noopener\">clicant aqu\u00ed.<\/a><\/p>\n","protected":false},"excerpt":{"rendered":"<p>Organitzaci\u00f3 batxillerat Itineraris Batxillerat\u00a0 Projecte educatiu de l&#8217;Institut Sant Quirze del Vall\u00e8s Modalitats de Batxillerat a l&#8217;ISQV Batxillerat d&#8217;arts pl\u00e0stiques, imatge i disseny Batxillerat cient\u00edfic-tecnol\u00f2gic Batxillerat human\u00edstic-social PAU Pots trobar tota la informaci\u00f3 sobre les PAU clicant aqu\u00ed.\u00a0 CICLES FORMATIUS DE GRAU SUPERIOR Pots trobar tota la informaci\u00f3 sobre els CFGS clicant aqu\u00ed.<\/p>\n","protected":false},"author":1,"featured_media":0,"parent":195,"menu_order":3,"comment_status":"closed","ping_status":"closed","template":"","meta":{"_bbp_topic_count":0,"_bbp_reply_count":0,"_bbp_total_topic_count":0,"_bbp_total_reply_count":0,"_bbp_voice_count":0,"_bbp_anonymous_reply_count":0,"_bbp_topic_count_hidden":0,"_bbp_reply_count_hidden":0,"_bbp_forum_subforum_count":0,"site-sidebar-layout":"default","site-content-layout":"","ast-site-content-layout":"default","site-content-style":"default","site-sidebar-style":"default","ast-global-header-display":"","ast-banner-title-visibility":"","ast-main-header-display":"","ast-hfb-above-header-display":"","ast-hfb-below-header-display":"","ast-hfb-mobile-header-display":"","site-post-title":"","ast-breadcrumbs-content":"","ast-featured-img":"","footer-sml-layout":"","theme-transparent-header-meta":"default","adv-header-id-meta":"","stick-header-meta":"","header-above-stick-meta":"","header-main-stick-meta":"","header-below-stick-meta":"","astra-migrate-meta-layouts":"set","ast-page-background-enabled":"default","ast-page-background-meta":{"desktop":{"background-color":"var(--ast-global-color-4)","background-image":"","background-repeat":"repeat","background-position":"center center","background-size":"auto","background-attachment":"scroll","background-type":"","background-media":"","overlay-type":"","overlay-color":"","overlay-opacity":"","overlay-gradient":""},"tablet":{"background-color":"","background-image":"","background-repeat":"repeat","background-position":"center center","background-size":"auto","background-attachment":"scroll","background-type":"","background-media":"","overlay-type":"","overlay-color":"","overlay-opacity":"","overlay-gradient":""},"mobile":{"background-color":"","background-image":"","background-repeat":"repeat","background-position":"center center","background-size":"auto","background-attachment":"scroll","background-type":"","background-media":"","overlay-type":"","overlay-color":"","overlay-opacity":"","overlay-gradient":""}},"ast-content-background-meta":{"desktop":{"background-color":"var(--ast-global-color-5)","background-image":"","background-repeat":"repeat","background-position":"center center","background-size":"auto","background-attachment":"scroll","background-type":"","background-media":"","overlay-type":"","overlay-color":"","overlay-opacity":"","overlay-gradient":""},"tablet":{"background-color":"var(--ast-global-color-5)","background-image":"","background-repeat":"repeat","background-position":"center center","background-size":"auto","background-attachment":"scroll","background-type":"","background-media":"","overlay-type":"","overlay-color":"","overlay-opacity":"","overlay-gradient":""},"mobile":{"background-color":"var(--ast-global-color-5)","background-image":"","background-repeat":"repeat","background-position":"center center","background-size":"auto","background-attachment":"scroll","background-type":"","background-media":"","overlay-type":"","overlay-color":"","overlay-opacity":"","overlay-gradient":""}},"footnotes":""},"class_list":["post-664","page","type-page","status-publish","hentry"],"post_mailing_queue_ids":[],"_links":{"self":[{"href":"https:\/\/agora.xtec.cat\/iessantquirze\/wp-json\/wp\/v2\/pages\/664","targetHints":{"allow":["GET"]}}],"collection":[{"href":"https:\/\/agora.xtec.cat\/iessantquirze\/wp-json\/wp\/v2\/pages"}],"about":[{"href":"https:\/\/agora.xtec.cat\/iessantquirze\/wp-json\/wp\/v2\/types\/page"}],"author":[{"embeddable":true,"href":"https:\/\/agora.xtec.cat\/iessantquirze\/wp-json\/wp\/v2\/users\/1"}],"replies":[{"embeddable":true,"href":"https:\/\/agora.xtec.cat\/iessantquirze\/wp-json\/wp\/v2\/comments?post=664"}],"version-history":[{"count":6,"href":"https:\/\/agora.xtec.cat\/iessantquirze\/wp-json\/wp\/v2\/pages\/664\/revisions"}],"predecessor-version":[{"id":5346,"href":"https:\/\/agora.xtec.cat\/iessantquirze\/wp-json\/wp\/v2\/pages\/664\/revisions\/5346"}],"up":[{"embeddable":true,"href":"https:\/\/agora.xtec.cat\/iessantquirze\/wp-json\/wp\/v2\/pages\/195"}],"wp:attachment":[{"href":"https:\/\/agora.xtec.cat\/iessantquirze\/wp-json\/wp\/v2\/media?parent=664"}],"curies":[{"name":"wp","href":"https:\/\/api.w.org\/{rel}","templated":true}]}}