{"id":3628,"date":"2023-06-05T19:26:38","date_gmt":"2023-06-05T17:26:38","guid":{"rendered":"https:\/\/agora.xtec.cat\/iessantquirze\/?page_id=3628"},"modified":"2025-02-24T20:12:50","modified_gmt":"2025-02-24T19:12:50","slug":"diagnosi-2","status":"publish","type":"page","link":"https:\/\/agora.xtec.cat\/iessantquirze\/estrategia-digital-de-centre\/pla-destrategia-digital\/diagnosi-2\/","title":{"rendered":"Diagnosi"},"content":{"rendered":"<p class=\"western\" lang=\"ca-ES\" align=\"justify\"><span style=\"font-size: medium;\">El curs 2019-2020 es realitza a trav\u00e9s de l\u2019eina SELFIE una diagnosi sobre la compet\u00e8ncia digital en el centre.<\/span><\/p>\n<p class=\"western\" lang=\"ca-ES\" align=\"justify\"><span style=\"color: #212121;\"><span style=\"font-size: medium;\">L&#8217;informe de l&#8217;escola SELFIE reuneix i compara opinions de l\u2019equip directiu, professors i i estudiants. Com una aut\u00e8ntica &#8220;selfie&#8221;, la informaci\u00f3 recollida a SELFIE ofereix al centre una instant\u00e0nia d&#8217;on es troba actualment en relaci\u00f3 a l&#8217;estrat\u00e8gia i la pr\u00e0ctica en l&#8217;\u00fas de les tecnologies digitals per ensenyament i aprenentatge. <\/span><\/span><\/p>\n<p class=\"western\" lang=\"ca-ES\" align=\"justify\"><span style=\"color: #212121;\"><span style=\"font-size: medium;\">Els resultats de SELFIE ens donen la base per identificar i discutir els punts forts i febles per a la creaci\u00f3 del Pla TAC 2021 sobre l&#8217;\u00fas de les tecnologies digitals per donar suport a l&#8217;aprenentatge.<\/span><\/span><\/p>\n<figure id=\"attachment_3621\" aria-describedby=\"caption-attachment-3621\" style=\"width: 701px\" class=\"wp-caption aligncenter\"><a href=\"https:\/\/agora.xtec.cat\/iessantquirze\/wp-content\/uploads\/usu1939\/2023\/06\/REsultats-SELFIE-PEDC.jpg\"><img loading=\"lazy\" decoding=\"async\" class=\"wp-image-3621 size-full\" src=\"https:\/\/agora.xtec.cat\/iessantquirze\/wp-content\/uploads\/usu1939\/2023\/06\/REsultats-SELFIE-PEDC.jpg\" alt=\"\" width=\"701\" height=\"753\" srcset=\"https:\/\/agora.xtec.cat\/iessantquirze\/wp-content\/uploads\/usu1939\/2023\/06\/REsultats-SELFIE-PEDC.jpg 701w, https:\/\/agora.xtec.cat\/iessantquirze\/wp-content\/uploads\/usu1939\/2023\/06\/REsultats-SELFIE-PEDC-279x300.jpg 279w\" sizes=\"auto, (max-width: 701px) 100vw, 701px\" \/><\/a><figcaption id=\"caption-attachment-3621\" class=\"wp-caption-text\">Respostes mitjanes per a cada grup (directors d&#8217;escola, professors i alumnes) per a cadascuna de les 6 \u00e0rees.<\/figcaption><\/figure>\n<p lang=\"ca-ES\" align=\"justify\">A aquest <a href=\"https:\/\/drive.google.com\/file\/d\/1i0grUdeEP9-yHX5bxgugk23GUT60h0xp\/view?usp=sharing\">enlla\u00e7<\/a> teniu disponible el document complet amb els resultats de la diagnosi de l&#8217;ISQV.<\/p>\n<h4 lang=\"ca-ES\" align=\"justify\">Diagnosi Pla TAC<\/h4>\n<p lang=\"ca-ES\" style=\"text-align: left;\" align=\"justify\">A continuaci\u00f3 us mostrem la diagnosi de l&#8217;ISQV pel Pla TAC:\u00a0 <a href=\"https:\/\/agora.xtec.cat\/iessantquirze\/wp-content\/uploads\/usu1939\/2023\/07\/Diapositiva1.jpg\"><img loading=\"lazy\" decoding=\"async\" class=\"alignnone size-large wp-image-3891\" src=\"https:\/\/agora.xtec.cat\/iessantquirze\/wp-content\/uploads\/usu1939\/2023\/07\/Diapositiva1-1024x576.jpg\" alt=\"\" width=\"1024\" height=\"576\" srcset=\"https:\/\/agora.xtec.cat\/iessantquirze\/wp-content\/uploads\/usu1939\/2023\/07\/Diapositiva1-1024x576.jpg 1024w, https:\/\/agora.xtec.cat\/iessantquirze\/wp-content\/uploads\/usu1939\/2023\/07\/Diapositiva1-300x169.jpg 300w, https:\/\/agora.xtec.cat\/iessantquirze\/wp-content\/uploads\/usu1939\/2023\/07\/Diapositiva1-768x432.jpg 768w, https:\/\/agora.xtec.cat\/iessantquirze\/wp-content\/uploads\/usu1939\/2023\/07\/Diapositiva1.jpg 1058w\" sizes=\"auto, (max-width: 1024px) 100vw, 1024px\" \/><\/a> <a href=\"https:\/\/agora.xtec.cat\/iessantquirze\/wp-content\/uploads\/usu1939\/2023\/07\/Diapositiva2.jpg\"><img loading=\"lazy\" decoding=\"async\" class=\"alignnone size-large wp-image-3892\" src=\"https:\/\/agora.xtec.cat\/iessantquirze\/wp-content\/uploads\/usu1939\/2023\/07\/Diapositiva2-1024x576.jpg\" alt=\"\" width=\"1024\" height=\"576\" srcset=\"https:\/\/agora.xtec.cat\/iessantquirze\/wp-content\/uploads\/usu1939\/2023\/07\/Diapositiva2-1024x576.jpg 1024w, https:\/\/agora.xtec.cat\/iessantquirze\/wp-content\/uploads\/usu1939\/2023\/07\/Diapositiva2-300x169.jpg 300w, https:\/\/agora.xtec.cat\/iessantquirze\/wp-content\/uploads\/usu1939\/2023\/07\/Diapositiva2-768x432.jpg 768w, https:\/\/agora.xtec.cat\/iessantquirze\/wp-content\/uploads\/usu1939\/2023\/07\/Diapositiva2.jpg 1058w\" sizes=\"auto, (max-width: 1024px) 100vw, 1024px\" \/><\/a> <a href=\"https:\/\/agora.xtec.cat\/iessantquirze\/wp-content\/uploads\/usu1939\/2023\/07\/Diapositiva3.jpg\"><img loading=\"lazy\" decoding=\"async\" class=\"alignnone size-large wp-image-3893\" src=\"https:\/\/agora.xtec.cat\/iessantquirze\/wp-content\/uploads\/usu1939\/2023\/07\/Diapositiva3-1024x576.jpg\" alt=\"\" width=\"1024\" height=\"576\" srcset=\"https:\/\/agora.xtec.cat\/iessantquirze\/wp-content\/uploads\/usu1939\/2023\/07\/Diapositiva3-1024x576.jpg 1024w, https:\/\/agora.xtec.cat\/iessantquirze\/wp-content\/uploads\/usu1939\/2023\/07\/Diapositiva3-300x169.jpg 300w, https:\/\/agora.xtec.cat\/iessantquirze\/wp-content\/uploads\/usu1939\/2023\/07\/Diapositiva3-768x432.jpg 768w, https:\/\/agora.xtec.cat\/iessantquirze\/wp-content\/uploads\/usu1939\/2023\/07\/Diapositiva3.jpg 1058w\" sizes=\"auto, (max-width: 1024px) 100vw, 1024px\" \/><\/a> <a href=\"https:\/\/agora.xtec.cat\/iessantquirze\/wp-content\/uploads\/usu1939\/2023\/07\/Diapositiva4.jpg\"><img loading=\"lazy\" decoding=\"async\" class=\"alignnone size-large wp-image-3894\" src=\"https:\/\/agora.xtec.cat\/iessantquirze\/wp-content\/uploads\/usu1939\/2023\/07\/Diapositiva4-1024x576.jpg\" alt=\"\" width=\"1024\" height=\"576\" srcset=\"https:\/\/agora.xtec.cat\/iessantquirze\/wp-content\/uploads\/usu1939\/2023\/07\/Diapositiva4-1024x576.jpg 1024w, https:\/\/agora.xtec.cat\/iessantquirze\/wp-content\/uploads\/usu1939\/2023\/07\/Diapositiva4-300x169.jpg 300w, https:\/\/agora.xtec.cat\/iessantquirze\/wp-content\/uploads\/usu1939\/2023\/07\/Diapositiva4-768x432.jpg 768w, https:\/\/agora.xtec.cat\/iessantquirze\/wp-content\/uploads\/usu1939\/2023\/07\/Diapositiva4.jpg 1058w\" sizes=\"auto, (max-width: 1024px) 100vw, 1024px\" \/><\/a> <a href=\"https:\/\/agora.xtec.cat\/iessantquirze\/wp-content\/uploads\/usu1939\/2023\/07\/Diapositiva5.jpg\"><img loading=\"lazy\" decoding=\"async\" class=\"alignnone size-large wp-image-3895\" src=\"https:\/\/agora.xtec.cat\/iessantquirze\/wp-content\/uploads\/usu1939\/2023\/07\/Diapositiva5-1024x576.jpg\" alt=\"\" width=\"1024\" height=\"576\" srcset=\"https:\/\/agora.xtec.cat\/iessantquirze\/wp-content\/uploads\/usu1939\/2023\/07\/Diapositiva5-1024x576.jpg 1024w, https:\/\/agora.xtec.cat\/iessantquirze\/wp-content\/uploads\/usu1939\/2023\/07\/Diapositiva5-300x169.jpg 300w, https:\/\/agora.xtec.cat\/iessantquirze\/wp-content\/uploads\/usu1939\/2023\/07\/Diapositiva5-768x432.jpg 768w, https:\/\/agora.xtec.cat\/iessantquirze\/wp-content\/uploads\/usu1939\/2023\/07\/Diapositiva5.jpg 1058w\" sizes=\"auto, (max-width: 1024px) 100vw, 1024px\" \/><\/a><\/p>\n<p lang=\"ca-ES\" align=\"justify\">\n","protected":false},"excerpt":{"rendered":"<p>El curs 2019-2020 es realitza a trav\u00e9s de l\u2019eina SELFIE una diagnosi sobre la compet\u00e8ncia digital en el centre. L&#8217;informe de l&#8217;escola SELFIE reuneix i compara opinions de l\u2019equip directiu, professors i i estudiants. Com una aut\u00e8ntica &#8220;selfie&#8221;, la informaci\u00f3 recollida a SELFIE ofereix al centre una instant\u00e0nia d&#8217;on es troba actualment en relaci\u00f3 a [&hellip;]<\/p>\n","protected":false},"author":1,"featured_media":0,"parent":3078,"menu_order":1,"comment_status":"closed","ping_status":"closed","template":"page-templates\/side-menu.php","meta":{"_bbp_topic_count":0,"_bbp_reply_count":0,"_bbp_total_topic_count":0,"_bbp_total_reply_count":0,"_bbp_voice_count":0,"_bbp_anonymous_reply_count":0,"_bbp_topic_count_hidden":0,"_bbp_reply_count_hidden":0,"_bbp_forum_subforum_count":0,"site-sidebar-layout":"default","site-content-layout":"","ast-site-content-layout":"","site-content-style":"default","site-sidebar-style":"default","ast-global-header-display":"","ast-banner-title-visibility":"","ast-main-header-display":"","ast-hfb-above-header-display":"","ast-hfb-below-header-display":"","ast-hfb-mobile-header-display":"","site-post-title":"","ast-breadcrumbs-content":"","ast-featured-img":"","footer-sml-layout":"","theme-transparent-header-meta":"","adv-header-id-meta":"","stick-header-meta":"","header-above-stick-meta":"","header-main-stick-meta":"","header-below-stick-meta":"","astra-migrate-meta-layouts":"default","ast-page-background-enabled":"default","ast-page-background-meta":{"desktop":{"background-color":"var(--ast-global-color-4)","background-image":"","background-repeat":"repeat","background-position":"center center","background-size":"auto","background-attachment":"scroll","background-type":"","background-media":"","overlay-type":"","overlay-color":"","overlay-opacity":"","overlay-gradient":""},"tablet":{"background-color":"","background-image":"","background-repeat":"repeat","background-position":"center center","background-size":"auto","background-attachment":"scroll","background-type":"","background-media":"","overlay-type":"","overlay-color":"","overlay-opacity":"","overlay-gradient":""},"mobile":{"background-color":"","background-image":"","background-repeat":"repeat","background-position":"center center","background-size":"auto","background-attachment":"scroll","background-type":"","background-media":"","overlay-type":"","overlay-color":"","overlay-opacity":"","overlay-gradient":""}},"ast-content-background-meta":{"desktop":{"background-color":"var(--ast-global-color-5)","background-image":"","background-repeat":"repeat","background-position":"center center","background-size":"auto","background-attachment":"scroll","background-type":"","background-media":"","overlay-type":"","overlay-color":"","overlay-opacity":"","overlay-gradient":""},"tablet":{"background-color":"var(--ast-global-color-5)","background-image":"","background-repeat":"repeat","background-position":"center center","background-size":"auto","background-attachment":"scroll","background-type":"","background-media":"","overlay-type":"","overlay-color":"","overlay-opacity":"","overlay-gradient":""},"mobile":{"background-color":"var(--ast-global-color-5)","background-image":"","background-repeat":"repeat","background-position":"center center","background-size":"auto","background-attachment":"scroll","background-type":"","background-media":"","overlay-type":"","overlay-color":"","overlay-opacity":"","overlay-gradient":""}},"footnotes":""},"class_list":["post-3628","page","type-page","status-publish","hentry"],"post_mailing_queue_ids":[],"_links":{"self":[{"href":"https:\/\/agora.xtec.cat\/iessantquirze\/wp-json\/wp\/v2\/pages\/3628","targetHints":{"allow":["GET"]}}],"collection":[{"href":"https:\/\/agora.xtec.cat\/iessantquirze\/wp-json\/wp\/v2\/pages"}],"about":[{"href":"https:\/\/agora.xtec.cat\/iessantquirze\/wp-json\/wp\/v2\/types\/page"}],"author":[{"embeddable":true,"href":"https:\/\/agora.xtec.cat\/iessantquirze\/wp-json\/wp\/v2\/users\/1"}],"replies":[{"embeddable":true,"href":"https:\/\/agora.xtec.cat\/iessantquirze\/wp-json\/wp\/v2\/comments?post=3628"}],"version-history":[{"count":4,"href":"https:\/\/agora.xtec.cat\/iessantquirze\/wp-json\/wp\/v2\/pages\/3628\/revisions"}],"predecessor-version":[{"id":3897,"href":"https:\/\/agora.xtec.cat\/iessantquirze\/wp-json\/wp\/v2\/pages\/3628\/revisions\/3897"}],"up":[{"embeddable":true,"href":"https:\/\/agora.xtec.cat\/iessantquirze\/wp-json\/wp\/v2\/pages\/3078"}],"wp:attachment":[{"href":"https:\/\/agora.xtec.cat\/iessantquirze\/wp-json\/wp\/v2\/media?parent=3628"}],"curies":[{"name":"wp","href":"https:\/\/api.w.org\/{rel}","templated":true}]}}