{"id":3505,"date":"2023-05-09T10:07:47","date_gmt":"2023-05-09T08:07:47","guid":{"rendered":"https:\/\/agora.xtec.cat\/iessantquirze\/?page_id=3505"},"modified":"2025-02-24T20:08:29","modified_gmt":"2025-02-24T19:08:29","slug":"acollidaalprofessorat","status":"publish","type":"page","link":"https:\/\/agora.xtec.cat\/iessantquirze\/cultura-digital\/acollidaalprofessorat\/","title":{"rendered":"Acollida al Professorat"},"content":{"rendered":"<p>L\u2019<strong>equip directiu<\/strong> rep el professorat novell i explica la filosofia de centre.<\/p>\n<p lang=\"ca-ES\" align=\"justify\">La <strong>secretaria<\/strong> del centre incorpora les seves dades a la Plataforma Clickedu i els fa arribar l\u2019usuari i contrasenya d\u2019acc\u00e9s.<\/p>\n<p lang=\"ca-ES\" align=\"justify\">El <strong>coordinador digital<\/strong>\u00a0\u00e9s l\u2019encarregat de fer una reuni\u00f3 amb tot el professorat nou a inici de curs. A la primera reuni\u00f3 s\u2019explica el funcionament de la Plataforma Clickedu aix\u00ed com l\u2019\u00fas de les pissarres digitals i panells interactius que hi ha a cada aula. Tamb\u00e9 s\u2019explica la normativa d\u2019\u00fas dels ordinadors que contemplen les NOFC.<\/p>\n<p lang=\"ca-ES\" align=\"justify\">Es fa una reuni\u00f3 amb l\u2019equip directiu, on s\u2019explica on poden trobar tota la documentaci\u00f3 de refer\u00e8ncia del centre i se\u2019ls fa arribar la guia docent, on s\u2019informa del personal del centre, c\u00e0rrecs, coordinacions, equips docents, equips de nivell, etc.<\/p>\n<p lang=\"ca-ES\" align=\"justify\">A partir d\u2019aquesta reuni\u00f3, els responsables de l\u2019ajuda i d\u2019anar resolent els dubtes del funcionament digital s\u00f3n els diferents caps de departament, els coordinadors de nivell en cas de ser tutors\u00a0 i el professor responsable de l\u2019acollida al nou professorat.<\/p>\n<p lang=\"ca-ES\" align=\"justify\">En el cas del <strong>professorat de nova incorporaci\u00f3 al llarg del centre per motiu de substitucions<\/strong> el protocol \u00e9s el seg\u00fcent:<\/p>\n<p lang=\"ca-ES\" align=\"justify\">1.- En ser nomenats, el Cap d\u2019Estudis li facilita l\u2019horari i la guia del professorat.<\/p>\n<p lang=\"ca-ES\" align=\"justify\">2.- Des de Secretaria es gestiona la tramitaci\u00f3 del correu corporatiu (xtec.cat) i se li assigna un usuari i contrasenya per a la Plataforma Clickedu. A la vegada, se li assigna els grups que li corresponen.<\/p>\n<p lang=\"ca-ES\" align=\"justify\">3.- El coordinador inform\u00e0tic li facilita l\u2019ordinador per poder treballar. <span lang=\"CA\" style=\"font-size: 11.0pt; font-family: 'Arial',sans-serif; color: black;\">Veure apartat\u00a0 <a href=\"https:\/\/agora.xtec.cat\/iessantquirze\/serveis-i-recursos-digitals-del-centre\/\" target=\"_blank\" rel=\"noopener\">Serveis i recursos digitals del centre<\/a><\/span><\/p>\n<p lang=\"ca-ES\" align=\"justify\">4.- Professor d&#8217;acollida:\u00a0 El dia de la seva arribada t\u00e9 una reuni\u00f3 amb el professor\/a. Comprova que tingui tots els elements necessaris per comen\u00e7ar a treballar i se li explica el funcionament b\u00e0sic de la Plataforma Clickedu: control de l\u2019assist\u00e8ncia i les eines de comunicaci\u00f3 amb la resta de la comunitat educativa.<\/p>\n<p lang=\"ca-ES\" align=\"justify\">A partir d\u2019aquest moment els responsables de l\u2019\u00fas correcte de les eines digitals s\u00f3n els caps de departament (continguts, \u00edtems avaluatius, etc.) i els coordinadors de nivell en el cas que facin les funcions de tutoria.<\/p>\n<p lang=\"ca-ES\" align=\"justify\">Aquest professor responsable de l\u2019acollida compta amb unes hores durant el temps d\u2019esbarjo per poder resoldre dubtes del funcionament digital i orientar en l\u2019\u00fas de les eines digitals del centre.<\/p>\n<p class=\"western\" lang=\"ca-ES\">Podreu trobar una introducci\u00f3 i conceptes b\u00e0sics de la plataforma clickedu en el seg\u00fcent <a href=\"https:\/\/support.clickedu.eu\/ca\/support\/solutions\/103000138473\" target=\"_blank\" rel=\"noopener\">enlla\u00e7<\/a><\/p>\n","protected":false},"excerpt":{"rendered":"<p>L\u2019equip directiu rep el professorat novell i explica la filosofia de centre. La secretaria del centre incorpora les seves dades a la Plataforma Clickedu i els fa arribar l\u2019usuari i contrasenya d\u2019acc\u00e9s. El coordinador digital\u00a0\u00e9s l\u2019encarregat de fer una reuni\u00f3 amb tot el professorat nou a inici de curs. A la primera reuni\u00f3 s\u2019explica el [&hellip;]<\/p>\n","protected":false},"author":1,"featured_media":0,"parent":3080,"menu_order":3,"comment_status":"closed","ping_status":"closed","template":"page-templates\/side-menu.php","meta":{"_bbp_topic_count":0,"_bbp_reply_count":0,"_bbp_total_topic_count":0,"_bbp_total_reply_count":0,"_bbp_voice_count":0,"_bbp_anonymous_reply_count":0,"_bbp_topic_count_hidden":0,"_bbp_reply_count_hidden":0,"_bbp_forum_subforum_count":0,"site-sidebar-layout":"default","site-content-layout":"","ast-site-content-layout":"","site-content-style":"default","site-sidebar-style":"default","ast-global-header-display":"","ast-banner-title-visibility":"","ast-main-header-display":"","ast-hfb-above-header-display":"","ast-hfb-below-header-display":"","ast-hfb-mobile-header-display":"","site-post-title":"","ast-breadcrumbs-content":"","ast-featured-img":"","footer-sml-layout":"","theme-transparent-header-meta":"","adv-header-id-meta":"","stick-header-meta":"","header-above-stick-meta":"","header-main-stick-meta":"","header-below-stick-meta":"","astra-migrate-meta-layouts":"default","ast-page-background-enabled":"default","ast-page-background-meta":{"desktop":{"background-color":"var(--ast-global-color-4)","background-image":"","background-repeat":"repeat","background-position":"center center","background-size":"auto","background-attachment":"scroll","background-type":"","background-media":"","overlay-type":"","overlay-color":"","overlay-opacity":"","overlay-gradient":""},"tablet":{"background-color":"","background-image":"","background-repeat":"repeat","background-position":"center center","background-size":"auto","background-attachment":"scroll","background-type":"","background-media":"","overlay-type":"","overlay-color":"","overlay-opacity":"","overlay-gradient":""},"mobile":{"background-color":"","background-image":"","background-repeat":"repeat","background-position":"center center","background-size":"auto","background-attachment":"scroll","background-type":"","background-media":"","overlay-type":"","overlay-color":"","overlay-opacity":"","overlay-gradient":""}},"ast-content-background-meta":{"desktop":{"background-color":"var(--ast-global-color-5)","background-image":"","background-repeat":"repeat","background-position":"center center","background-size":"auto","background-attachment":"scroll","background-type":"","background-media":"","overlay-type":"","overlay-color":"","overlay-opacity":"","overlay-gradient":""},"tablet":{"background-color":"var(--ast-global-color-5)","background-image":"","background-repeat":"repeat","background-position":"center center","background-size":"auto","background-attachment":"scroll","background-type":"","background-media":"","overlay-type":"","overlay-color":"","overlay-opacity":"","overlay-gradient":""},"mobile":{"background-color":"var(--ast-global-color-5)","background-image":"","background-repeat":"repeat","background-position":"center center","background-size":"auto","background-attachment":"scroll","background-type":"","background-media":"","overlay-type":"","overlay-color":"","overlay-opacity":"","overlay-gradient":""}},"footnotes":""},"class_list":["post-3505","page","type-page","status-publish","hentry"],"post_mailing_queue_ids":[],"_links":{"self":[{"href":"https:\/\/agora.xtec.cat\/iessantquirze\/wp-json\/wp\/v2\/pages\/3505","targetHints":{"allow":["GET"]}}],"collection":[{"href":"https:\/\/agora.xtec.cat\/iessantquirze\/wp-json\/wp\/v2\/pages"}],"about":[{"href":"https:\/\/agora.xtec.cat\/iessantquirze\/wp-json\/wp\/v2\/types\/page"}],"author":[{"embeddable":true,"href":"https:\/\/agora.xtec.cat\/iessantquirze\/wp-json\/wp\/v2\/users\/1"}],"replies":[{"embeddable":true,"href":"https:\/\/agora.xtec.cat\/iessantquirze\/wp-json\/wp\/v2\/comments?post=3505"}],"version-history":[{"count":6,"href":"https:\/\/agora.xtec.cat\/iessantquirze\/wp-json\/wp\/v2\/pages\/3505\/revisions"}],"predecessor-version":[{"id":3936,"href":"https:\/\/agora.xtec.cat\/iessantquirze\/wp-json\/wp\/v2\/pages\/3505\/revisions\/3936"}],"up":[{"embeddable":true,"href":"https:\/\/agora.xtec.cat\/iessantquirze\/wp-json\/wp\/v2\/pages\/3080"}],"wp:attachment":[{"href":"https:\/\/agora.xtec.cat\/iessantquirze\/wp-json\/wp\/v2\/media?parent=3505"}],"curies":[{"name":"wp","href":"https:\/\/api.w.org\/{rel}","templated":true}]}}