{"id":3078,"date":"2022-11-03T19:39:13","date_gmt":"2022-11-03T18:39:13","guid":{"rendered":"https:\/\/agora.xtec.cat\/iessantquirze\/?page_id=3078"},"modified":"2025-07-21T07:47:44","modified_gmt":"2025-07-21T05:47:44","slug":"pla-destrategia-digital","status":"publish","type":"page","link":"https:\/\/agora.xtec.cat\/iessantquirze\/estrategia-digital-de-centre\/pla-destrategia-digital\/","title":{"rendered":"Pla d&#8217;estrat\u00e8gia digital"},"content":{"rendered":"<p>Seguint les indicacions del document definici\u00f3 de l&#8217;EDC, s&#8217;ha estructurat aquesta part en 4 fases: Diagnosi, Objectius, Planificaci\u00f3 i Seguiment, i Avaluaci\u00f3 i millora.<\/p>\n<table style=\"height: 32px; width: 14.7496%; border-collapse: collapse;\">\n<tbody>\n<tr style=\"height: 28px;\">\n<td style=\"width: 100%; border-color: #13a84c; background-color: #13a84c; border-style: dashed; height: 28px; vertical-align: middle; text-align: center;\">\n<h5><a href=\"https:\/\/agora.xtec.cat\/iessantquirze\/estrategia-digital-de-centre\/pla-destrategia-digital\/diagnosi-2\/\" target=\"_blank\" rel=\"noopener\"><span style=\"color: #ffffff;\"><strong>Diagnosi<\/strong><\/span><\/a><\/h5>\n<\/td>\n<\/tr>\n<\/tbody>\n<\/table>\n<table style=\"border-collapse: collapse; width: 14.7496%; height: 32px;\">\n<tbody>\n<tr style=\"height: 28px;\">\n<td style=\"width: 100%; border-color: #13a84c; background-color: #13a84c; border-style: dashed; height: 28px; text-align: center; vertical-align: middle;\">\n<h5><a href=\"https:\/\/agora.xtec.cat\/iessantquirze\/estrategia-digital-de-centre\/pla-destrategia-digital\/objectius-edc\/\" target=\"_blank\" rel=\"noopener\"><span style=\"color: #ffffff;\"><strong>Objectius<\/strong><\/span><\/a><\/h5>\n<\/td>\n<\/tr>\n<\/tbody>\n<\/table>\n<table style=\"border-collapse: collapse; width: 14.7496%; height: 32px;\">\n<tbody>\n<tr style=\"height: 28px;\">\n<td style=\"width: 100%; border-color: #13a84c; background-color: #13a84c; border-style: dashed; height: 28px; text-align: center; vertical-align: middle;\">\n<h5><a href=\"https:\/\/agora.xtec.cat\/iessantquirze\/estrategia-digital-de-centre\/pla-destrategia-digital\/planificacio-2\/\" target=\"_blank\" rel=\"noopener\"><span style=\"color: #ffffff;\"><strong>Planificaci\u00f3 i Seguiment<\/strong><\/span><\/a><\/h5>\n<\/td>\n<\/tr>\n<\/tbody>\n<\/table>\n<table style=\"border-collapse: collapse; width: 14.7496%; height: 28px;\">\n<tbody>\n<tr style=\"height: 28px;\">\n<td style=\"width: 100%; border-color: #13a84c; background-color: #13a84c; border-style: dashed; height: 28px; text-align: center; vertical-align: middle;\">\n<h5><a href=\"https:\/\/agora.xtec.cat\/iessantquirze\/estrategia-digital-de-centre\/pla-destrategia-digital\/avaluacio-edc\/\" target=\"_blank\" rel=\"noopener\"><span style=\"color: #ffffff;\"><strong>Avaluaci\u00f3 i millora<\/strong><\/span><\/a><\/h5>\n<\/td>\n<\/tr>\n<\/tbody>\n<\/table>\n<p>&nbsp;<\/p>\n","protected":false},"excerpt":{"rendered":"<p>Seguint les indicacions del document definici\u00f3 de l&#8217;EDC, s&#8217;ha estructurat aquesta part en 4 fases: Diagnosi, Objectius, Planificaci\u00f3 i Seguiment, i Avaluaci\u00f3 i millora. Diagnosi Objectius Planificaci\u00f3 i Seguiment Avaluaci\u00f3 i millora &nbsp;<\/p>\n","protected":false},"author":1,"featured_media":0,"parent":3049,"menu_order":2,"comment_status":"closed","ping_status":"closed","template":"","meta":{"_bbp_topic_count":0,"_bbp_reply_count":0,"_bbp_total_topic_count":0,"_bbp_total_reply_count":0,"_bbp_voice_count":0,"_bbp_anonymous_reply_count":0,"_bbp_topic_count_hidden":0,"_bbp_reply_count_hidden":0,"_bbp_forum_subforum_count":0,"site-sidebar-layout":"default","site-content-layout":"","ast-site-content-layout":"default","site-content-style":"default","site-sidebar-style":"default","ast-global-header-display":"","ast-banner-title-visibility":"","ast-main-header-display":"","ast-hfb-above-header-display":"","ast-hfb-below-header-display":"","ast-hfb-mobile-header-display":"","site-post-title":"","ast-breadcrumbs-content":"","ast-featured-img":"","footer-sml-layout":"","theme-transparent-header-meta":"default","adv-header-id-meta":"","stick-header-meta":"","header-above-stick-meta":"","header-main-stick-meta":"","header-below-stick-meta":"","astra-migrate-meta-layouts":"set","ast-page-background-enabled":"default","ast-page-background-meta":{"desktop":{"background-color":"var(--ast-global-color-4)","background-image":"","background-repeat":"repeat","background-position":"center center","background-size":"auto","background-attachment":"scroll","background-type":"","background-media":"","overlay-type":"","overlay-color":"","overlay-opacity":"","overlay-gradient":""},"tablet":{"background-color":"","background-image":"","background-repeat":"repeat","background-position":"center center","background-size":"auto","background-attachment":"scroll","background-type":"","background-media":"","overlay-type":"","overlay-color":"","overlay-opacity":"","overlay-gradient":""},"mobile":{"background-color":"","background-image":"","background-repeat":"repeat","background-position":"center center","background-size":"auto","background-attachment":"scroll","background-type":"","background-media":"","overlay-type":"","overlay-color":"","overlay-opacity":"","overlay-gradient":""}},"ast-content-background-meta":{"desktop":{"background-color":"var(--ast-global-color-5)","background-image":"","background-repeat":"repeat","background-position":"center center","background-size":"auto","background-attachment":"scroll","background-type":"","background-media":"","overlay-type":"","overlay-color":"","overlay-opacity":"","overlay-gradient":""},"tablet":{"background-color":"var(--ast-global-color-5)","background-image":"","background-repeat":"repeat","background-position":"center center","background-size":"auto","background-attachment":"scroll","background-type":"","background-media":"","overlay-type":"","overlay-color":"","overlay-opacity":"","overlay-gradient":""},"mobile":{"background-color":"var(--ast-global-color-5)","background-image":"","background-repeat":"repeat","background-position":"center center","background-size":"auto","background-attachment":"scroll","background-type":"","background-media":"","overlay-type":"","overlay-color":"","overlay-opacity":"","overlay-gradient":""}},"footnotes":""},"class_list":["post-3078","page","type-page","status-publish","hentry"],"post_mailing_queue_ids":[],"_links":{"self":[{"href":"https:\/\/agora.xtec.cat\/iessantquirze\/wp-json\/wp\/v2\/pages\/3078","targetHints":{"allow":["GET"]}}],"collection":[{"href":"https:\/\/agora.xtec.cat\/iessantquirze\/wp-json\/wp\/v2\/pages"}],"about":[{"href":"https:\/\/agora.xtec.cat\/iessantquirze\/wp-json\/wp\/v2\/types\/page"}],"author":[{"embeddable":true,"href":"https:\/\/agora.xtec.cat\/iessantquirze\/wp-json\/wp\/v2\/users\/1"}],"replies":[{"embeddable":true,"href":"https:\/\/agora.xtec.cat\/iessantquirze\/wp-json\/wp\/v2\/comments?post=3078"}],"version-history":[{"count":7,"href":"https:\/\/agora.xtec.cat\/iessantquirze\/wp-json\/wp\/v2\/pages\/3078\/revisions"}],"predecessor-version":[{"id":5127,"href":"https:\/\/agora.xtec.cat\/iessantquirze\/wp-json\/wp\/v2\/pages\/3078\/revisions\/5127"}],"up":[{"embeddable":true,"href":"https:\/\/agora.xtec.cat\/iessantquirze\/wp-json\/wp\/v2\/pages\/3049"}],"wp:attachment":[{"href":"https:\/\/agora.xtec.cat\/iessantquirze\/wp-json\/wp\/v2\/media?parent=3078"}],"curies":[{"name":"wp","href":"https:\/\/api.w.org\/{rel}","templated":true}]}}