{"id":3049,"date":"2022-10-18T17:30:42","date_gmt":"2022-10-18T15:30:42","guid":{"rendered":"https:\/\/agora.xtec.cat\/iessantquirze\/?page_id=3049"},"modified":"2025-02-24T20:12:03","modified_gmt":"2025-02-24T19:12:03","slug":"estrategia-digital-de-centre","status":"publish","type":"page","link":"https:\/\/agora.xtec.cat\/iessantquirze\/estrategia-digital-de-centre\/","title":{"rendered":"Estrat\u00e8gia digital de centre"},"content":{"rendered":"<p><a href=\"https:\/\/agora.xtec.cat\/iessantquirze\/wp-content\/uploads\/usu1939\/2023\/05\/edc-2.jpg.png\"><img loading=\"lazy\" decoding=\"async\" class=\"alignnone size-large wp-image-3497\" src=\"https:\/\/agora.xtec.cat\/iessantquirze\/wp-content\/uploads\/usu1939\/2023\/05\/edc-2.jpg-1024x307.png\" alt=\"\" width=\"1024\" height=\"307\" srcset=\"https:\/\/agora.xtec.cat\/iessantquirze\/wp-content\/uploads\/usu1939\/2023\/05\/edc-2.jpg-1024x307.png 1024w, https:\/\/agora.xtec.cat\/iessantquirze\/wp-content\/uploads\/usu1939\/2023\/05\/edc-2.jpg-300x90.png 300w, https:\/\/agora.xtec.cat\/iessantquirze\/wp-content\/uploads\/usu1939\/2023\/05\/edc-2.jpg-768x230.png 768w, https:\/\/agora.xtec.cat\/iessantquirze\/wp-content\/uploads\/usu1939\/2023\/05\/edc-2.jpg-1536x461.png 1536w, https:\/\/agora.xtec.cat\/iessantquirze\/wp-content\/uploads\/usu1939\/2023\/05\/edc-2.jpg.png 2000w\" sizes=\"auto, (max-width: 1024px) 100vw, 1024px\" \/><\/a><\/p>\n<p class=\"western\" lang=\"ca-ES\" align=\"justify\"><span style=\"font-size: medium;\"><strong>L\u2019Estrat\u00e8gia digital de centre (EDC) defineix i concreta les l\u00ednies d\u2019actuaci\u00f3 del centre que fan possible que docents, alumnat i centre assoleixin la compet\u00e8ncia digital.<\/strong> Per aconseguir aquesta compet\u00e8ncia digital, l\u2019EDC <strong>compr\u00e8n tots els \u00e0mbits del centre<\/strong>: organitzatius, metodol\u00f2gics, curriculars i comunicatius, els quals s\u2019han de veure necess\u00e0riament implicats i, si escau, transformats, des d\u2019una perspectiva d\u2019innovaci\u00f3 i de millora cont\u00ednua. <\/span><\/p>\n<p class=\"western\" lang=\"ca-ES\" align=\"justify\"><span style=\"color: #000000;\"><span style=\"font-size: medium;\">Dins el marc de la innovaci\u00f3 tecnol\u00f2gica, des de l&#8217;any 2009, es du a terme <strong>el projecte EduCAT 2.0<\/strong>. incorporant llibres digitals a diferents mat\u00e8ries de l&#8217;ESO. Tamb\u00e9 es va incorporar l&#8217;\u00fas d&#8217;una plataforma EVA, <strong>Clickedu,<\/strong> que agilita la comunicaci\u00f3 amb les fam\u00edlies, la gesti\u00f3 i el seguiment de les activitats acad\u00e8miques.<\/span><\/span><\/p>\n<p class=\"western\" lang=\"ca-ES\" align=\"justify\"><span style=\"font-size: medium;\">Durant aquests anys s\u2019han anat elaborant, revisant i renovant diferents Pla TAC (pla de tecnologies per a l&#8217;aprenentatge i el coneixement). <strong>L\u2019\u00faltim Pla TAC va ser aprovat el 28 d\u2019abril del 2021<\/strong>. Tamb\u00e9 es va constituir una comissi\u00f3 TAC (ara, comissi\u00f3 digital) per tal d&#8217;impulsar aquest Pla dins el centre: es va fer una diagnosi, es va elaborar el Pla i actualment s&#8217;estan executant les accions previstes.<\/span><\/p>\n<p align=\"justify\"><span lang=\"ca-ES\">Pel que fa als aspectes sobre tecnologia digital, cal tenir en compte que el centre fa anys que ha fet una clara aposta per la digitalitzaci\u00f3 del centre. En aquest sentit, el juny del 2009 es va iniciar el model 1&#215;1, en qu\u00e8 cada alumne dispos\u00e9s d&#8217;un ordinador de propietat que porta cada dia al centre. En el marc del Pla d&#8217;educaci\u00f3 digital de Catalunya, el\u00a0<\/span><span style=\"color: #000000;\"><strong><a style=\"color: #000000;\" href=\"http:\/\/www.google.com\/url?q=http%3A%2F%2Feducacio.gencat.cat%2Fca%2Fdepartament%2Flinies-estrategiques%2Fpla-educacio-digital%2Fcentres%2F&amp;sa=D&amp;sntz=1&amp;usg=AOvVaw0KAsaByth3FIGODhRdPIRI\" target=\"_blank\" rel=\"noopener\"><span lang=\"ca-ES\">Projecte d&#8217;acceleraci\u00f3 de la transformaci\u00f3 digital<\/span><\/a><\/strong><\/span><span lang=\"ca-ES\"><span style=\"color: #000000;\"><strong>\u00a0<\/strong><\/span>ha desplegat les intervencions referides a connectivitats, equipaments d&#8217;alumnat i equipaments del professorat durant el curs 20-21, la qual cosa ha perm\u00e8s cedir un ordinador port\u00e0til a cada docent i a tots els alumnes de 1r, 2n, 3r i batxillerat. En refer\u00e8ncia a les aules, laboratoris i aules espec\u00edfiques, des del 2009 s\u2019han anat dotant de pissarres digitals que s\u2019han anat canviant per panells interactius. En l\u2019actualitat el centre disposa de panells interactius en gaire b\u00e9 tots els espais, queden 7 espais amb pissarres digitals que seran canviades pels panells que arribaran amb les dotacions del Projecte d\u2019acceleraci\u00f3 de la transformaci\u00f3 digital el setembre del 2023. <\/span><\/p>\n<p align=\"justify\"><span lang=\"ca-ES\">En data 18 de mar\u00e7 del 2021, el Departament d&#8217;Educaci\u00f3 ha publicat el document\u00a0<\/span><span style=\"color: #000000;\"><strong><a style=\"color: #000000;\" href=\"http:\/\/www.google.com\/url?q=http%3A%2F%2Feducacio.gencat.cat%2Fca%2Fdepartament%2Fpublicacions%2Fmonografies%2Festrategia-digital-centre%2F&amp;sa=D&amp;sntz=1&amp;usg=AOvVaw3wyrKyBUPYy-cPNFx3UFT3\" target=\"_blank\" rel=\"noopener\"><span lang=\"ca-ES\">Estrat\u00e8gia digital de centre<\/span><\/a><\/strong><\/span><span lang=\"ca-ES\">\u00a0(EDC). L\u2019EDC \u00e9s una evoluci\u00f3 del Pla TAC. D\u2019una banda, s\u2019alinea amb el Pla d\u2019Educaci\u00f3 Digital de Catalunya (PEDC), i per altra, incorpora els canvis socials i tecnol\u00f2gics que s\u2019han anat esdevenint. El tercer canvi rellevant \u00e9s la incorporaci\u00f3 en l\u2019EDC de l\u2019apartat que recull tots els documents de centre que fan refer\u00e8ncia a la seva cultura digital (protocols d\u2019\u00fas de dispositius, NOFC\u2026). Finalment, es flexibilitza la seva estructura amb l\u2019objectiu d\u2019adaptar-se a la diversitat de centres.<\/span><\/p>\n<p>&nbsp;<\/p>\n<p>L&#8217;Estrat\u00e8gia digital del centre (EDC) va ser aprovada el <strong>21 de juny de 2023<\/strong>.<\/p>\n","protected":false},"excerpt":{"rendered":"<p>L\u2019Estrat\u00e8gia digital de centre (EDC) defineix i concreta les l\u00ednies d\u2019actuaci\u00f3 del centre que fan possible que docents, alumnat i centre assoleixin la compet\u00e8ncia digital. Per aconseguir aquesta compet\u00e8ncia digital, l\u2019EDC compr\u00e8n tots els \u00e0mbits del centre: organitzatius, metodol\u00f2gics, curriculars i comunicatius, els quals s\u2019han de veure necess\u00e0riament implicats i, si escau, transformats, des d\u2019una [&hellip;]<\/p>\n","protected":false},"author":1,"featured_media":0,"parent":0,"menu_order":0,"comment_status":"closed","ping_status":"closed","template":"page-templates\/side-menu.php","meta":{"_bbp_topic_count":0,"_bbp_reply_count":0,"_bbp_total_topic_count":0,"_bbp_total_reply_count":0,"_bbp_voice_count":0,"_bbp_anonymous_reply_count":0,"_bbp_topic_count_hidden":0,"_bbp_reply_count_hidden":0,"_bbp_forum_subforum_count":0,"site-sidebar-layout":"default","site-content-layout":"","ast-site-content-layout":"","site-content-style":"default","site-sidebar-style":"default","ast-global-header-display":"","ast-banner-title-visibility":"","ast-main-header-display":"","ast-hfb-above-header-display":"","ast-hfb-below-header-display":"","ast-hfb-mobile-header-display":"","site-post-title":"","ast-breadcrumbs-content":"","ast-featured-img":"","footer-sml-layout":"","theme-transparent-header-meta":"","adv-header-id-meta":"","stick-header-meta":"","header-above-stick-meta":"","header-main-stick-meta":"","header-below-stick-meta":"","astra-migrate-meta-layouts":"default","ast-page-background-enabled":"default","ast-page-background-meta":{"desktop":{"background-color":"var(--ast-global-color-4)","background-image":"","background-repeat":"repeat","background-position":"center center","background-size":"auto","background-attachment":"scroll","background-type":"","background-media":"","overlay-type":"","overlay-color":"","overlay-opacity":"","overlay-gradient":""},"tablet":{"background-color":"","background-image":"","background-repeat":"repeat","background-position":"center center","background-size":"auto","background-attachment":"scroll","background-type":"","background-media":"","overlay-type":"","overlay-color":"","overlay-opacity":"","overlay-gradient":""},"mobile":{"background-color":"","background-image":"","background-repeat":"repeat","background-position":"center center","background-size":"auto","background-attachment":"scroll","background-type":"","background-media":"","overlay-type":"","overlay-color":"","overlay-opacity":"","overlay-gradient":""}},"ast-content-background-meta":{"desktop":{"background-color":"var(--ast-global-color-5)","background-image":"","background-repeat":"repeat","background-position":"center center","background-size":"auto","background-attachment":"scroll","background-type":"","background-media":"","overlay-type":"","overlay-color":"","overlay-opacity":"","overlay-gradient":""},"tablet":{"background-color":"var(--ast-global-color-5)","background-image":"","background-repeat":"repeat","background-position":"center center","background-size":"auto","background-attachment":"scroll","background-type":"","background-media":"","overlay-type":"","overlay-color":"","overlay-opacity":"","overlay-gradient":""},"mobile":{"background-color":"var(--ast-global-color-5)","background-image":"","background-repeat":"repeat","background-position":"center center","background-size":"auto","background-attachment":"scroll","background-type":"","background-media":"","overlay-type":"","overlay-color":"","overlay-opacity":"","overlay-gradient":""}},"footnotes":""},"class_list":["post-3049","page","type-page","status-publish","hentry"],"post_mailing_queue_ids":[],"_links":{"self":[{"href":"https:\/\/agora.xtec.cat\/iessantquirze\/wp-json\/wp\/v2\/pages\/3049","targetHints":{"allow":["GET"]}}],"collection":[{"href":"https:\/\/agora.xtec.cat\/iessantquirze\/wp-json\/wp\/v2\/pages"}],"about":[{"href":"https:\/\/agora.xtec.cat\/iessantquirze\/wp-json\/wp\/v2\/types\/page"}],"author":[{"embeddable":true,"href":"https:\/\/agora.xtec.cat\/iessantquirze\/wp-json\/wp\/v2\/users\/1"}],"replies":[{"embeddable":true,"href":"https:\/\/agora.xtec.cat\/iessantquirze\/wp-json\/wp\/v2\/comments?post=3049"}],"version-history":[{"count":5,"href":"https:\/\/agora.xtec.cat\/iessantquirze\/wp-json\/wp\/v2\/pages\/3049\/revisions"}],"predecessor-version":[{"id":4080,"href":"https:\/\/agora.xtec.cat\/iessantquirze\/wp-json\/wp\/v2\/pages\/3049\/revisions\/4080"}],"wp:attachment":[{"href":"https:\/\/agora.xtec.cat\/iessantquirze\/wp-json\/wp\/v2\/media?parent=3049"}],"curies":[{"name":"wp","href":"https:\/\/api.w.org\/{rel}","templated":true}]}}