{"id":746,"date":"2023-05-23T10:47:55","date_gmt":"2023-05-23T08:47:55","guid":{"rendered":"https:\/\/agora.xtec.cat\/iessantjust\/?page_id=746"},"modified":"2025-04-12T23:02:16","modified_gmt":"2025-04-12T21:02:16","slug":"departaments","status":"publish","type":"page","link":"https:\/\/agora.xtec.cat\/iessantjust\/departaments\/","title":{"rendered":"Departaments"},"content":{"rendered":"\n<figure class=\"wp-block-image size-large\"><a href=\"https:\/\/agora.xtec.cat\/iessantjust\/wp-content\/uploads\/usu366\/2023\/06\/Plantilla-ESO-2.png\"><img loading=\"lazy\" decoding=\"async\" width=\"1024\" height=\"256\" src=\"https:\/\/agora.xtec.cat\/iessantjust\/wp-content\/uploads\/usu366\/2023\/06\/Plantilla-ESO-2-1024x256.png\" alt=\"\" class=\"wp-image-1608\" srcset=\"https:\/\/agora.xtec.cat\/iessantjust\/wp-content\/uploads\/usu366\/2023\/06\/Plantilla-ESO-2-1024x256.png 1024w, https:\/\/agora.xtec.cat\/iessantjust\/wp-content\/uploads\/usu366\/2023\/06\/Plantilla-ESO-2-300x75.png 300w, https:\/\/agora.xtec.cat\/iessantjust\/wp-content\/uploads\/usu366\/2023\/06\/Plantilla-ESO-2-768x192.png 768w, https:\/\/agora.xtec.cat\/iessantjust\/wp-content\/uploads\/usu366\/2023\/06\/Plantilla-ESO-2-1536x384.png 1536w, https:\/\/agora.xtec.cat\/iessantjust\/wp-content\/uploads\/usu366\/2023\/06\/Plantilla-ESO-2.png 1920w\" sizes=\"auto, (max-width: 1024px) 100vw, 1024px\" \/><\/a><\/figure>\n\n\n\n<figure class=\"wp-block-table is-style-regular\"><table class=\"has-ast-global-color-1-color has-text-color has-link-color has-fixed-layout\"><tbody><tr><td><a href=\"https:\/\/agora.xtec.cat\/iessantjust\/departaments\/biologia-i-geologia-fisica-i-quimica\/\">C. Experimentals<\/a><\/td><td><a href=\"https:\/\/agora.xtec.cat\/iessantjust\/departaments\/llengues-estrangeres\/\">Ll. estrangeres<\/a><\/td><\/tr><tr><td><a href=\"https:\/\/agora.xtec.cat\/iessantjust\/departaments\/orientacio\/\">Orientaci\u00f3<\/a><\/td><td><a href=\"https:\/\/agora.xtec.cat\/iessantjust\/departaments\/departament-de-tecnologia\/\">Tecnologia<\/a><\/td><\/tr><tr><td><a href=\"https:\/\/agora.xtec.cat\/iessantjust\/departaments\/matematiques\/\">Matem\u00e0tiques<\/a><\/td><td><a href=\"https:\/\/agora.xtec.cat\/iessantjust\/departaments\/educacio-fisica\/\">Educaci\u00f3 f\u00edsica<\/a><\/td><\/tr><tr><td><a href=\"https:\/\/agora.xtec.cat\/iessantjust\/departaments\/catala\/\">Ll. Catalana i Literatura<\/a><\/td><td><a href=\"https:\/\/agora.xtec.cat\/iessantjust\/departaments\/c-socials\/\">C. Socials<\/a><\/td><\/tr><tr><td><a href=\"https:\/\/agora.xtec.cat\/iessantjust\/departaments\/evip-i-musica\/\" data-type=\"page\" data-id=\"2649\">Ed. Visual i pl\u00e0stica i m\u00fasica<\/a><\/td><td><a href=\"https:\/\/agora.xtec.cat\/iessantjust\/departaments\/castellano\/\" data-type=\"page\" data-id=\"3221\">Ll. Castellana i Literatura<\/a><\/td><\/tr><\/tbody><\/table><\/figure>\n","protected":false},"excerpt":{"rendered":"<p>C. Experimentals Ll. estrangeres Orientaci\u00f3 Tecnologia Matem\u00e0tiques Educaci\u00f3 f\u00edsica Ll. Catalana i Literatura C. Socials Ed. Visual i pl\u00e0stica i m\u00fasica Ll. Castellana i Literatura<\/p>\n","protected":false},"author":1,"featured_media":0,"parent":0,"menu_order":20,"comment_status":"closed","ping_status":"closed","template":"","meta":{"_bbp_topic_count":0,"_bbp_reply_count":0,"_bbp_total_topic_count":0,"_bbp_total_reply_count":0,"_bbp_voice_count":0,"_bbp_anonymous_reply_count":0,"_bbp_topic_count_hidden":0,"_bbp_reply_count_hidden":0,"_bbp_forum_subforum_count":0,"site-sidebar-layout":"default","site-content-layout":"","ast-site-content-layout":"default","site-content-style":"default","site-sidebar-style":"default","ast-global-header-display":"","ast-banner-title-visibility":"","ast-main-header-display":"","ast-hfb-above-header-display":"","ast-hfb-below-header-display":"","ast-hfb-mobile-header-display":"","site-post-title":"","ast-breadcrumbs-content":"","ast-featured-img":"","footer-sml-layout":"","theme-transparent-header-meta":"","adv-header-id-meta":"","stick-header-meta":"","header-above-stick-meta":"","header-main-stick-meta":"","header-below-stick-meta":"","astra-migrate-meta-layouts":"set","ast-page-background-enabled":"default","ast-page-background-meta":{"desktop":{"background-color":"var(--ast-global-color-4)","background-image":"","background-repeat":"repeat","background-position":"center center","background-size":"auto","background-attachment":"scroll","background-type":"","background-media":"","overlay-type":"","overlay-color":"","overlay-opacity":"","overlay-gradient":""},"tablet":{"background-color":"","background-image":"","background-repeat":"repeat","background-position":"center center","background-size":"auto","background-attachment":"scroll","background-type":"","background-media":"","overlay-type":"","overlay-color":"","overlay-opacity":"","overlay-gradient":""},"mobile":{"background-color":"","background-image":"","background-repeat":"repeat","background-position":"center center","background-size":"auto","background-attachment":"scroll","background-type":"","background-media":"","overlay-type":"","overlay-color":"","overlay-opacity":"","overlay-gradient":""}},"ast-content-background-meta":{"desktop":{"background-color":"var(--ast-global-color-5)","background-image":"","background-repeat":"repeat","background-position":"center center","background-size":"auto","background-attachment":"scroll","background-type":"","background-media":"","overlay-type":"","overlay-color":"","overlay-opacity":"","overlay-gradient":""},"tablet":{"background-color":"var(--ast-global-color-5)","background-image":"","background-repeat":"repeat","background-position":"center center","background-size":"auto","background-attachment":"scroll","background-type":"","background-media":"","overlay-type":"","overlay-color":"","overlay-opacity":"","overlay-gradient":""},"mobile":{"background-color":"var(--ast-global-color-5)","background-image":"","background-repeat":"repeat","background-position":"center center","background-size":"auto","background-attachment":"scroll","background-type":"","background-media":"","overlay-type":"","overlay-color":"","overlay-opacity":"","overlay-gradient":""}},"footnotes":""},"class_list":["post-746","page","type-page","status-publish","hentry"],"post_mailing_queue_ids":[],"_links":{"self":[{"href":"https:\/\/agora.xtec.cat\/iessantjust\/wp-json\/wp\/v2\/pages\/746","targetHints":{"allow":["GET"]}}],"collection":[{"href":"https:\/\/agora.xtec.cat\/iessantjust\/wp-json\/wp\/v2\/pages"}],"about":[{"href":"https:\/\/agora.xtec.cat\/iessantjust\/wp-json\/wp\/v2\/types\/page"}],"author":[{"embeddable":true,"href":"https:\/\/agora.xtec.cat\/iessantjust\/wp-json\/wp\/v2\/users\/1"}],"replies":[{"embeddable":true,"href":"https:\/\/agora.xtec.cat\/iessantjust\/wp-json\/wp\/v2\/comments?post=746"}],"version-history":[{"count":5,"href":"https:\/\/agora.xtec.cat\/iessantjust\/wp-json\/wp\/v2\/pages\/746\/revisions"}],"predecessor-version":[{"id":4878,"href":"https:\/\/agora.xtec.cat\/iessantjust\/wp-json\/wp\/v2\/pages\/746\/revisions\/4878"}],"wp:attachment":[{"href":"https:\/\/agora.xtec.cat\/iessantjust\/wp-json\/wp\/v2\/media?parent=746"}],"curies":[{"name":"wp","href":"https:\/\/api.w.org\/{rel}","templated":true}]}}