{"id":7890,"date":"2024-06-18T10:04:06","date_gmt":"2024-06-18T08:04:06","guid":{"rendered":"https:\/\/agora.xtec.cat\/iessanthilari\/?page_id=7890"},"modified":"2025-05-29T11:58:28","modified_gmt":"2025-05-29T09:58:28","slug":"reclamacions","status":"publish","type":"page","link":"https:\/\/agora.xtec.cat\/iessanthilari\/curs\/reclamacions\/","title":{"rendered":"Reclamacions"},"content":{"rendered":"<p>Reclamacions de qualificacions finals:<\/p>\n<ul>\n<li><strong>Dijous 19 de juny de 10.00 a 14.00 hores<\/strong><\/li>\n<li>Reclamacions a les qualificacions finals d&#8217;una mat\u00e8ria:\n<ul>\n<li>L&#8217;alumnat o les seves fam\u00edlies poden demanar aclariments sobre les qualificacions finals als docents.<\/li>\n<li>Si l\u2019alumne\/a no est\u00e0 d\u2019acord amb la resoluci\u00f3 dels docents, els tutors legals (o l&#8217;alumnat en cas de majors d&#8217;edat) podran reiterar la reclamaci\u00f3 en un escrit adre\u00e7at al director i presentat el mateix dia.<\/li>\n<\/ul>\n<\/li>\n<li>Reclamacions a les decisions relatives a la promoci\u00f3 i la graduaci\u00f3:\n<ul>\n<li>Els tutors legals (o l&#8217;alumnat en cas de majors d&#8217;edat) poden presentar reclamaci\u00f3 per escrit a la direcci\u00f3 del centre el mateix dia sobre les decisions relatives a la promoci\u00f3 i la graduaci\u00f3.<\/li>\n<\/ul>\n<\/li>\n<\/ul>\n<p>Les reclamacions adre\u00e7ades a la direcci\u00f3 del centre es presentaran fent servir el <a href=\"https:\/\/agora.xtec.cat\/iessanthilari\/wp-content\/uploads\/usu490\/2025\/02\/Instancia-generica-2.pdf\">model d&#8217;inst\u00e0ncia gen\u00e8rica<\/a>, per correu electr\u00f2nic a l&#8217;adre\u00e7a <a href=\"mailto:b7004517@xtec.cat\">b7004517@xtec.cat<\/a>, o en format paper a consergeria, abans de les 19.00 hores del dia 19 de juny de 2025.<\/p>\n","protected":false},"excerpt":{"rendered":"<p>Reclamacions de qualificacions finals:<\/p>\n<ul>\n<li>Dijous 19 de juny de 10.00 a 14.00 hores<\/li>\n<li>Reclamacions a les qualificacions finals d&#8217;una mat\u00e8ria:\n<ul>\n<li>L&#8217;alumnat o les seves fam\u00edlies poden demanar aclariments sobre les qualificacions finals als docents.<\/li>\n<li>Si l\u2019alumne\/a no est\u00e0 d\u2019acord amb la resoluci\u00f3 dels docents, els tutors legals (o l&#8217;alumnat&hellip;  <a href=\"https:\/\/agora.xtec.cat\/iessanthilari\/curs\/reclamacions\/\" title=\"Read Reclamacions\">Llegeix m\u00e9s\u00bb<\/a><br \/>\n","protected":false},"author":1,"featured_media":0,"parent":4152,"menu_order":99,"comment_status":"closed","ping_status":"closed","template":"page-templates\/side-menu.php","meta":{"_bbp_topic_count":0,"_bbp_reply_count":0,"_bbp_total_topic_count":0,"_bbp_total_reply_count":0,"_bbp_voice_count":0,"_bbp_anonymous_reply_count":0,"_bbp_topic_count_hidden":0,"_bbp_reply_count_hidden":0,"_bbp_forum_subforum_count":0,"footnotes":""},"class_list":["post-7890","page","type-page","status-publish","hentry"],"post_mailing_queue_ids":[],"_links":{"self":[{"href":"https:\/\/agora.xtec.cat\/iessanthilari\/wp-json\/wp\/v2\/pages\/7890","targetHints":{"allow":["GET"]}}],"collection":[{"href":"https:\/\/agora.xtec.cat\/iessanthilari\/wp-json\/wp\/v2\/pages"}],"about":[{"href":"https:\/\/agora.xtec.cat\/iessanthilari\/wp-json\/wp\/v2\/types\/page"}],"author":[{"embeddable":true,"href":"https:\/\/agora.xtec.cat\/iessanthilari\/wp-json\/wp\/v2\/users\/1"}],"replies":[{"embeddable":true,"href":"https:\/\/agora.xtec.cat\/iessanthilari\/wp-json\/wp\/v2\/comments?post=7890"}],"version-history":[{"count":6,"href":"https:\/\/agora.xtec.cat\/iessanthilari\/wp-json\/wp\/v2\/pages\/7890\/revisions"}],"predecessor-version":[{"id":8466,"href":"https:\/\/agora.xtec.cat\/iessanthilari\/wp-json\/wp\/v2\/pages\/7890\/revisions\/8466"}],"up":[{"embeddable":true,"href":"https:\/\/agora.xtec.cat\/iessanthilari\/wp-json\/wp\/v2\/pages\/4152"}],"wp:attachment":[{"href":"https:\/\/agora.xtec.cat\/iessanthilari\/wp-json\/wp\/v2\/media?parent=7890"}],"curies":[{"name":"wp","href":"https:\/\/api.w.org\/{rel}","templated":true}]}}